{"id":9516,"date":"2020-02-13T18:34:33","date_gmt":"2020-02-13T17:34:33","guid":{"rendered":"https:\/\/emf-consult.com\/nettbutikk\/?post_type=product&#038;p=9516"},"modified":"2025-07-14T14:51:55","modified_gmt":"2025-07-14T12:51:55","slug":"tradlos-seriekoblet-varmedetektor","status":"publish","type":"product","link":"https:\/\/emf-consult.com\/nettbutikk\/produkt\/tradlos-seriekoblet-varmedetektor\/","title":{"rendered":"Tr\u00e5dl\u00f8s seriekoblet varmedetektor"},"content":{"rendered":"<h3>Ei Electronics Ei603CRF &#8211; tr\u00e5dl\u00f8s varmedetektor<\/h3>\n<p>Ei603CRF er en funksjonell tr\u00e5dl\u00f8s seriekoblet varmedetektor av meget h\u00f8y kvalitet. Utviklet og produsert av den irske kvalitetsleverand\u00f8ren Ei Electronics. Brukes sammen med RadioLink produkter fra Ei Electronics, som f.eks. Ei Electronics Ei 605CRF. <strong>En varmedetektor som dette b\u00f8r brukes p\u00e5 alle spesielle rom med unormal luft, dvs. rom med st\u00f8v, fukt, insekter og damp\/r\u00f8yk, som vil medf\u00f8re feilalarmer ved bruk av en vanlig r\u00f8ykvarsler.<\/strong><\/p>\n<p><strong>Eksempelrom:<\/strong><\/p>\n<ul>\n<li>Kjellere og loft<\/li>\n<li>Kj\u00f8kken<\/li>\n<li>Vaskerom<\/li>\n<li>Verksted<\/li>\n<\/ul>\n<h4>Radio Link<\/h4>\n<p>Ei603CRF benytter seg av avanserte Radio-Link moduler i hver enkelt tr\u00e5dl\u00f8s enhet i systemet &#8211; noe som gj\u00f8r at tr\u00e5dl\u00f8se seriekoblede enheter enkelt kobles sammen med hverandre. Hver enkelt varsler\/mottaker\/fjernkontroll er utstyrt med en RadioLink modul som tr\u00e5dl\u00f8st sender et kodet signal til hverandre p\u00e5 alarmfrekvensen 868 Mhz. Du trenger ingen andre produkter eller enheter for \u00e5 f\u00e5 ditt tr\u00e5dl\u00f8se system til \u00e5 kommunisere med hverandre. Det tr\u00e5dl\u00f8se signalet er minimalt og sensoren sender kun en meget kort puls p\u00e5 noen millisekund ca. 4 ganger i timen.<\/p>\n<p>Sensoren kan ogs\u00e5 kables der det er mulig \u00e5 bruke kabel (da fjernes bare RF-modulen og sensorene kobles sammen med tvunnet parkabel)<\/p>\n<h4>Repeater<\/h4>\n<p>Ei603CRF har i utgangspunktet en rekkevidde p\u00e5 ca. 100 meter. Men ved at hver eneste varmedetktor og r\u00f8ykvarsler er utstyrt med repeater forlenges rekkevidden betraktelig. En repeater vil si at hver enkelt enhet vil videresende signaler fra andre varmedetktorer og r\u00f8ykvarslere og dermed kraftig bedre sikkerheten og rekkevidden til radiokommunikasjonen. P\u00e5 denne m\u00e5ten vil du s\u00e5 \u00e5 si aldri med Ei603CRF oppleve problemer med rekkevidde.<\/p>\n<h4>Huskoding<\/h4>\n<p>For at du skal f\u00e5 ditt tr\u00e5dl\u00f8se system seriekoblet til din krever Ei603CRF at du huskoder dine varmedetektorer og andre RadioLink moduler med hverandre. Denne innkodingen kalles huskoding og er n\u00f8ye beskrevet i brukermanualen. En slik huskoding er sv\u00e6rt enkel ved at alle varmedetektorer og r\u00f8ykvarslere meldes inn med hverandre slik at du f\u00e5r ditt eget system. Dette gj\u00f8r at du er sikret mot eventuelle forstyrrelser fra andre systemer. Derfor passer Ei603CRF ogs\u00e5 sv\u00e6rt godt til mindre borettslag og sameier som krever egne systemer pr. oppganger, blokker osv.<\/p>\n<h4><span style=\"color: #1b1919; font-size: 18px;\">Str\u00f8mforsyning og batteribytte<\/span><\/h4>\n<p>Et nytt Alkaline batteri skal normalt vare i over ett \u00e5r. N\u00e5r batterispenningen blir lav og batteriet m\u00e5 byttes ut, vil alarmen pipe en gang i minuttet samtidig som det r\u00f8de lyset blinker. Dette vil r\u00f8ykvarsleren gj\u00f8re i minst 30 dager &#8211; noe som gir god tid for at batteriet kan byttes ut. Bytt ogs\u00e5 batteriet dersom varsleren ikke piper n\u00e5r testknappen trykkes inn.<\/p>\n","protected":false},"excerpt":{"rendered":"<table class=\"info\" width=\"100%\" cellspacing=\"0\">\n<tbody>\n<tr id=\"sku\" class=\"even\">\n<td class=\"key\">Artikkelnummer<\/td>\n<td class=\"value\">EI603CRF<\/td>\n<\/tr>\n<tr class=\"odd\">\n<td class=\"key\">Produsent<\/td>\n<td class=\"value\">Ei Electronics (Irland)<\/td>\n<\/tr>\n<tr class=\"even\">\n<td class=\"key\">Garanti<\/td>\n<td class=\"value\">5 \u00e5r<\/td>\n<\/tr>\n<tr class=\"odd\">\n<td class=\"key\">Frekvens<\/td>\n<td class=\"value\">868 Mhz<\/td>\n<\/tr>\n<tr class=\"even\">\n<td class=\"key\">Str\u00f8mforsyning<\/td>\n<td class=\"value\">9V alkalisk batteri (medf\u00f8lger)<\/td>\n<\/tr>\n<tr class=\"odd\">\n<td class=\"key\">Produksjon<\/td>\n<td class=\"value\">ISO 9001:2000 sertifisert<\/td>\n<\/tr>\n<tr class=\"even\">\n<td class=\"key\">Godkjenning<\/td>\n<td class=\"value\">EN 14604<\/td>\n<\/tr>\n<tr class=\"odd\">\n<td class=\"key\">Lydstyrke<\/td>\n<td class=\"value\">85 dB ved 3 m.<\/td>\n<\/tr>\n<tr class=\"even\">\n<td class=\"key\">Diameter (mm)<\/td>\n<td class=\"value\">115 mm.<\/td>\n<\/tr>\n<tr class=\"odd\">\n<td class=\"key\">H\u00f8yde (mm)<\/td>\n<td class=\"value\">65 mm.<\/td>\n<\/tr>\n<tr class=\"even\">\n<td class=\"key\">Vekt<\/td>\n<td class=\"value\">200 gr.<\/td>\n<\/tr>\n<tr class=\"odd\">\n<td class=\"key\">Antall kanaler<\/td>\n<td class=\"value\">Uendelig<\/td>\n<\/tr>\n<tr class=\"even\">\n<td class=\"key\">Dokumentasjon (PDF)<\/td>\n<td class=\"value\"><a class=\"small-pdf\" href=\"https:\/\/s3-eu-west-1.amazonaws.com\/sikkerheten-prod\/custom\/pdf\/ei605crf%20brosjyre%202008-12.pdf\" target=\"_blank\" rel=\"noopener noreferrer\">Vis tilh\u00f8rende dokument<\/a><\/td>\n<\/tr>\n<\/tbody>\n<\/table>\n","protected":false},"featured_media":9517,"comment_status":"open","ping_status":"closed","template":"","meta":[],"product_brand":[],"product_cat":[87],"product_tag":[],"class_list":{"0":"post-9516","1":"product","2":"type-product","3":"status-publish","4":"has-post-thumbnail","6":"product_cat-roykvarsler-brannalarm","8":"first","9":"instock","10":"taxable","11":"shipping-taxable","12":"purchasable","13":"product-type-simple"},"yoast_head":"<!-- This site is optimized with the Yoast SEO plugin v27.4 - https:\/\/yoast.com\/product\/yoast-seo-wordpress\/ -->\n<title>Tr\u00e5dl\u00f8s seriekoblet varmedetektor - EMF Consult<\/title>\n<meta name=\"robots\" content=\"index, follow, max-snippet:-1, max-image-preview:large, max-video-preview:-1\" \/>\n<link rel=\"canonical\" href=\"https:\/\/emf-consult.com\/nettbutikk\/produkt\/tradlos-seriekoblet-varmedetektor\/\" \/>\n<meta property=\"og:locale\" content=\"nb_NO\" \/>\n<meta property=\"og:type\" content=\"article\" \/>\n<meta property=\"og:title\" content=\"Tr\u00e5dl\u00f8s seriekoblet varmedetektor - EMF Consult\" \/>\n<meta property=\"og:description\" content=\"Artikkelnummer EI603CRF   Produsent Ei Electronics (Irland)   Garanti 5 \u00e5r   Frekvens 868 Mhz   Str\u00f8mforsyning 9V alkalisk batteri (medf\u00f8lger)   Produksjon ISO 9001:2000 sertifisert   Godkjenning EN 14604   Lydstyrke 85 dB ved 3 m.   Diameter (mm) 115 mm.   H\u00f8yde (mm) 65 mm.   Vekt 200 gr.   Antall kanaler Uendelig   Dokumentasjon (PDF) Vis tilh\u00f8rende dokument\" \/>\n<meta property=\"og:url\" content=\"https:\/\/emf-consult.com\/nettbutikk\/produkt\/tradlos-seriekoblet-varmedetektor\/\" \/>\n<meta property=\"og:site_name\" content=\"EMF Consult\" \/>\n<meta property=\"article:publisher\" content=\"https:\/\/www.facebook.com\/emfconsult\" \/>\n<meta property=\"article:modified_time\" content=\"2025-07-14T12:51:55+00:00\" \/>\n<meta property=\"og:image\" content=\"https:\/\/emf-consult.com\/nettbutikk\/wp-content\/uploads\/2020\/02\/Ei603CRF-varmedetektor.png\" \/>\n\t<meta property=\"og:image:width\" content=\"400\" \/>\n\t<meta property=\"og:image:height\" content=\"449\" \/>\n\t<meta property=\"og:image:type\" content=\"image\/png\" \/>\n<meta name=\"twitter:card\" content=\"summary_large_image\" \/>\n<meta name=\"twitter:label1\" content=\"Ansl. lesetid\" \/>\n\t<meta name=\"twitter:data1\" content=\"2 minutter\" \/>\n<script type=\"application\/ld+json\" class=\"yoast-schema-graph\">{\"@context\":\"https:\\\/\\\/schema.org\",\"@graph\":[{\"@type\":\"WebPage\",\"@id\":\"https:\\\/\\\/emf-consult.com\\\/nettbutikk\\\/produkt\\\/tradlos-seriekoblet-varmedetektor\\\/\",\"url\":\"https:\\\/\\\/emf-consult.com\\\/nettbutikk\\\/produkt\\\/tradlos-seriekoblet-varmedetektor\\\/\",\"name\":\"Tr\u00e5dl\u00f8s seriekoblet varmedetektor - EMF Consult\",\"isPartOf\":{\"@id\":\"https:\\\/\\\/emf-consult.com\\\/nettbutikk\\\/#website\"},\"primaryImageOfPage\":{\"@id\":\"https:\\\/\\\/emf-consult.com\\\/nettbutikk\\\/produkt\\\/tradlos-seriekoblet-varmedetektor\\\/#primaryimage\"},\"image\":{\"@id\":\"https:\\\/\\\/emf-consult.com\\\/nettbutikk\\\/produkt\\\/tradlos-seriekoblet-varmedetektor\\\/#primaryimage\"},\"thumbnailUrl\":\"https:\\\/\\\/emf-consult.com\\\/nettbutikk\\\/wp-content\\\/uploads\\\/2020\\\/02\\\/Ei603CRF-varmedetektor.png\",\"datePublished\":\"2020-02-13T17:34:33+00:00\",\"dateModified\":\"2025-07-14T12:51:55+00:00\",\"breadcrumb\":{\"@id\":\"https:\\\/\\\/emf-consult.com\\\/nettbutikk\\\/produkt\\\/tradlos-seriekoblet-varmedetektor\\\/#breadcrumb\"},\"inLanguage\":\"nb-NO\",\"potentialAction\":[{\"@type\":\"ReadAction\",\"target\":[\"https:\\\/\\\/emf-consult.com\\\/nettbutikk\\\/produkt\\\/tradlos-seriekoblet-varmedetektor\\\/\"]}]},{\"@type\":\"ImageObject\",\"inLanguage\":\"nb-NO\",\"@id\":\"https:\\\/\\\/emf-consult.com\\\/nettbutikk\\\/produkt\\\/tradlos-seriekoblet-varmedetektor\\\/#primaryimage\",\"url\":\"https:\\\/\\\/emf-consult.com\\\/nettbutikk\\\/wp-content\\\/uploads\\\/2020\\\/02\\\/Ei603CRF-varmedetektor.png\",\"contentUrl\":\"https:\\\/\\\/emf-consult.com\\\/nettbutikk\\\/wp-content\\\/uploads\\\/2020\\\/02\\\/Ei603CRF-varmedetektor.png\",\"width\":400,\"height\":449},{\"@type\":\"BreadcrumbList\",\"@id\":\"https:\\\/\\\/emf-consult.com\\\/nettbutikk\\\/produkt\\\/tradlos-seriekoblet-varmedetektor\\\/#breadcrumb\",\"itemListElement\":[{\"@type\":\"ListItem\",\"position\":1,\"name\":\"Hjem\",\"item\":\"https:\\\/\\\/emf-consult.com\\\/nettbutikk\\\/\"},{\"@type\":\"ListItem\",\"position\":2,\"name\":\"Butikk\",\"item\":\"https:\\\/\\\/emf-consult.com\\\/nettbutikk\\\/butikk\\\/\"},{\"@type\":\"ListItem\",\"position\":3,\"name\":\"Tr\u00e5dl\u00f8s seriekoblet varmedetektor\"}]},{\"@type\":\"WebSite\",\"@id\":\"https:\\\/\\\/emf-consult.com\\\/nettbutikk\\\/#website\",\"url\":\"https:\\\/\\\/emf-consult.com\\\/nettbutikk\\\/\",\"name\":\"EMF Consult\",\"description\":\"Nettbutikk - Beskyttelse mot str\u00e5ling\",\"publisher\":{\"@id\":\"https:\\\/\\\/emf-consult.com\\\/nettbutikk\\\/#organization\"},\"potentialAction\":[{\"@type\":\"SearchAction\",\"target\":{\"@type\":\"EntryPoint\",\"urlTemplate\":\"https:\\\/\\\/emf-consult.com\\\/nettbutikk\\\/?s={search_term_string}\"},\"query-input\":{\"@type\":\"PropertyValueSpecification\",\"valueRequired\":true,\"valueName\":\"search_term_string\"}}],\"inLanguage\":\"nb-NO\"},{\"@type\":\"Organization\",\"@id\":\"https:\\\/\\\/emf-consult.com\\\/nettbutikk\\\/#organization\",\"name\":\"EMF Consult AS\",\"url\":\"https:\\\/\\\/emf-consult.com\\\/nettbutikk\\\/\",\"logo\":{\"@type\":\"ImageObject\",\"inLanguage\":\"nb-NO\",\"@id\":\"https:\\\/\\\/emf-consult.com\\\/nettbutikk\\\/#\\\/schema\\\/logo\\\/image\\\/\",\"url\":\"https:\\\/\\\/emf-consult.com\\\/nettbutikk\\\/wp-content\\\/uploads\\\/2022\\\/07\\\/cropped-Favikon-rod-e1658786300694.png\",\"contentUrl\":\"https:\\\/\\\/emf-consult.com\\\/nettbutikk\\\/wp-content\\\/uploads\\\/2022\\\/07\\\/cropped-Favikon-rod-e1658786300694.png\",\"width\":150,\"height\":150,\"caption\":\"EMF Consult AS\"},\"image\":{\"@id\":\"https:\\\/\\\/emf-consult.com\\\/nettbutikk\\\/#\\\/schema\\\/logo\\\/image\\\/\"},\"sameAs\":[\"https:\\\/\\\/www.facebook.com\\\/emfconsult\",\"https:\\\/\\\/www.linkedin.com\\\/company\\\/emf-consult\\\/\"]}]}<\/script>\n<!-- \/ Yoast SEO plugin. -->","yoast_head_json":{"title":"Tr\u00e5dl\u00f8s seriekoblet varmedetektor - EMF Consult","robots":{"index":"index","follow":"follow","max-snippet":"max-snippet:-1","max-image-preview":"max-image-preview:large","max-video-preview":"max-video-preview:-1"},"canonical":"https:\/\/emf-consult.com\/nettbutikk\/produkt\/tradlos-seriekoblet-varmedetektor\/","og_locale":"nb_NO","og_type":"article","og_title":"Tr\u00e5dl\u00f8s seriekoblet varmedetektor - EMF Consult","og_description":"Artikkelnummer EI603CRF   Produsent Ei Electronics (Irland)   Garanti 5 \u00e5r   Frekvens 868 Mhz   Str\u00f8mforsyning 9V alkalisk batteri (medf\u00f8lger)   Produksjon ISO 9001:2000 sertifisert   Godkjenning EN 14604   Lydstyrke 85 dB ved 3 m.   Diameter (mm) 115 mm.   H\u00f8yde (mm) 65 mm.   Vekt 200 gr.   Antall kanaler Uendelig   Dokumentasjon (PDF) Vis tilh\u00f8rende dokument","og_url":"https:\/\/emf-consult.com\/nettbutikk\/produkt\/tradlos-seriekoblet-varmedetektor\/","og_site_name":"EMF Consult","article_publisher":"https:\/\/www.facebook.com\/emfconsult","article_modified_time":"2025-07-14T12:51:55+00:00","og_image":[{"width":400,"height":449,"url":"https:\/\/emf-consult.com\/nettbutikk\/wp-content\/uploads\/2020\/02\/Ei603CRF-varmedetektor.png","type":"image\/png"}],"twitter_card":"summary_large_image","twitter_misc":{"Ansl. lesetid":"2 minutter"},"schema":{"@context":"https:\/\/schema.org","@graph":[{"@type":"WebPage","@id":"https:\/\/emf-consult.com\/nettbutikk\/produkt\/tradlos-seriekoblet-varmedetektor\/","url":"https:\/\/emf-consult.com\/nettbutikk\/produkt\/tradlos-seriekoblet-varmedetektor\/","name":"Tr\u00e5dl\u00f8s seriekoblet varmedetektor - EMF Consult","isPartOf":{"@id":"https:\/\/emf-consult.com\/nettbutikk\/#website"},"primaryImageOfPage":{"@id":"https:\/\/emf-consult.com\/nettbutikk\/produkt\/tradlos-seriekoblet-varmedetektor\/#primaryimage"},"image":{"@id":"https:\/\/emf-consult.com\/nettbutikk\/produkt\/tradlos-seriekoblet-varmedetektor\/#primaryimage"},"thumbnailUrl":"https:\/\/emf-consult.com\/nettbutikk\/wp-content\/uploads\/2020\/02\/Ei603CRF-varmedetektor.png","datePublished":"2020-02-13T17:34:33+00:00","dateModified":"2025-07-14T12:51:55+00:00","breadcrumb":{"@id":"https:\/\/emf-consult.com\/nettbutikk\/produkt\/tradlos-seriekoblet-varmedetektor\/#breadcrumb"},"inLanguage":"nb-NO","potentialAction":[{"@type":"ReadAction","target":["https:\/\/emf-consult.com\/nettbutikk\/produkt\/tradlos-seriekoblet-varmedetektor\/"]}]},{"@type":"ImageObject","inLanguage":"nb-NO","@id":"https:\/\/emf-consult.com\/nettbutikk\/produkt\/tradlos-seriekoblet-varmedetektor\/#primaryimage","url":"https:\/\/emf-consult.com\/nettbutikk\/wp-content\/uploads\/2020\/02\/Ei603CRF-varmedetektor.png","contentUrl":"https:\/\/emf-consult.com\/nettbutikk\/wp-content\/uploads\/2020\/02\/Ei603CRF-varmedetektor.png","width":400,"height":449},{"@type":"BreadcrumbList","@id":"https:\/\/emf-consult.com\/nettbutikk\/produkt\/tradlos-seriekoblet-varmedetektor\/#breadcrumb","itemListElement":[{"@type":"ListItem","position":1,"name":"Hjem","item":"https:\/\/emf-consult.com\/nettbutikk\/"},{"@type":"ListItem","position":2,"name":"Butikk","item":"https:\/\/emf-consult.com\/nettbutikk\/butikk\/"},{"@type":"ListItem","position":3,"name":"Tr\u00e5dl\u00f8s seriekoblet varmedetektor"}]},{"@type":"WebSite","@id":"https:\/\/emf-consult.com\/nettbutikk\/#website","url":"https:\/\/emf-consult.com\/nettbutikk\/","name":"EMF Consult","description":"Nettbutikk - Beskyttelse mot str\u00e5ling","publisher":{"@id":"https:\/\/emf-consult.com\/nettbutikk\/#organization"},"potentialAction":[{"@type":"SearchAction","target":{"@type":"EntryPoint","urlTemplate":"https:\/\/emf-consult.com\/nettbutikk\/?s={search_term_string}"},"query-input":{"@type":"PropertyValueSpecification","valueRequired":true,"valueName":"search_term_string"}}],"inLanguage":"nb-NO"},{"@type":"Organization","@id":"https:\/\/emf-consult.com\/nettbutikk\/#organization","name":"EMF Consult AS","url":"https:\/\/emf-consult.com\/nettbutikk\/","logo":{"@type":"ImageObject","inLanguage":"nb-NO","@id":"https:\/\/emf-consult.com\/nettbutikk\/#\/schema\/logo\/image\/","url":"https:\/\/emf-consult.com\/nettbutikk\/wp-content\/uploads\/2022\/07\/cropped-Favikon-rod-e1658786300694.png","contentUrl":"https:\/\/emf-consult.com\/nettbutikk\/wp-content\/uploads\/2022\/07\/cropped-Favikon-rod-e1658786300694.png","width":150,"height":150,"caption":"EMF Consult AS"},"image":{"@id":"https:\/\/emf-consult.com\/nettbutikk\/#\/schema\/logo\/image\/"},"sameAs":["https:\/\/www.facebook.com\/emfconsult","https:\/\/www.linkedin.com\/company\/emf-consult\/"]}]}},"_links":{"self":[{"href":"https:\/\/emf-consult.com\/nettbutikk\/wp-json\/wp\/v2\/product\/9516","targetHints":{"allow":["GET"]}}],"collection":[{"href":"https:\/\/emf-consult.com\/nettbutikk\/wp-json\/wp\/v2\/product"}],"about":[{"href":"https:\/\/emf-consult.com\/nettbutikk\/wp-json\/wp\/v2\/types\/product"}],"replies":[{"embeddable":true,"href":"https:\/\/emf-consult.com\/nettbutikk\/wp-json\/wp\/v2\/comments?post=9516"}],"wp:featuredmedia":[{"embeddable":true,"href":"https:\/\/emf-consult.com\/nettbutikk\/wp-json\/wp\/v2\/media\/9517"}],"wp:attachment":[{"href":"https:\/\/emf-consult.com\/nettbutikk\/wp-json\/wp\/v2\/media?parent=9516"}],"wp:term":[{"taxonomy":"product_brand","embeddable":true,"href":"https:\/\/emf-consult.com\/nettbutikk\/wp-json\/wp\/v2\/product_brand?post=9516"},{"taxonomy":"product_cat","embeddable":true,"href":"https:\/\/emf-consult.com\/nettbutikk\/wp-json\/wp\/v2\/product_cat?post=9516"},{"taxonomy":"product_tag","embeddable":true,"href":"https:\/\/emf-consult.com\/nettbutikk\/wp-json\/wp\/v2\/product_tag?post=9516"}],"curies":[{"name":"wp","href":"https:\/\/api.w.org\/{rel}","templated":true}]}}