{"id":7216,"date":"2019-12-19T14:15:46","date_gmt":"2019-12-19T13:15:46","guid":{"rendered":"https:\/\/emf-consult.com\/nettbutikk\/?post_type=product&#038;p=7216"},"modified":"2026-01-30T10:06:50","modified_gmt":"2026-01-30T09:06:50","slug":"skjermende-sengesett-tbl","status":"publish","type":"product","link":"https:\/\/emf-consult.com\/nettbutikk\/produkt\/skjermende-sengesett-tbl\/","title":{"rendered":"Skjermende sengesett &#8211; TBL"},"content":{"rendered":"<p><span id=\"result_box\" lang=\"no\">Skjermende sengesett av <span title=\"Shielding sleeping bag made from Steel-Gray for HF shielding.\">STEEL-GREY for skjerming \u00a0(inntil 99,95%) av h\u00f8yfrekvent og lavfrekvent elektromagnetiske felt (HF og LF)<\/span>. Et rimelig alternativ til baldakin.<\/span><\/p>\n<p>Sengesettet inkluderer laken og dynetrekk. Lakenet er laget av <span id=\"result_box\" lang=\"no\"><span title=\"Shielding sleeping bag made from Steel-Gray for HF shielding.\">STEEL-GREY<\/span><\/span> og kan med fordel dekkes med et vanlig laken. Dynetrekket er sydd tosidig: Med <span id=\"result_box\" lang=\"no\"><span title=\"Shielding sleeping bag made from Steel-Gray for HF shielding.\">STEEL-GREY <\/span><\/span>siden (gr\u00e5tt stoff) brukt mot kroppen for en bedre skjerming, da skjermingsstoffene vil legge seg opp\u00e5 hverandre. Med bomullsstoffsiden (hvitt stoff) brukt nedover f\u00e5r man en redusert skjerming, men mindre kl\u00f8ing. Settet inkluderer ikke en putevar, dette er ikke n\u00f8dvendig uansett p\u00e5 grunn av det inkluderende lakenet som legges under en vanlig pute.<\/p>\n<p><span title=\"Shielding sleeping bag made from Steel-Gray for HF shielding.\">STEEL-GREY<\/span> er et kompakt vevet stoff i bomull \/ polyester \/ rustfritt st\u00e5l.\u00a0<span title=\"Shielding sleeping bag made from Steel-Gray for HF shielding.\">STEEL-GREY<\/span> inneholder veldig fine rustfrie st\u00e5ltr\u00e5der som <span title=\"On the skin Steel-Gray feels a bit like a scratchy woolen sweater.\">kan oppleves litt som en &#8220;kl\u00f8ende ull-genser<\/span>. Men med en pyjamas g\u00e5r dette helt greit. <span id=\"result_box\" lang=\"no\"><span title=\"On the skin Steel-Gray feels a bit like a scratchy woolen sweater.\">Vi anbefaler gjerne at man bruker et vanlig sengesett p\u00e5 utsiden av det skjermende sengesettet. P\u00e5 den m\u00e5ten slipper man ogs\u00e5 \u00e5 vaske de skjermende stoffene like ofte og beholder skjermingseffekten lenger<\/span><span title=\"Without inner cover or pajama on, this could bother you.\">.<\/span><\/span><\/p>\n<p><span title=\"The fabric Steel-Gray was chosen as it is, due to it\u00b4s stainless steel threads, considerably more durable and stable even with strong movement, than fabrics with silver threats would be.\"><span title=\"The sleeping bag is sewn from Steel-Gray.\"><span title=\"Shielding sleeping bag made from Steel-Gray for HF shielding.\">STEEL-GREY<\/span><\/span> stoffet ble valgt fordi det er, p\u00e5 grunn av tr\u00e5dene i rustfritt st\u00e5l, betydelig mer holdbart og stabilt, selv med sterk bevegelse enn stoffer med s\u00f8lvttr\u00e5der. <\/span><span id=\"result_box\" lang=\"no\"><span title=\"The fabric Steel-Gray was chosen as it is, due to it\u00b4s stainless steel threads, considerably more durable and stable even with strong movement, than fabrics with silver threats would be.\"><span title=\"The sleeping bag is sewn from Steel-Gray.\"><span title=\"Shielding sleeping bag made from Steel-Gray for HF shielding.\">STEEL-GREY<\/span><\/span><\/span><\/span> er laget i bomull\/polyester\/st\u00e5l og t\u00e5ler sv\u00e6rt godt h\u00e5ndtering og vask uten \u00e5 miste skjermingsevnen.<\/p>\n<p>Sengesettet er tilpasset at det skal legges inn i annet senget\u00f8y og er derfor litt mindre enn standard sengesett.<\/p>\n<p>St\u00f8rrelse laken: 238 cm x 138 cm<br \/>\nSt\u00f8rrelse dynetrekk: 196 cm x 134 cm<\/p>\n<p><em>Ang\u00e5ende angrerett; v\u00e6r oppmerksom p\u00e5 at av hygiene\u00e5rsaker tas kun ubrukte sengesett i retur.<\/em><\/p>\n","protected":false},"excerpt":{"rendered":"<p>St\u00f8rrelse laken: 238 cm x 138 cm<br \/>\nSt\u00f8rrelse dynetrekk: 196 cm x 134 cm<\/p>\n<p>Skjerming: 35 dB\u00a0ved 1 GHz<\/p>\n<p>Farge: Gr\u00e5 og hvit<\/p>\n<p>Materiale: 40 % bomull, 30 % polyester, 30 % rustfritt st\u00e5l<\/p>\n<p>Kan jordes for \u00e5 redusere elektriske felt &#8211; overflatemotstand 100-800 ohm<\/p>\n","protected":false},"featured_media":7218,"comment_status":"open","ping_status":"closed","template":"","meta":[],"product_brand":[],"product_cat":[45],"product_tag":[99,100,101,102,103],"class_list":{"0":"post-7216","1":"product","2":"type-product","3":"status-publish","4":"has-post-thumbnail","6":"product_cat-baldakiner-soveposer","7":"product_tag-skjerming","8":"product_tag-soverom","9":"product_tag-sovn","10":"product_tag-sovnkvalitet","11":"product_tag-straling","13":"first","14":"instock","15":"taxable","16":"shipping-taxable","17":"purchasable","18":"product-type-simple"},"yoast_head":"<!-- This site is optimized with the Yoast SEO plugin v27.3 - https:\/\/yoast.com\/product\/yoast-seo-wordpress\/ -->\n<title>Skjermende sengesett - TBL - EMF Consult<\/title>\n<meta name=\"robots\" content=\"index, follow, max-snippet:-1, max-image-preview:large, max-video-preview:-1\" \/>\n<link rel=\"canonical\" href=\"https:\/\/emf-consult.com\/nettbutikk\/produkt\/skjermende-sengesett-tbl\/\" \/>\n<meta property=\"og:locale\" content=\"nb_NO\" \/>\n<meta property=\"og:type\" content=\"article\" \/>\n<meta property=\"og:title\" content=\"Skjermende sengesett - TBL - EMF Consult\" \/>\n<meta property=\"og:description\" content=\"St\u00f8rrelse laken: 238 cm x 138 cm St\u00f8rrelse dynetrekk: 196 cm x 134 cm  Skjerming: 35 dB\u00a0ved 1 GHz  Farge: Gr\u00e5 og hvit  Materiale: 40 % bomull, 30 % polyester, 30 % rustfritt st\u00e5l  Kan jordes for \u00e5 redusere elektriske felt - overflatemotstand 100-800 ohm\" \/>\n<meta property=\"og:url\" content=\"https:\/\/emf-consult.com\/nettbutikk\/produkt\/skjermende-sengesett-tbl\/\" \/>\n<meta property=\"og:site_name\" content=\"EMF Consult\" \/>\n<meta property=\"article:publisher\" content=\"https:\/\/www.facebook.com\/emfconsult\" \/>\n<meta property=\"article:modified_time\" content=\"2026-01-30T09:06:50+00:00\" \/>\n<meta property=\"og:image\" content=\"https:\/\/emf-consult.com\/nettbutikk\/wp-content\/uploads\/2019\/12\/YSHIELD-A-TBL.jpg\" \/>\n\t<meta property=\"og:image:width\" content=\"1890\" \/>\n\t<meta property=\"og:image:height\" content=\"1891\" \/>\n\t<meta property=\"og:image:type\" content=\"image\/jpeg\" \/>\n<meta name=\"twitter:card\" content=\"summary_large_image\" \/>\n<meta name=\"twitter:label1\" content=\"Ansl. lesetid\" \/>\n\t<meta name=\"twitter:data1\" content=\"2 minutter\" \/>\n<script type=\"application\/ld+json\" class=\"yoast-schema-graph\">{\"@context\":\"https:\\\/\\\/schema.org\",\"@graph\":[{\"@type\":\"WebPage\",\"@id\":\"https:\\\/\\\/emf-consult.com\\\/nettbutikk\\\/produkt\\\/skjermende-sengesett-tbl\\\/\",\"url\":\"https:\\\/\\\/emf-consult.com\\\/nettbutikk\\\/produkt\\\/skjermende-sengesett-tbl\\\/\",\"name\":\"Skjermende sengesett - TBL - EMF Consult\",\"isPartOf\":{\"@id\":\"https:\\\/\\\/emf-consult.com\\\/nettbutikk\\\/#website\"},\"primaryImageOfPage\":{\"@id\":\"https:\\\/\\\/emf-consult.com\\\/nettbutikk\\\/produkt\\\/skjermende-sengesett-tbl\\\/#primaryimage\"},\"image\":{\"@id\":\"https:\\\/\\\/emf-consult.com\\\/nettbutikk\\\/produkt\\\/skjermende-sengesett-tbl\\\/#primaryimage\"},\"thumbnailUrl\":\"https:\\\/\\\/emf-consult.com\\\/nettbutikk\\\/wp-content\\\/uploads\\\/2019\\\/12\\\/YSHIELD-A-TBL.jpg\",\"datePublished\":\"2019-12-19T13:15:46+00:00\",\"dateModified\":\"2026-01-30T09:06:50+00:00\",\"breadcrumb\":{\"@id\":\"https:\\\/\\\/emf-consult.com\\\/nettbutikk\\\/produkt\\\/skjermende-sengesett-tbl\\\/#breadcrumb\"},\"inLanguage\":\"nb-NO\",\"potentialAction\":[{\"@type\":\"ReadAction\",\"target\":[\"https:\\\/\\\/emf-consult.com\\\/nettbutikk\\\/produkt\\\/skjermende-sengesett-tbl\\\/\"]}]},{\"@type\":\"ImageObject\",\"inLanguage\":\"nb-NO\",\"@id\":\"https:\\\/\\\/emf-consult.com\\\/nettbutikk\\\/produkt\\\/skjermende-sengesett-tbl\\\/#primaryimage\",\"url\":\"https:\\\/\\\/emf-consult.com\\\/nettbutikk\\\/wp-content\\\/uploads\\\/2019\\\/12\\\/YSHIELD-A-TBL.jpg\",\"contentUrl\":\"https:\\\/\\\/emf-consult.com\\\/nettbutikk\\\/wp-content\\\/uploads\\\/2019\\\/12\\\/YSHIELD-A-TBL.jpg\",\"width\":1890,\"height\":1891,\"caption\":\"Skjermende sengesett\"},{\"@type\":\"BreadcrumbList\",\"@id\":\"https:\\\/\\\/emf-consult.com\\\/nettbutikk\\\/produkt\\\/skjermende-sengesett-tbl\\\/#breadcrumb\",\"itemListElement\":[{\"@type\":\"ListItem\",\"position\":1,\"name\":\"Hjem\",\"item\":\"https:\\\/\\\/emf-consult.com\\\/nettbutikk\\\/\"},{\"@type\":\"ListItem\",\"position\":2,\"name\":\"Butikk\",\"item\":\"https:\\\/\\\/emf-consult.com\\\/nettbutikk\\\/butikk\\\/\"},{\"@type\":\"ListItem\",\"position\":3,\"name\":\"Skjermende sengesett &#8211; TBL\"}]},{\"@type\":\"WebSite\",\"@id\":\"https:\\\/\\\/emf-consult.com\\\/nettbutikk\\\/#website\",\"url\":\"https:\\\/\\\/emf-consult.com\\\/nettbutikk\\\/\",\"name\":\"EMF Consult\",\"description\":\"Nettbutikk - Beskyttelse mot str\u00e5ling\",\"publisher\":{\"@id\":\"https:\\\/\\\/emf-consult.com\\\/nettbutikk\\\/#organization\"},\"potentialAction\":[{\"@type\":\"SearchAction\",\"target\":{\"@type\":\"EntryPoint\",\"urlTemplate\":\"https:\\\/\\\/emf-consult.com\\\/nettbutikk\\\/?s={search_term_string}\"},\"query-input\":{\"@type\":\"PropertyValueSpecification\",\"valueRequired\":true,\"valueName\":\"search_term_string\"}}],\"inLanguage\":\"nb-NO\"},{\"@type\":\"Organization\",\"@id\":\"https:\\\/\\\/emf-consult.com\\\/nettbutikk\\\/#organization\",\"name\":\"EMF Consult AS\",\"url\":\"https:\\\/\\\/emf-consult.com\\\/nettbutikk\\\/\",\"logo\":{\"@type\":\"ImageObject\",\"inLanguage\":\"nb-NO\",\"@id\":\"https:\\\/\\\/emf-consult.com\\\/nettbutikk\\\/#\\\/schema\\\/logo\\\/image\\\/\",\"url\":\"https:\\\/\\\/emf-consult.com\\\/nettbutikk\\\/wp-content\\\/uploads\\\/2022\\\/07\\\/cropped-Favikon-rod-e1658786300694.png\",\"contentUrl\":\"https:\\\/\\\/emf-consult.com\\\/nettbutikk\\\/wp-content\\\/uploads\\\/2022\\\/07\\\/cropped-Favikon-rod-e1658786300694.png\",\"width\":150,\"height\":150,\"caption\":\"EMF Consult AS\"},\"image\":{\"@id\":\"https:\\\/\\\/emf-consult.com\\\/nettbutikk\\\/#\\\/schema\\\/logo\\\/image\\\/\"},\"sameAs\":[\"https:\\\/\\\/www.facebook.com\\\/emfconsult\",\"https:\\\/\\\/www.linkedin.com\\\/company\\\/emf-consult\\\/\"]}]}<\/script>\n<!-- \/ Yoast SEO plugin. -->","yoast_head_json":{"title":"Skjermende sengesett - TBL - EMF Consult","robots":{"index":"index","follow":"follow","max-snippet":"max-snippet:-1","max-image-preview":"max-image-preview:large","max-video-preview":"max-video-preview:-1"},"canonical":"https:\/\/emf-consult.com\/nettbutikk\/produkt\/skjermende-sengesett-tbl\/","og_locale":"nb_NO","og_type":"article","og_title":"Skjermende sengesett - TBL - EMF Consult","og_description":"St\u00f8rrelse laken: 238 cm x 138 cm St\u00f8rrelse dynetrekk: 196 cm x 134 cm  Skjerming: 35 dB\u00a0ved 1 GHz  Farge: Gr\u00e5 og hvit  Materiale: 40 % bomull, 30 % polyester, 30 % rustfritt st\u00e5l  Kan jordes for \u00e5 redusere elektriske felt - overflatemotstand 100-800 ohm","og_url":"https:\/\/emf-consult.com\/nettbutikk\/produkt\/skjermende-sengesett-tbl\/","og_site_name":"EMF Consult","article_publisher":"https:\/\/www.facebook.com\/emfconsult","article_modified_time":"2026-01-30T09:06:50+00:00","og_image":[{"width":1890,"height":1891,"url":"https:\/\/emf-consult.com\/nettbutikk\/wp-content\/uploads\/2019\/12\/YSHIELD-A-TBL.jpg","type":"image\/jpeg"}],"twitter_card":"summary_large_image","twitter_misc":{"Ansl. lesetid":"2 minutter"},"schema":{"@context":"https:\/\/schema.org","@graph":[{"@type":"WebPage","@id":"https:\/\/emf-consult.com\/nettbutikk\/produkt\/skjermende-sengesett-tbl\/","url":"https:\/\/emf-consult.com\/nettbutikk\/produkt\/skjermende-sengesett-tbl\/","name":"Skjermende sengesett - TBL - EMF Consult","isPartOf":{"@id":"https:\/\/emf-consult.com\/nettbutikk\/#website"},"primaryImageOfPage":{"@id":"https:\/\/emf-consult.com\/nettbutikk\/produkt\/skjermende-sengesett-tbl\/#primaryimage"},"image":{"@id":"https:\/\/emf-consult.com\/nettbutikk\/produkt\/skjermende-sengesett-tbl\/#primaryimage"},"thumbnailUrl":"https:\/\/emf-consult.com\/nettbutikk\/wp-content\/uploads\/2019\/12\/YSHIELD-A-TBL.jpg","datePublished":"2019-12-19T13:15:46+00:00","dateModified":"2026-01-30T09:06:50+00:00","breadcrumb":{"@id":"https:\/\/emf-consult.com\/nettbutikk\/produkt\/skjermende-sengesett-tbl\/#breadcrumb"},"inLanguage":"nb-NO","potentialAction":[{"@type":"ReadAction","target":["https:\/\/emf-consult.com\/nettbutikk\/produkt\/skjermende-sengesett-tbl\/"]}]},{"@type":"ImageObject","inLanguage":"nb-NO","@id":"https:\/\/emf-consult.com\/nettbutikk\/produkt\/skjermende-sengesett-tbl\/#primaryimage","url":"https:\/\/emf-consult.com\/nettbutikk\/wp-content\/uploads\/2019\/12\/YSHIELD-A-TBL.jpg","contentUrl":"https:\/\/emf-consult.com\/nettbutikk\/wp-content\/uploads\/2019\/12\/YSHIELD-A-TBL.jpg","width":1890,"height":1891,"caption":"Skjermende sengesett"},{"@type":"BreadcrumbList","@id":"https:\/\/emf-consult.com\/nettbutikk\/produkt\/skjermende-sengesett-tbl\/#breadcrumb","itemListElement":[{"@type":"ListItem","position":1,"name":"Hjem","item":"https:\/\/emf-consult.com\/nettbutikk\/"},{"@type":"ListItem","position":2,"name":"Butikk","item":"https:\/\/emf-consult.com\/nettbutikk\/butikk\/"},{"@type":"ListItem","position":3,"name":"Skjermende sengesett &#8211; TBL"}]},{"@type":"WebSite","@id":"https:\/\/emf-consult.com\/nettbutikk\/#website","url":"https:\/\/emf-consult.com\/nettbutikk\/","name":"EMF Consult","description":"Nettbutikk - Beskyttelse mot str\u00e5ling","publisher":{"@id":"https:\/\/emf-consult.com\/nettbutikk\/#organization"},"potentialAction":[{"@type":"SearchAction","target":{"@type":"EntryPoint","urlTemplate":"https:\/\/emf-consult.com\/nettbutikk\/?s={search_term_string}"},"query-input":{"@type":"PropertyValueSpecification","valueRequired":true,"valueName":"search_term_string"}}],"inLanguage":"nb-NO"},{"@type":"Organization","@id":"https:\/\/emf-consult.com\/nettbutikk\/#organization","name":"EMF Consult AS","url":"https:\/\/emf-consult.com\/nettbutikk\/","logo":{"@type":"ImageObject","inLanguage":"nb-NO","@id":"https:\/\/emf-consult.com\/nettbutikk\/#\/schema\/logo\/image\/","url":"https:\/\/emf-consult.com\/nettbutikk\/wp-content\/uploads\/2022\/07\/cropped-Favikon-rod-e1658786300694.png","contentUrl":"https:\/\/emf-consult.com\/nettbutikk\/wp-content\/uploads\/2022\/07\/cropped-Favikon-rod-e1658786300694.png","width":150,"height":150,"caption":"EMF Consult AS"},"image":{"@id":"https:\/\/emf-consult.com\/nettbutikk\/#\/schema\/logo\/image\/"},"sameAs":["https:\/\/www.facebook.com\/emfconsult","https:\/\/www.linkedin.com\/company\/emf-consult\/"]}]}},"_links":{"self":[{"href":"https:\/\/emf-consult.com\/nettbutikk\/wp-json\/wp\/v2\/product\/7216","targetHints":{"allow":["GET"]}}],"collection":[{"href":"https:\/\/emf-consult.com\/nettbutikk\/wp-json\/wp\/v2\/product"}],"about":[{"href":"https:\/\/emf-consult.com\/nettbutikk\/wp-json\/wp\/v2\/types\/product"}],"replies":[{"embeddable":true,"href":"https:\/\/emf-consult.com\/nettbutikk\/wp-json\/wp\/v2\/comments?post=7216"}],"wp:featuredmedia":[{"embeddable":true,"href":"https:\/\/emf-consult.com\/nettbutikk\/wp-json\/wp\/v2\/media\/7218"}],"wp:attachment":[{"href":"https:\/\/emf-consult.com\/nettbutikk\/wp-json\/wp\/v2\/media?parent=7216"}],"wp:term":[{"taxonomy":"product_brand","embeddable":true,"href":"https:\/\/emf-consult.com\/nettbutikk\/wp-json\/wp\/v2\/product_brand?post=7216"},{"taxonomy":"product_cat","embeddable":true,"href":"https:\/\/emf-consult.com\/nettbutikk\/wp-json\/wp\/v2\/product_cat?post=7216"},{"taxonomy":"product_tag","embeddable":true,"href":"https:\/\/emf-consult.com\/nettbutikk\/wp-json\/wp\/v2\/product_tag?post=7216"}],"curies":[{"name":"wp","href":"https:\/\/api.w.org\/{rel}","templated":true}]}}