{"id":5096,"date":"2019-01-24T12:32:29","date_gmt":"2019-01-24T12:32:29","guid":{"rendered":"https:\/\/emfconsult.nyside.net\/nettbutikk\/produkt\/nettavkobler-onf3-2p-2-pol\/"},"modified":"2025-08-05T10:11:30","modified_gmt":"2025-08-05T08:11:30","slug":"nettavkobler-onf3-2p-2-pol","status":"publish","type":"product","link":"https:\/\/emf-consult.com\/nettbutikk\/produkt\/nettavkobler-onf3-2p-2-pol\/","title":{"rendered":"Nettavkobler ONF3 (2-pol for TN)"},"content":{"rendered":"<p><strong>Bruksomr\u00e5de:<\/strong><br \/>\nDette er et \u00f8sterrisk kvalitetsprodukt som er utviklet for bruk i elektriske installasjoner hvor man \u00f8nsker \u00e5 redusere eksponeringen av elektromagnetiske felt til et minimum. ONF3 anvendes fortrinnsvis i \u00e9n krets pr. rom installasjoner. Den automatiske nettavkobleren bryter samtidig faselederne L og N.<br \/>\nDenne varianten brukes kun i TN-nett, der man \u00f8nsker \u00e5 bryte begge lederne i kretsen. Automatisk nettavkobler brukes gjerne p\u00e5 str\u00f8mkretsen til soverom og kan ettermonteres i eksisterende installasjoner i hjemmet og p\u00e5 hytta.<\/p>\n<p><strong>Funksjoner:<\/strong><br \/>\nVed \u00e5 bruke h\u00f8ykvalitetskomponenter, er ONF3 spesielt kortslutningssikker og p\u00e5litelig og har lang levetid. Enheten overv\u00e5ker kretsen ved hjelp av en helse-sikker 250 millivolt DC testspenning. N\u00e5r siste forbruker i kretsen sl\u00e5s av bryter den automatiske nettavkobleren kretsen og legger hele kretsen \u00abd\u00f8d\u00bb. Dette reduserer det elektriske og magnetiske vekselstr\u00f8m (AC) feltet i kretsen med 100%. &#8211; Den medf\u00f8lgende lampen lyser n\u00e5r kretsen er utkoblet, og indikerer at nettavkoblingen er aktiv. Det er mulig \u00e5 koble p\u00e5 inntil 3 slike lamper p\u00e5 hver nettavkobler-kurs.<\/p>\n<p>\u2022 Automatisk nettavkobler for automatisk overv\u00e5king og nettverk frakobling, \u00e9n krets pr. rom<br \/>\n\u2022 Monteres p\u00e5 DIN skinne i fordelingsskap<br \/>\n\u2022 Indikator (LED) funksjoner: GR\u00d8NN: Nettspenning p\u00e5, GUL: Last aktiv\/innkoblet<br \/>\n\u2022 inkl. Grunnlast element for enkel installasjon p\u00e5 forbrukere med elektroniske ballaster<br \/>\n\u2022 Brukes i TN-nett der man \u00f8nsker \u00e5 koble ut b\u00e5de L og N ledere samtidig (2-pol)<\/p>\n<p><strong>MERK:<\/strong><br \/>\nVed bruk av elektronisk last fra lamper (LED og energibesparende lamper) m\u00e5 str\u00f8mmen ikke overstige 1000 watt!<br \/>\nDette er relatert til startstr\u00f8mmen som har en h\u00f8yere effekt (i noen millisekunder) ved p\u00e5slag som kan gi ONF3 utfordringer.<br \/>\nResistente\u00a0(ohmske) laster som panelovner og gulvvarme med inntil 3600 watt vil fungere, fordi det ikke har s\u00e5 skarp startstr\u00f8m \ud83d\ude42<\/p>\n","protected":false},"excerpt":{"rendered":"<p><strong>Spesifikasjoner:<\/strong><\/p>\n<p>Automatisk AV\/P\u00c5<br \/>\nBelastning: 16 A \/ 230 VAC\/5oHz<br \/>\nBrytereffekt: 4000 VA<br \/>\nF\u00f8lsomhet: 5 \u2013 200 mA (justerbar)<br \/>\nMulighet for \u00e5 sl\u00e5 av den automatiske nettavkoblerfunksjonen ved hjelp av ON(1)\/OFF(0) bryter<br \/>\nForsinkelse: Utkobling ca. 6 sek, Innkobling ca. 0,5 sek<br \/>\nMekanisk levetid: 30.000.000 inn\/ut koblinger<br \/>\nBryter frekvens: max 6 ganger per minutt med 1000VA resistent last<br \/>\nOverv\u00e5kings spenning: 200-250 mV DC (sv\u00e6rt lav, biologisk ubetenkelig DC spenning)<br \/>\nLengde\/Bredde\/H\u00f8yde: 87 x 35 x 65 mm<br \/>\nH\u00f8yde p\u00e5 DIN skinne: TS35 mm<br \/>\nTetthet: IP20<br \/>\nFarge \/ Vekt: Lys gr\u00e5 \/ 0,15 kg<br \/>\nSikkerhet: Sv\u00e6rt kortslutningssikker og overspenningsbeskyttet i henhold til IEC<br \/>\nGodkjenning: CE merket<\/p>\n<p>Leveres komplett med f\u00f8lgende utstyr:<br \/>\nAutomatisk nettavkobler, Grunnlast element, Indikatorlys til \u00e5 putte i stikkontakt, brukermanual\/prinsippskisser (Engelsk).<\/p>\n<p>MERK: Denne enheten m\u00e5 utelukkende installeres av godkjent elektroinstallat\u00f8r!<\/p>\n<p>&nbsp;<\/p>\n<div class=\"tlid-input input\">\n<div class=\"source-wrap\">\n<div class=\"input-full-height-wrapper tlid-input-full-height-wrapper\">\n<div class=\"source-input\">\n<div class=\"source-header\">\n<div class=\"go-wrap\"><strong>Nettavkobler sammen med energisparende lamper og LED &#8211; et problem med grunnbelastningen!<\/strong><\/div>\n<\/div>\n<\/div>\n<\/div>\n<\/div>\n<\/div>\n<div class=\"tlid-results-container results-container\">\n<div class=\"tlid-result result-dict-wrapper\">\n<div class=\"result tlid-copy-target\">\n<div class=\"text-wrap tlid-copy-target\">\n<div class=\"result-shield-container tlid-copy-target\"><span class=\"tlid-translation translation\">Ikke bli overrasket om energisparelysene og LED-lampene ikke sl\u00e5s p\u00e5 lenger n\u00e5r en nettavkobler er installert. \u00c5rsaken til dette er at den lave mengden str\u00f8m som er n\u00f8dvendig for \u00e5 tenne energisparende lamper og lysdioder. Nettavkobleren alene vil ofte ikke gjenkjenne at de er sl\u00e5tt p\u00e5 og rommet forblir m\u00f8rkt som et resultat.\u00a0<\/span><\/div>\n<div class=\"result-shield-container tlid-copy-target\"><span class=\"tlid-translation translation\"><span class=\"tlid-translation translation\"><br \/>\nAv denne grunn anbefaler vi at en grunnlastkomponent monteres p\u00e5 slike laster for \u00e5 \u00f8ke basismotstanden i de kursene hvor ONF 3 nettavkobler er brukt. Dette sikrer at lampen f\u00e5r nok str\u00f8m slik at nettavkobleren gjenkjenner den. Nettavkobleren gjenkjenner lysdioder p\u00e5 minst 4 watt normalt uten tilleggsbelastningsmodstand.\u00a0<\/span><\/span>Str\u00f8mforbruket \u00f8kes ikke av grunnlastmotstanden. Det er ingen temperaturproblemer fordi lastmotstanden bare blir varm til ber\u00f8ring i noen sekunder (under p\u00e5koplingsprosessen).En lastmotstand er n\u00f8dvendig per str\u00f8mbryter \/ bryter. Lastmotstanden monters mellom bryter og forbruker, se bilde.<\/div>\n<\/div>\n<\/div>\n<div><a href=\"\/nettbutikk\/wp-content\/uploads\/2019\/11\/Nettavkobler-Basislast-prinsipp-1.jpg\"><img loading=\"lazy\" decoding=\"async\" class=\" wd-lazy-fade aligncenter size-full wp-image-5170\" src=\"https:\/\/emf-consult.com\/nettbutikk\/wp-content\/themes\/woodmart\/images\/lazy.svg\" data-src=\"\/nettbutikk\/wp-content\/uploads\/2019\/11\/Nettavkobler-Basislast-prinsipp-1.jpg\" alt=\"\" width=\"1083\" height=\"427\" \/><\/a><\/div>\n<\/div>\n<\/div>\n","protected":false},"featured_media":5097,"comment_status":"open","ping_status":"closed","template":"","meta":[],"product_brand":[],"product_cat":[23,27],"product_tag":[],"class_list":{"0":"post-5096","1":"product","2":"type-product","3":"status-publish","4":"has-post-thumbnail","6":"product_cat-el-installasjon","7":"product_cat-skjermingsmateriell","9":"first","10":"instock","11":"taxable","12":"shipping-taxable","13":"purchasable","14":"product-type-simple"},"yoast_head":"<!-- This site is optimized with the Yoast SEO plugin v27.3 - https:\/\/yoast.com\/product\/yoast-seo-wordpress\/ -->\n<title>Nettavkobler ONF3 (2-pol for TN) - EMF Consult<\/title>\n<meta name=\"robots\" content=\"index, follow, max-snippet:-1, max-image-preview:large, max-video-preview:-1\" \/>\n<link rel=\"canonical\" href=\"https:\/\/emf-consult.com\/nettbutikk\/produkt\/nettavkobler-onf3-2p-2-pol\/\" \/>\n<meta property=\"og:locale\" content=\"nb_NO\" \/>\n<meta property=\"og:type\" content=\"article\" \/>\n<meta property=\"og:title\" content=\"Nettavkobler ONF3 (2-pol for TN) - EMF Consult\" \/>\n<meta property=\"og:description\" content=\"Spesifikasjoner:  Automatisk AV\/P\u00c5 Belastning: 16 A \/ 230 VAC\/5oHz Brytereffekt: 4000 VA F\u00f8lsomhet: 5 \u2013 200 mA (justerbar) Mulighet for \u00e5 sl\u00e5 av den automatiske nettavkoblerfunksjonen ved hjelp av ON(1)\/OFF(0) bryter Forsinkelse: Utkobling ca. 6 sek, Innkobling ca. 0,5 sek Mekanisk levetid: 30.000.000 inn\/ut koblinger Bryter frekvens: max 6 ganger per minutt med 1000VA resistent last Overv\u00e5kings spenning: 200-250 mV DC (sv\u00e6rt lav, biologisk ubetenkelig DC spenning) Lengde\/Bredde\/H\u00f8yde: 87 x 35 x 65 mm H\u00f8yde p\u00e5 DIN skinne: TS35 mm Tetthet: IP20 Farge \/ Vekt: Lys gr\u00e5 \/ 0,15 kg Sikkerhet: Sv\u00e6rt kortslutningssikker og overspenningsbeskyttet i henhold til IEC Godkjenning: CE merket  Leveres komplett med f\u00f8lgende utstyr: Automatisk nettavkobler, Grunnlast element, Indikatorlys til \u00e5 putte i stikkontakt, brukermanual\/prinsippskisser (Engelsk).  MERK: Denne enheten m\u00e5 utelukkende installeres av godkjent elektroinstallat\u00f8r!  &nbsp;      Nettavkobler sammen med energisparende lamper og LED - et problem med grunnbelastningen!          Ikke bli overrasket om energisparelysene og LED-lampene ikke sl\u00e5s p\u00e5 lenger n\u00e5r en nettavkobler er installert. \u00c5rsaken til dette er at den lave mengden str\u00f8m som er n\u00f8dvendig for \u00e5 tenne energisparende lamper og lysdioder. Nettavkobleren alene vil ofte ikke gjenkjenne at de er sl\u00e5tt p\u00e5 og rommet forblir m\u00f8rkt som et resultat.\u00a0  Av denne grunn anbefaler vi at en grunnlastkomponent monteres p\u00e5 slike laster for \u00e5 \u00f8ke basismotstanden i de kursene hvor ONF 3 nettavkobler er brukt. Dette sikrer at lampen f\u00e5r nok str\u00f8m slik at nettavkobleren gjenkjenner den. Nettavkobleren gjenkjenner lysdioder p\u00e5 minst 4 watt normalt uten tilleggsbelastningsmodstand.\u00a0Str\u00f8mforbruket \u00f8kes ikke av grunnlastmotstanden. Det er ingen temperaturproblemer fordi lastmotstanden bare blir varm til ber\u00f8ring i noen sekunder (under p\u00e5koplingsprosessen).En lastmotstand er n\u00f8dvendig per str\u00f8mbryter \/ bryter. Lastmotstanden monters mellom bryter og forbruker, se bilde.\" \/>\n<meta property=\"og:url\" content=\"https:\/\/emf-consult.com\/nettbutikk\/produkt\/nettavkobler-onf3-2p-2-pol\/\" \/>\n<meta property=\"og:site_name\" content=\"EMF Consult\" \/>\n<meta property=\"article:publisher\" content=\"https:\/\/www.facebook.com\/emfconsult\" \/>\n<meta property=\"article:modified_time\" content=\"2025-08-05T08:11:30+00:00\" \/>\n<meta property=\"og:image\" content=\"https:\/\/emf-consult.com\/nettbutikk\/wp-content\/uploads\/2019\/11\/Nettavkobler.jpg\" \/>\n\t<meta property=\"og:image:width\" content=\"450\" \/>\n\t<meta property=\"og:image:height\" content=\"449\" \/>\n\t<meta property=\"og:image:type\" content=\"image\/jpeg\" \/>\n<meta name=\"twitter:card\" content=\"summary_large_image\" \/>\n<meta name=\"twitter:label1\" content=\"Ansl. lesetid\" \/>\n\t<meta name=\"twitter:data1\" content=\"1 minutt\" \/>\n<script type=\"application\/ld+json\" class=\"yoast-schema-graph\">{\"@context\":\"https:\\\/\\\/schema.org\",\"@graph\":[{\"@type\":\"WebPage\",\"@id\":\"https:\\\/\\\/emf-consult.com\\\/nettbutikk\\\/produkt\\\/nettavkobler-onf3-2p-2-pol\\\/\",\"url\":\"https:\\\/\\\/emf-consult.com\\\/nettbutikk\\\/produkt\\\/nettavkobler-onf3-2p-2-pol\\\/\",\"name\":\"Nettavkobler ONF3 (2-pol for TN) - EMF Consult\",\"isPartOf\":{\"@id\":\"https:\\\/\\\/emf-consult.com\\\/nettbutikk\\\/#website\"},\"primaryImageOfPage\":{\"@id\":\"https:\\\/\\\/emf-consult.com\\\/nettbutikk\\\/produkt\\\/nettavkobler-onf3-2p-2-pol\\\/#primaryimage\"},\"image\":{\"@id\":\"https:\\\/\\\/emf-consult.com\\\/nettbutikk\\\/produkt\\\/nettavkobler-onf3-2p-2-pol\\\/#primaryimage\"},\"thumbnailUrl\":\"https:\\\/\\\/emf-consult.com\\\/nettbutikk\\\/wp-content\\\/uploads\\\/2019\\\/11\\\/Nettavkobler.jpg\",\"datePublished\":\"2019-01-24T12:32:29+00:00\",\"dateModified\":\"2025-08-05T08:11:30+00:00\",\"breadcrumb\":{\"@id\":\"https:\\\/\\\/emf-consult.com\\\/nettbutikk\\\/produkt\\\/nettavkobler-onf3-2p-2-pol\\\/#breadcrumb\"},\"inLanguage\":\"nb-NO\",\"potentialAction\":[{\"@type\":\"ReadAction\",\"target\":[\"https:\\\/\\\/emf-consult.com\\\/nettbutikk\\\/produkt\\\/nettavkobler-onf3-2p-2-pol\\\/\"]}]},{\"@type\":\"ImageObject\",\"inLanguage\":\"nb-NO\",\"@id\":\"https:\\\/\\\/emf-consult.com\\\/nettbutikk\\\/produkt\\\/nettavkobler-onf3-2p-2-pol\\\/#primaryimage\",\"url\":\"https:\\\/\\\/emf-consult.com\\\/nettbutikk\\\/wp-content\\\/uploads\\\/2019\\\/11\\\/Nettavkobler.jpg\",\"contentUrl\":\"https:\\\/\\\/emf-consult.com\\\/nettbutikk\\\/wp-content\\\/uploads\\\/2019\\\/11\\\/Nettavkobler.jpg\",\"width\":450,\"height\":449,\"caption\":\"Nettavkobler ONF3 (2-pol)\"},{\"@type\":\"BreadcrumbList\",\"@id\":\"https:\\\/\\\/emf-consult.com\\\/nettbutikk\\\/produkt\\\/nettavkobler-onf3-2p-2-pol\\\/#breadcrumb\",\"itemListElement\":[{\"@type\":\"ListItem\",\"position\":1,\"name\":\"Hjem\",\"item\":\"https:\\\/\\\/emf-consult.com\\\/nettbutikk\\\/\"},{\"@type\":\"ListItem\",\"position\":2,\"name\":\"Butikk\",\"item\":\"https:\\\/\\\/emf-consult.com\\\/nettbutikk\\\/butikk\\\/\"},{\"@type\":\"ListItem\",\"position\":3,\"name\":\"Nettavkobler ONF3 (2-pol for TN)\"}]},{\"@type\":\"WebSite\",\"@id\":\"https:\\\/\\\/emf-consult.com\\\/nettbutikk\\\/#website\",\"url\":\"https:\\\/\\\/emf-consult.com\\\/nettbutikk\\\/\",\"name\":\"EMF Consult\",\"description\":\"Nettbutikk - Beskyttelse mot str\u00e5ling\",\"publisher\":{\"@id\":\"https:\\\/\\\/emf-consult.com\\\/nettbutikk\\\/#organization\"},\"potentialAction\":[{\"@type\":\"SearchAction\",\"target\":{\"@type\":\"EntryPoint\",\"urlTemplate\":\"https:\\\/\\\/emf-consult.com\\\/nettbutikk\\\/?s={search_term_string}\"},\"query-input\":{\"@type\":\"PropertyValueSpecification\",\"valueRequired\":true,\"valueName\":\"search_term_string\"}}],\"inLanguage\":\"nb-NO\"},{\"@type\":\"Organization\",\"@id\":\"https:\\\/\\\/emf-consult.com\\\/nettbutikk\\\/#organization\",\"name\":\"EMF Consult AS\",\"url\":\"https:\\\/\\\/emf-consult.com\\\/nettbutikk\\\/\",\"logo\":{\"@type\":\"ImageObject\",\"inLanguage\":\"nb-NO\",\"@id\":\"https:\\\/\\\/emf-consult.com\\\/nettbutikk\\\/#\\\/schema\\\/logo\\\/image\\\/\",\"url\":\"https:\\\/\\\/emf-consult.com\\\/nettbutikk\\\/wp-content\\\/uploads\\\/2022\\\/07\\\/cropped-Favikon-rod-e1658786300694.png\",\"contentUrl\":\"https:\\\/\\\/emf-consult.com\\\/nettbutikk\\\/wp-content\\\/uploads\\\/2022\\\/07\\\/cropped-Favikon-rod-e1658786300694.png\",\"width\":150,\"height\":150,\"caption\":\"EMF Consult AS\"},\"image\":{\"@id\":\"https:\\\/\\\/emf-consult.com\\\/nettbutikk\\\/#\\\/schema\\\/logo\\\/image\\\/\"},\"sameAs\":[\"https:\\\/\\\/www.facebook.com\\\/emfconsult\",\"https:\\\/\\\/www.linkedin.com\\\/company\\\/emf-consult\\\/\"]}]}<\/script>\n<!-- \/ Yoast SEO plugin. -->","yoast_head_json":{"title":"Nettavkobler ONF3 (2-pol for TN) - EMF Consult","robots":{"index":"index","follow":"follow","max-snippet":"max-snippet:-1","max-image-preview":"max-image-preview:large","max-video-preview":"max-video-preview:-1"},"canonical":"https:\/\/emf-consult.com\/nettbutikk\/produkt\/nettavkobler-onf3-2p-2-pol\/","og_locale":"nb_NO","og_type":"article","og_title":"Nettavkobler ONF3 (2-pol for TN) - EMF Consult","og_description":"Spesifikasjoner:  Automatisk AV\/P\u00c5 Belastning: 16 A \/ 230 VAC\/5oHz Brytereffekt: 4000 VA F\u00f8lsomhet: 5 \u2013 200 mA (justerbar) Mulighet for \u00e5 sl\u00e5 av den automatiske nettavkoblerfunksjonen ved hjelp av ON(1)\/OFF(0) bryter Forsinkelse: Utkobling ca. 6 sek, Innkobling ca. 0,5 sek Mekanisk levetid: 30.000.000 inn\/ut koblinger Bryter frekvens: max 6 ganger per minutt med 1000VA resistent last Overv\u00e5kings spenning: 200-250 mV DC (sv\u00e6rt lav, biologisk ubetenkelig DC spenning) Lengde\/Bredde\/H\u00f8yde: 87 x 35 x 65 mm H\u00f8yde p\u00e5 DIN skinne: TS35 mm Tetthet: IP20 Farge \/ Vekt: Lys gr\u00e5 \/ 0,15 kg Sikkerhet: Sv\u00e6rt kortslutningssikker og overspenningsbeskyttet i henhold til IEC Godkjenning: CE merket  Leveres komplett med f\u00f8lgende utstyr: Automatisk nettavkobler, Grunnlast element, Indikatorlys til \u00e5 putte i stikkontakt, brukermanual\/prinsippskisser (Engelsk).  MERK: Denne enheten m\u00e5 utelukkende installeres av godkjent elektroinstallat\u00f8r!  &nbsp;      Nettavkobler sammen med energisparende lamper og LED - et problem med grunnbelastningen!          Ikke bli overrasket om energisparelysene og LED-lampene ikke sl\u00e5s p\u00e5 lenger n\u00e5r en nettavkobler er installert. \u00c5rsaken til dette er at den lave mengden str\u00f8m som er n\u00f8dvendig for \u00e5 tenne energisparende lamper og lysdioder. Nettavkobleren alene vil ofte ikke gjenkjenne at de er sl\u00e5tt p\u00e5 og rommet forblir m\u00f8rkt som et resultat.\u00a0  Av denne grunn anbefaler vi at en grunnlastkomponent monteres p\u00e5 slike laster for \u00e5 \u00f8ke basismotstanden i de kursene hvor ONF 3 nettavkobler er brukt. Dette sikrer at lampen f\u00e5r nok str\u00f8m slik at nettavkobleren gjenkjenner den. Nettavkobleren gjenkjenner lysdioder p\u00e5 minst 4 watt normalt uten tilleggsbelastningsmodstand.\u00a0Str\u00f8mforbruket \u00f8kes ikke av grunnlastmotstanden. Det er ingen temperaturproblemer fordi lastmotstanden bare blir varm til ber\u00f8ring i noen sekunder (under p\u00e5koplingsprosessen).En lastmotstand er n\u00f8dvendig per str\u00f8mbryter \/ bryter. Lastmotstanden monters mellom bryter og forbruker, se bilde.","og_url":"https:\/\/emf-consult.com\/nettbutikk\/produkt\/nettavkobler-onf3-2p-2-pol\/","og_site_name":"EMF Consult","article_publisher":"https:\/\/www.facebook.com\/emfconsult","article_modified_time":"2025-08-05T08:11:30+00:00","og_image":[{"width":450,"height":449,"url":"https:\/\/emf-consult.com\/nettbutikk\/wp-content\/uploads\/2019\/11\/Nettavkobler.jpg","type":"image\/jpeg"}],"twitter_card":"summary_large_image","twitter_misc":{"Ansl. lesetid":"1 minutt"},"schema":{"@context":"https:\/\/schema.org","@graph":[{"@type":"WebPage","@id":"https:\/\/emf-consult.com\/nettbutikk\/produkt\/nettavkobler-onf3-2p-2-pol\/","url":"https:\/\/emf-consult.com\/nettbutikk\/produkt\/nettavkobler-onf3-2p-2-pol\/","name":"Nettavkobler ONF3 (2-pol for TN) - EMF Consult","isPartOf":{"@id":"https:\/\/emf-consult.com\/nettbutikk\/#website"},"primaryImageOfPage":{"@id":"https:\/\/emf-consult.com\/nettbutikk\/produkt\/nettavkobler-onf3-2p-2-pol\/#primaryimage"},"image":{"@id":"https:\/\/emf-consult.com\/nettbutikk\/produkt\/nettavkobler-onf3-2p-2-pol\/#primaryimage"},"thumbnailUrl":"https:\/\/emf-consult.com\/nettbutikk\/wp-content\/uploads\/2019\/11\/Nettavkobler.jpg","datePublished":"2019-01-24T12:32:29+00:00","dateModified":"2025-08-05T08:11:30+00:00","breadcrumb":{"@id":"https:\/\/emf-consult.com\/nettbutikk\/produkt\/nettavkobler-onf3-2p-2-pol\/#breadcrumb"},"inLanguage":"nb-NO","potentialAction":[{"@type":"ReadAction","target":["https:\/\/emf-consult.com\/nettbutikk\/produkt\/nettavkobler-onf3-2p-2-pol\/"]}]},{"@type":"ImageObject","inLanguage":"nb-NO","@id":"https:\/\/emf-consult.com\/nettbutikk\/produkt\/nettavkobler-onf3-2p-2-pol\/#primaryimage","url":"https:\/\/emf-consult.com\/nettbutikk\/wp-content\/uploads\/2019\/11\/Nettavkobler.jpg","contentUrl":"https:\/\/emf-consult.com\/nettbutikk\/wp-content\/uploads\/2019\/11\/Nettavkobler.jpg","width":450,"height":449,"caption":"Nettavkobler ONF3 (2-pol)"},{"@type":"BreadcrumbList","@id":"https:\/\/emf-consult.com\/nettbutikk\/produkt\/nettavkobler-onf3-2p-2-pol\/#breadcrumb","itemListElement":[{"@type":"ListItem","position":1,"name":"Hjem","item":"https:\/\/emf-consult.com\/nettbutikk\/"},{"@type":"ListItem","position":2,"name":"Butikk","item":"https:\/\/emf-consult.com\/nettbutikk\/butikk\/"},{"@type":"ListItem","position":3,"name":"Nettavkobler ONF3 (2-pol for TN)"}]},{"@type":"WebSite","@id":"https:\/\/emf-consult.com\/nettbutikk\/#website","url":"https:\/\/emf-consult.com\/nettbutikk\/","name":"EMF Consult","description":"Nettbutikk - Beskyttelse mot str\u00e5ling","publisher":{"@id":"https:\/\/emf-consult.com\/nettbutikk\/#organization"},"potentialAction":[{"@type":"SearchAction","target":{"@type":"EntryPoint","urlTemplate":"https:\/\/emf-consult.com\/nettbutikk\/?s={search_term_string}"},"query-input":{"@type":"PropertyValueSpecification","valueRequired":true,"valueName":"search_term_string"}}],"inLanguage":"nb-NO"},{"@type":"Organization","@id":"https:\/\/emf-consult.com\/nettbutikk\/#organization","name":"EMF Consult AS","url":"https:\/\/emf-consult.com\/nettbutikk\/","logo":{"@type":"ImageObject","inLanguage":"nb-NO","@id":"https:\/\/emf-consult.com\/nettbutikk\/#\/schema\/logo\/image\/","url":"https:\/\/emf-consult.com\/nettbutikk\/wp-content\/uploads\/2022\/07\/cropped-Favikon-rod-e1658786300694.png","contentUrl":"https:\/\/emf-consult.com\/nettbutikk\/wp-content\/uploads\/2022\/07\/cropped-Favikon-rod-e1658786300694.png","width":150,"height":150,"caption":"EMF Consult AS"},"image":{"@id":"https:\/\/emf-consult.com\/nettbutikk\/#\/schema\/logo\/image\/"},"sameAs":["https:\/\/www.facebook.com\/emfconsult","https:\/\/www.linkedin.com\/company\/emf-consult\/"]}]}},"_links":{"self":[{"href":"https:\/\/emf-consult.com\/nettbutikk\/wp-json\/wp\/v2\/product\/5096","targetHints":{"allow":["GET"]}}],"collection":[{"href":"https:\/\/emf-consult.com\/nettbutikk\/wp-json\/wp\/v2\/product"}],"about":[{"href":"https:\/\/emf-consult.com\/nettbutikk\/wp-json\/wp\/v2\/types\/product"}],"replies":[{"embeddable":true,"href":"https:\/\/emf-consult.com\/nettbutikk\/wp-json\/wp\/v2\/comments?post=5096"}],"wp:featuredmedia":[{"embeddable":true,"href":"https:\/\/emf-consult.com\/nettbutikk\/wp-json\/wp\/v2\/media\/5097"}],"wp:attachment":[{"href":"https:\/\/emf-consult.com\/nettbutikk\/wp-json\/wp\/v2\/media?parent=5096"}],"wp:term":[{"taxonomy":"product_brand","embeddable":true,"href":"https:\/\/emf-consult.com\/nettbutikk\/wp-json\/wp\/v2\/product_brand?post=5096"},{"taxonomy":"product_cat","embeddable":true,"href":"https:\/\/emf-consult.com\/nettbutikk\/wp-json\/wp\/v2\/product_cat?post=5096"},{"taxonomy":"product_tag","embeddable":true,"href":"https:\/\/emf-consult.com\/nettbutikk\/wp-json\/wp\/v2\/product_tag?post=5096"}],"curies":[{"name":"wp","href":"https:\/\/api.w.org\/{rel}","templated":true}]}}