{"id":16333,"date":"2023-11-11T08:39:13","date_gmt":"2023-11-11T07:39:13","guid":{"rendered":"https:\/\/emf-consult.com\/nettbutikk\/?post_type=product&#038;p=16333"},"modified":"2026-03-05T17:12:43","modified_gmt":"2026-03-05T16:12:43","slug":"stoyfilter-panda15x2","status":"publish","type":"product","link":"https:\/\/emf-consult.com\/nettbutikk\/produkt\/stoyfilter-panda15x2\/","title":{"rendered":"St\u00f8yfilter PANDA15X2"},"content":{"rendered":"<h1 data-start=\"188\" data-end=\"259\">PANDA15X2 st\u00f8yfilter \u2013 reduserer \u00abskitten str\u00f8m\u00bb i boligens str\u00f8mnett<\/h1>\n<p data-start=\"261\" data-end=\"621\">Elektrisk st\u00f8y (\u00abskitten str\u00f8m\u00bb) fra elektrisk utstyr i egen bolig og fra n\u00e6rliggende installasjoner kan spre seg gjennom str\u00f8mnettet og legge seg som et ekstra forstyrrende signal p\u00e5 ledningene i boligen. Denne typen st\u00f8y kan best\u00e5 av harmoniske eller elektromagnetiske forstyrrelser og kan p\u00e5virke b\u00e5de elektronisk utstyr og det elektriske milj\u00f8et i hjemmet.<\/p>\n<p data-start=\"623\" data-end=\"778\"><strong data-start=\"623\" data-end=\"636\">PANDA15X2<\/strong> er et plug-in st\u00f8yfilter som kan bidra til \u00e5 redusere slik h\u00f8yfrekvent st\u00f8y i str\u00f8mnettet og dermed gi et roligere elektrisk milj\u00f8 i boligen.<\/p>\n<h2 data-start=\"785\" data-end=\"806\">Enkel installasjon<\/h2>\n<p data-start=\"808\" data-end=\"988\">PANDA15X2 kobles direkte i en vanlig stikkontakt og virker p\u00e5 den elektriske kursen det er tilkoblet. Best effekt oppn\u00e5s normalt n\u00e5r filteret plasseres s\u00e5 n\u00e6r st\u00f8ykilden som mulig.<\/p>\n<p data-start=\"990\" data-end=\"1211\">Flere filtre kan brukes i samme bolig dersom det finnes flere st\u00f8ykilder. Antall filtre som trengs avhenger av hvor mye elektronisk utstyr som finnes i boligen og hvor mye st\u00f8y som kommer fra omkringliggende installasjoner. Typiske kilder til slik h\u00f8yfrekvent st\u00f8y er ladere, LED-belysning og dimmere, routere og annet nettverksutstyr, PC-utstyr, solcelle-invertere og elbilladere.<\/p>\n<p data-start=\"1213\" data-end=\"1371\">Som et utgangspunkt anbefales det \u00e5 starte med <strong data-start=\"1260\" data-end=\"1274\">2\u20136 filtre<\/strong> og deretter vurdere effekten. Det anbefales normalt ikke \u00e5 bruke mer enn <strong data-start=\"1348\" data-end=\"1370\">1\u20132 filtre per rom<\/strong>.<\/p>\n<h2 data-start=\"1378\" data-end=\"1422\">Ny og forbedret versjon av PANDA-filteret<\/h2>\n<p data-start=\"1424\" data-end=\"1625\">PANDA15X2 er en videreutvikling av det tidligere PANDA-filteret og er utviklet for \u00e5 h\u00e5ndtere \u00f8kende mengder elektrisk st\u00f8y fra moderne installasjoner som blant annet <strong data-start=\"1591\" data-end=\"1624\">solcelleanlegg og elbilladere<\/strong>.<\/p>\n<p data-start=\"1627\" data-end=\"1723\">Filteret er i samme kategori som blant annet <strong data-start=\"1672\" data-end=\"1694\">Stetzerizer-filtre<\/strong>, men har flere forbedringer:<\/p>\n<ul>\n<li data-start=\"1727\" data-end=\"1771\"><strong data-start=\"1727\" data-end=\"1769\">15 \u00b5F klasse X2 h\u00f8yytelses kondensator<\/strong><\/li>\n<li data-start=\"1774\" data-end=\"1850\"><strong data-start=\"1774\" data-end=\"1804\">innebygget termisk sikring<\/strong> for \u00f8kt sikkerhet ved oppvarming eller feil<\/li>\n<li data-start=\"1853\" data-end=\"1918\">forbedret konstruksjon som kan bidra til lavere elektriske felt<\/li>\n<li data-start=\"1921\" data-end=\"1983\"><strong data-start=\"1921\" data-end=\"1946\">integrert stikkontakt<\/strong>, slik at uttaket fortsatt kan brukes<\/li>\n<\/ul>\n<h2 data-start=\"1990\" data-end=\"2017\">M\u00e5ling av elektrisk st\u00f8y<\/h2>\n<p data-start=\"2019\" data-end=\"2197\">For \u00e5 finne hvor filtrene b\u00f8r plasseres for best mulig effekt kan det v\u00e6re nyttig \u00e5 m\u00e5le niv\u00e5et av elektrisk st\u00f8y i boligen. Til dette anbefales <strong data-start=\"2256\" data-end=\"2323\"><a href=\"https:\/\/emf-consult.com\/nettbutikk\/produkt\/stetzerizer-microsurge-meter\/\" target=\"_blank\" rel=\"noopener\">STETZERiZER Microsurge Meter<\/a><\/strong>.<\/p>\n<p data-start=\"2199\" data-end=\"2386\">Ved kj\u00f8p av <strong data-start=\"2211\" data-end=\"2245\">6 eller flere PANDA15X2-filtre<\/strong> tilbyr vi <strong data-start=\"2256\" data-end=\"2323\">5 % rabatt og \u00e9n uke gratis l\u00e5n av <a href=\"https:\/\/emf-consult.com\/nettbutikk\/produkt\/stetzerizer-microsurge-meter\/\" target=\"_blank\" rel=\"noopener\">STETZERiZER Microsurge Meter<\/a><\/strong>. Kunden betaler kun returporto ved tilbakelevering av m\u00e5leren.<\/p>\n<p><strong><em>Legg inn en merknad ved utsjekk av handlekurv dersom du \u00f8nsker \u00e5 benytte deg av GRATIS l\u00e5n av STETZERiZER Microsurge meter!<\/em><\/strong><\/p>\n<p>&nbsp;<\/p>\n<h3><strong>MERK:<\/strong><\/h3>\n<ol>\n<li>PANDA-filteret m\u00e5 monteres s\u00e5 n\u00e6r st\u00f8ykildene som mulig for \u00e5 unng\u00e5 \u00f8kt magnetfelt i ledningene. F\u00f8lg <a href=\"https:\/\/emf-consult.com\/nettbutikk\/wp-content\/uploads\/2020\/11\/Brukerveiledning-STETZERiZER-Microsurge-Meter-v5.pdf\" target=\"_blank\" rel=\"noopener noreferrer\">Brukerveiledning STETZERiZER Microsurge Meter<\/a> for anbefalt plassering av filtrene.<\/li>\n<li>Du m\u00e5 ALDRI plugge et PANDA-filter inn i et annet PANDA-filter, se <a href=\"https:\/\/emf-consult.com\/nettbutikk\/wp-content\/uploads\/2020\/11\/Spesifikasjon-PANDA-filter-v1.pdf\" target=\"_blank\" rel=\"noopener noreferrer\">Produktark<\/a><\/li>\n<li>Du m\u00e5 ALDRI plugge flere PANDA-filter inn i samme stikkontakt eller grenuttak, se <a href=\"https:\/\/emf-consult.com\/nettbutikk\/wp-content\/uploads\/2020\/11\/Spesifikasjon-PANDA-filter-v1.pdf\" target=\"_blank\" rel=\"noopener noreferrer\">Produktark<\/a><\/li>\n<li>KUN for innend\u00f8rs bruk, IKKE bruk utend\u00f8rs.<\/li>\n<\/ol>\n<p>Funksjon:<br \/>\nDemping av spenningst\u00f8y (&#8220;skittenstr\u00f8m&#8221;)\u00a0p\u00e5 230 V str\u00f8mnett.<\/p>\n<p><a href=\"\/nettbutikk\/wp-content\/uploads\/2019\/11\/Eks-p\u00e5-str\u00f8yreduksjon.png\"><img loading=\"lazy\" decoding=\"async\" class=\" wd-lazy-fade alignleft wp-image-1648 \" src=\"https:\/\/emf-consult.com\/nettbutikk\/wp-content\/themes\/woodmart\/images\/lazy.svg\" data-src=\"\/nettbutikk\/wp-content\/uploads\/2019\/11\/Eks-p\u00e5-str\u00f8yreduksjon.png\" alt=\"\" width=\"1056\" height=\"264\" \/><br \/>\n<\/a><\/p>\n<p>&nbsp;<\/p>\n<p>&nbsp;<\/p>\n<p>&nbsp;<\/p>\n<p>&nbsp;<\/p>\n<p>&nbsp;<\/p>\n<p>&nbsp;<\/p>\n<p>&nbsp;<\/p>\n<p>Nettfilter<\/p>\n","protected":false},"excerpt":{"rendered":"<p>Maks last: 16A<\/p>\n<p>Sikring: innebygget termosikring<\/p>\n<p>Kondensator: 15\u03bcF klasse X2<\/p>\n<p>Utladnings motstand: 68k\u03a9<\/p>\n<p>Forbruk: 0,8W<\/p>\n<p>Operasjons temperatur: -20 &#8211; 70\u00b0C<\/p>\n<p>Tilkopling: 230 Volt stikkontakt, maks 16 A kurs<\/p>\n<p>St\u00f8psel: Type jordet EU<\/p>\n<p>Stikkontakt: Type jordet EU, med mulighet for barnesikring<\/p>\n<p>Material: Flammehemmende svart plast<\/p>\n<p>Tetthetsgrad: IP30<\/p>\n<p>St\u00f8rrelse: H 11,0 x B 6,5 x D 5,0 (9,5)cm<\/p>\n<p>Vekt: 0,25kg<\/p>\n<p>Frekvensrespons:\u00a0 4 &#8211; 100 kHz<\/p>\n<p>Godkjenning: <a href=\"https:\/\/emf-consult.com\/nettbutikk\/wp-content\/uploads\/2023\/11\/PANDA15X2-Certificat-de-conformite-CE.pdf\" target=\"_blank\" rel=\"noopener noreferrer\">CE Sertifikat<\/a><\/p>\n","protected":false},"featured_media":12497,"comment_status":"open","ping_status":"closed","template":"","meta":[],"product_brand":[],"product_cat":[23,27],"product_tag":[],"class_list":{"0":"post-16333","1":"product","2":"type-product","3":"status-publish","4":"has-post-thumbnail","6":"product_cat-el-installasjon","7":"product_cat-skjermingsmateriell","9":"first","10":"instock","11":"taxable","12":"shipping-taxable","13":"purchasable","14":"product-type-simple"},"yoast_head":"<!-- This site is optimized with the Yoast SEO plugin v27.4 - https:\/\/yoast.com\/product\/yoast-seo-wordpress\/ -->\n<title>PANDA15X2 st\u00f8yfilter | Filter mot skitten str\u00f8m og elektrisk st\u00f8y<\/title>\n<meta name=\"description\" content=\"St\u00f8yfilter PANDA15X2 kan bidra til \u00e5 redusere elektrisk st\u00f8y (\u00abskitten str\u00f8m\u00bb) i str\u00f8mnettet. Plug-in i stikkontakt, integrert uttak og termosikring.\" \/>\n<meta name=\"robots\" content=\"index, follow, max-snippet:-1, max-image-preview:large, max-video-preview:-1\" \/>\n<link rel=\"canonical\" href=\"https:\/\/emf-consult.com\/nettbutikk\/produkt\/stoyfilter-panda15x2\/\" \/>\n<meta property=\"og:locale\" content=\"nb_NO\" \/>\n<meta property=\"og:type\" content=\"article\" \/>\n<meta property=\"og:title\" content=\"PANDA15X2 st\u00f8yfilter | Filter mot skitten str\u00f8m og elektrisk st\u00f8y\" \/>\n<meta property=\"og:description\" content=\"St\u00f8yfilter PANDA15X2 kan bidra til \u00e5 redusere elektrisk st\u00f8y (\u00abskitten str\u00f8m\u00bb) i str\u00f8mnettet. Plug-in i stikkontakt, integrert uttak og termosikring.\" \/>\n<meta property=\"og:url\" content=\"https:\/\/emf-consult.com\/nettbutikk\/produkt\/stoyfilter-panda15x2\/\" \/>\n<meta property=\"og:site_name\" content=\"EMF Consult\" \/>\n<meta property=\"article:publisher\" content=\"https:\/\/www.facebook.com\/emfconsult\" \/>\n<meta property=\"article:modified_time\" content=\"2026-03-05T16:12:43+00:00\" \/>\n<meta property=\"og:image\" content=\"https:\/\/emf-consult.com\/nettbutikk\/wp-content\/uploads\/2020\/11\/filtre-polier-panda-electricite-sale-et-cpl-linky.jpg\" \/>\n\t<meta property=\"og:image:width\" content=\"455\" \/>\n\t<meta property=\"og:image:height\" content=\"455\" \/>\n\t<meta property=\"og:image:type\" content=\"image\/jpeg\" \/>\n<meta name=\"twitter:card\" content=\"summary_large_image\" \/>\n<meta name=\"twitter:label1\" content=\"Ansl. lesetid\" \/>\n\t<meta name=\"twitter:data1\" content=\"3 minutter\" \/>\n<script type=\"application\/ld+json\" class=\"yoast-schema-graph\">{\"@context\":\"https:\\\/\\\/schema.org\",\"@graph\":[{\"@type\":\"WebPage\",\"@id\":\"https:\\\/\\\/emf-consult.com\\\/nettbutikk\\\/produkt\\\/stoyfilter-panda15x2\\\/\",\"url\":\"https:\\\/\\\/emf-consult.com\\\/nettbutikk\\\/produkt\\\/stoyfilter-panda15x2\\\/\",\"name\":\"PANDA15X2 st\u00f8yfilter | Filter mot skitten str\u00f8m og elektrisk st\u00f8y\",\"isPartOf\":{\"@id\":\"https:\\\/\\\/emf-consult.com\\\/nettbutikk\\\/#website\"},\"primaryImageOfPage\":{\"@id\":\"https:\\\/\\\/emf-consult.com\\\/nettbutikk\\\/produkt\\\/stoyfilter-panda15x2\\\/#primaryimage\"},\"image\":{\"@id\":\"https:\\\/\\\/emf-consult.com\\\/nettbutikk\\\/produkt\\\/stoyfilter-panda15x2\\\/#primaryimage\"},\"thumbnailUrl\":\"https:\\\/\\\/emf-consult.com\\\/nettbutikk\\\/wp-content\\\/uploads\\\/2020\\\/11\\\/filtre-polier-panda-electricite-sale-et-cpl-linky.jpg\",\"datePublished\":\"2023-11-11T07:39:13+00:00\",\"dateModified\":\"2026-03-05T16:12:43+00:00\",\"description\":\"St\u00f8yfilter PANDA15X2 kan bidra til \u00e5 redusere elektrisk st\u00f8y (\u00abskitten str\u00f8m\u00bb) i str\u00f8mnettet. Plug-in i stikkontakt, integrert uttak og termosikring.\",\"breadcrumb\":{\"@id\":\"https:\\\/\\\/emf-consult.com\\\/nettbutikk\\\/produkt\\\/stoyfilter-panda15x2\\\/#breadcrumb\"},\"inLanguage\":\"nb-NO\",\"potentialAction\":[{\"@type\":\"ReadAction\",\"target\":[\"https:\\\/\\\/emf-consult.com\\\/nettbutikk\\\/produkt\\\/stoyfilter-panda15x2\\\/\"]}]},{\"@type\":\"ImageObject\",\"inLanguage\":\"nb-NO\",\"@id\":\"https:\\\/\\\/emf-consult.com\\\/nettbutikk\\\/produkt\\\/stoyfilter-panda15x2\\\/#primaryimage\",\"url\":\"https:\\\/\\\/emf-consult.com\\\/nettbutikk\\\/wp-content\\\/uploads\\\/2020\\\/11\\\/filtre-polier-panda-electricite-sale-et-cpl-linky.jpg\",\"contentUrl\":\"https:\\\/\\\/emf-consult.com\\\/nettbutikk\\\/wp-content\\\/uploads\\\/2020\\\/11\\\/filtre-polier-panda-electricite-sale-et-cpl-linky.jpg\",\"width\":455,\"height\":455,\"caption\":\"Plug-in st\u00f8yfilter som kan bidra til \u00e5 redusere h\u00f8yfrekvent elektrisk st\u00f8y i boligens str\u00f8mnett. Enkel plassering i stikkontakt.\"},{\"@type\":\"BreadcrumbList\",\"@id\":\"https:\\\/\\\/emf-consult.com\\\/nettbutikk\\\/produkt\\\/stoyfilter-panda15x2\\\/#breadcrumb\",\"itemListElement\":[{\"@type\":\"ListItem\",\"position\":1,\"name\":\"Hjem\",\"item\":\"https:\\\/\\\/emf-consult.com\\\/nettbutikk\\\/\"},{\"@type\":\"ListItem\",\"position\":2,\"name\":\"Butikk\",\"item\":\"https:\\\/\\\/emf-consult.com\\\/nettbutikk\\\/butikk\\\/\"},{\"@type\":\"ListItem\",\"position\":3,\"name\":\"St\u00f8yfilter PANDA15X2\"}]},{\"@type\":\"WebSite\",\"@id\":\"https:\\\/\\\/emf-consult.com\\\/nettbutikk\\\/#website\",\"url\":\"https:\\\/\\\/emf-consult.com\\\/nettbutikk\\\/\",\"name\":\"EMF Consult\",\"description\":\"Nettbutikk - Beskyttelse mot str\u00e5ling\",\"publisher\":{\"@id\":\"https:\\\/\\\/emf-consult.com\\\/nettbutikk\\\/#organization\"},\"potentialAction\":[{\"@type\":\"SearchAction\",\"target\":{\"@type\":\"EntryPoint\",\"urlTemplate\":\"https:\\\/\\\/emf-consult.com\\\/nettbutikk\\\/?s={search_term_string}\"},\"query-input\":{\"@type\":\"PropertyValueSpecification\",\"valueRequired\":true,\"valueName\":\"search_term_string\"}}],\"inLanguage\":\"nb-NO\"},{\"@type\":\"Organization\",\"@id\":\"https:\\\/\\\/emf-consult.com\\\/nettbutikk\\\/#organization\",\"name\":\"EMF Consult AS\",\"url\":\"https:\\\/\\\/emf-consult.com\\\/nettbutikk\\\/\",\"logo\":{\"@type\":\"ImageObject\",\"inLanguage\":\"nb-NO\",\"@id\":\"https:\\\/\\\/emf-consult.com\\\/nettbutikk\\\/#\\\/schema\\\/logo\\\/image\\\/\",\"url\":\"https:\\\/\\\/emf-consult.com\\\/nettbutikk\\\/wp-content\\\/uploads\\\/2022\\\/07\\\/cropped-Favikon-rod-e1658786300694.png\",\"contentUrl\":\"https:\\\/\\\/emf-consult.com\\\/nettbutikk\\\/wp-content\\\/uploads\\\/2022\\\/07\\\/cropped-Favikon-rod-e1658786300694.png\",\"width\":150,\"height\":150,\"caption\":\"EMF Consult AS\"},\"image\":{\"@id\":\"https:\\\/\\\/emf-consult.com\\\/nettbutikk\\\/#\\\/schema\\\/logo\\\/image\\\/\"},\"sameAs\":[\"https:\\\/\\\/www.facebook.com\\\/emfconsult\",\"https:\\\/\\\/www.linkedin.com\\\/company\\\/emf-consult\\\/\"]}]}<\/script>\n<!-- \/ Yoast SEO plugin. -->","yoast_head_json":{"title":"PANDA15X2 st\u00f8yfilter | Filter mot skitten str\u00f8m og elektrisk st\u00f8y","description":"St\u00f8yfilter PANDA15X2 kan bidra til \u00e5 redusere elektrisk st\u00f8y (\u00abskitten str\u00f8m\u00bb) i str\u00f8mnettet. Plug-in i stikkontakt, integrert uttak og termosikring.","robots":{"index":"index","follow":"follow","max-snippet":"max-snippet:-1","max-image-preview":"max-image-preview:large","max-video-preview":"max-video-preview:-1"},"canonical":"https:\/\/emf-consult.com\/nettbutikk\/produkt\/stoyfilter-panda15x2\/","og_locale":"nb_NO","og_type":"article","og_title":"PANDA15X2 st\u00f8yfilter | Filter mot skitten str\u00f8m og elektrisk st\u00f8y","og_description":"St\u00f8yfilter PANDA15X2 kan bidra til \u00e5 redusere elektrisk st\u00f8y (\u00abskitten str\u00f8m\u00bb) i str\u00f8mnettet. Plug-in i stikkontakt, integrert uttak og termosikring.","og_url":"https:\/\/emf-consult.com\/nettbutikk\/produkt\/stoyfilter-panda15x2\/","og_site_name":"EMF Consult","article_publisher":"https:\/\/www.facebook.com\/emfconsult","article_modified_time":"2026-03-05T16:12:43+00:00","og_image":[{"width":455,"height":455,"url":"https:\/\/emf-consult.com\/nettbutikk\/wp-content\/uploads\/2020\/11\/filtre-polier-panda-electricite-sale-et-cpl-linky.jpg","type":"image\/jpeg"}],"twitter_card":"summary_large_image","twitter_misc":{"Ansl. lesetid":"3 minutter"},"schema":{"@context":"https:\/\/schema.org","@graph":[{"@type":"WebPage","@id":"https:\/\/emf-consult.com\/nettbutikk\/produkt\/stoyfilter-panda15x2\/","url":"https:\/\/emf-consult.com\/nettbutikk\/produkt\/stoyfilter-panda15x2\/","name":"PANDA15X2 st\u00f8yfilter | Filter mot skitten str\u00f8m og elektrisk st\u00f8y","isPartOf":{"@id":"https:\/\/emf-consult.com\/nettbutikk\/#website"},"primaryImageOfPage":{"@id":"https:\/\/emf-consult.com\/nettbutikk\/produkt\/stoyfilter-panda15x2\/#primaryimage"},"image":{"@id":"https:\/\/emf-consult.com\/nettbutikk\/produkt\/stoyfilter-panda15x2\/#primaryimage"},"thumbnailUrl":"https:\/\/emf-consult.com\/nettbutikk\/wp-content\/uploads\/2020\/11\/filtre-polier-panda-electricite-sale-et-cpl-linky.jpg","datePublished":"2023-11-11T07:39:13+00:00","dateModified":"2026-03-05T16:12:43+00:00","description":"St\u00f8yfilter PANDA15X2 kan bidra til \u00e5 redusere elektrisk st\u00f8y (\u00abskitten str\u00f8m\u00bb) i str\u00f8mnettet. Plug-in i stikkontakt, integrert uttak og termosikring.","breadcrumb":{"@id":"https:\/\/emf-consult.com\/nettbutikk\/produkt\/stoyfilter-panda15x2\/#breadcrumb"},"inLanguage":"nb-NO","potentialAction":[{"@type":"ReadAction","target":["https:\/\/emf-consult.com\/nettbutikk\/produkt\/stoyfilter-panda15x2\/"]}]},{"@type":"ImageObject","inLanguage":"nb-NO","@id":"https:\/\/emf-consult.com\/nettbutikk\/produkt\/stoyfilter-panda15x2\/#primaryimage","url":"https:\/\/emf-consult.com\/nettbutikk\/wp-content\/uploads\/2020\/11\/filtre-polier-panda-electricite-sale-et-cpl-linky.jpg","contentUrl":"https:\/\/emf-consult.com\/nettbutikk\/wp-content\/uploads\/2020\/11\/filtre-polier-panda-electricite-sale-et-cpl-linky.jpg","width":455,"height":455,"caption":"Plug-in st\u00f8yfilter som kan bidra til \u00e5 redusere h\u00f8yfrekvent elektrisk st\u00f8y i boligens str\u00f8mnett. Enkel plassering i stikkontakt."},{"@type":"BreadcrumbList","@id":"https:\/\/emf-consult.com\/nettbutikk\/produkt\/stoyfilter-panda15x2\/#breadcrumb","itemListElement":[{"@type":"ListItem","position":1,"name":"Hjem","item":"https:\/\/emf-consult.com\/nettbutikk\/"},{"@type":"ListItem","position":2,"name":"Butikk","item":"https:\/\/emf-consult.com\/nettbutikk\/butikk\/"},{"@type":"ListItem","position":3,"name":"St\u00f8yfilter PANDA15X2"}]},{"@type":"WebSite","@id":"https:\/\/emf-consult.com\/nettbutikk\/#website","url":"https:\/\/emf-consult.com\/nettbutikk\/","name":"EMF Consult","description":"Nettbutikk - Beskyttelse mot str\u00e5ling","publisher":{"@id":"https:\/\/emf-consult.com\/nettbutikk\/#organization"},"potentialAction":[{"@type":"SearchAction","target":{"@type":"EntryPoint","urlTemplate":"https:\/\/emf-consult.com\/nettbutikk\/?s={search_term_string}"},"query-input":{"@type":"PropertyValueSpecification","valueRequired":true,"valueName":"search_term_string"}}],"inLanguage":"nb-NO"},{"@type":"Organization","@id":"https:\/\/emf-consult.com\/nettbutikk\/#organization","name":"EMF Consult AS","url":"https:\/\/emf-consult.com\/nettbutikk\/","logo":{"@type":"ImageObject","inLanguage":"nb-NO","@id":"https:\/\/emf-consult.com\/nettbutikk\/#\/schema\/logo\/image\/","url":"https:\/\/emf-consult.com\/nettbutikk\/wp-content\/uploads\/2022\/07\/cropped-Favikon-rod-e1658786300694.png","contentUrl":"https:\/\/emf-consult.com\/nettbutikk\/wp-content\/uploads\/2022\/07\/cropped-Favikon-rod-e1658786300694.png","width":150,"height":150,"caption":"EMF Consult AS"},"image":{"@id":"https:\/\/emf-consult.com\/nettbutikk\/#\/schema\/logo\/image\/"},"sameAs":["https:\/\/www.facebook.com\/emfconsult","https:\/\/www.linkedin.com\/company\/emf-consult\/"]}]}},"_links":{"self":[{"href":"https:\/\/emf-consult.com\/nettbutikk\/wp-json\/wp\/v2\/product\/16333","targetHints":{"allow":["GET"]}}],"collection":[{"href":"https:\/\/emf-consult.com\/nettbutikk\/wp-json\/wp\/v2\/product"}],"about":[{"href":"https:\/\/emf-consult.com\/nettbutikk\/wp-json\/wp\/v2\/types\/product"}],"replies":[{"embeddable":true,"href":"https:\/\/emf-consult.com\/nettbutikk\/wp-json\/wp\/v2\/comments?post=16333"}],"wp:featuredmedia":[{"embeddable":true,"href":"https:\/\/emf-consult.com\/nettbutikk\/wp-json\/wp\/v2\/media\/12497"}],"wp:attachment":[{"href":"https:\/\/emf-consult.com\/nettbutikk\/wp-json\/wp\/v2\/media?parent=16333"}],"wp:term":[{"taxonomy":"product_brand","embeddable":true,"href":"https:\/\/emf-consult.com\/nettbutikk\/wp-json\/wp\/v2\/product_brand?post=16333"},{"taxonomy":"product_cat","embeddable":true,"href":"https:\/\/emf-consult.com\/nettbutikk\/wp-json\/wp\/v2\/product_cat?post=16333"},{"taxonomy":"product_tag","embeddable":true,"href":"https:\/\/emf-consult.com\/nettbutikk\/wp-json\/wp\/v2\/product_tag?post=16333"}],"curies":[{"name":"wp","href":"https:\/\/api.w.org\/{rel}","templated":true}]}}