{"id":16091,"date":"2023-08-28T10:36:22","date_gmt":"2023-08-28T08:36:22","guid":{"rendered":"https:\/\/emf-consult.com\/nettbutikk\/?post_type=product&#038;p=16091"},"modified":"2026-03-05T14:17:39","modified_gmt":"2026-03-05T13:17:39","slug":"safesleeve-laptop-emf-straling-og-beskyttelses-veske","status":"publish","type":"product","link":"https:\/\/emf-consult.com\/nettbutikk\/produkt\/safesleeve-laptop-emf-straling-og-beskyttelses-veske\/","title":{"rendered":"Safesleeve Laptop EMF-str\u00e5ling og beskyttelses veske"},"content":{"rendered":"<p>Safesleeve fler-lags EMF-skjermings teknologi.<\/p>\n<p>Safesleeve Laptop EMF-str\u00e5lings og beskyttelses veske er en dobbeltsidig b\u00e6re- og beskyttelse veske med et avansert EMF-skjold, som er i stand til \u00e5 blokkere opptil 99% av RF-str\u00e5ling og over 92% av LF-felt.<\/p>\n<p>Benyttes for \u00e5 beskytte din b\u00e6rbare datamaskinen eller nettbrettet mens du er p\u00e5 farten, bare legg den i den polstrede vesken for \u00e5 beskytte enheten mot skade.<\/p>\n<p>Funksjoner:<img loading=\"lazy\" decoding=\"async\" class=\" wd-lazy-fade  wp-image-16773 alignright\" src=\"https:\/\/emf-consult.com\/nettbutikk\/wp-content\/themes\/woodmart\/images\/lazy.svg\" data-src=\"https:\/\/emf-consult.com\/nettbutikk\/wp-content\/uploads\/2023\/08\/laptop_radiation_diagram_with_exploded_1024x1024.webp\" alt=\"\" width=\"403\" height=\"217\" srcset=\"\" data-srcset=\"https:\/\/emf-consult.com\/nettbutikk\/wp-content\/uploads\/2023\/08\/laptop_radiation_diagram_with_exploded_1024x1024.webp 723w, https:\/\/emf-consult.com\/nettbutikk\/wp-content\/uploads\/2023\/08\/laptop_radiation_diagram_with_exploded_1024x1024-300x162.webp 300w, https:\/\/emf-consult.com\/nettbutikk\/wp-content\/uploads\/2023\/08\/laptop_radiation_diagram_with_exploded_1024x1024-150x81.webp 150w\" sizes=\"auto, (max-width: 403px) 100vw, 403px\" \/><\/p>\n<ul>\n<li>Flere lag av avansert skjerming blokkerer opptil 99% av EMF-str\u00e5ling<\/li>\n<li>Lett og slank design for enkel portabilitet<\/li>\n<li>Polstret rom gir beskyttelse for din b\u00e6rbare datamaskin mens du er p\u00e5 farten<\/li>\n<li>Innbygget musematte.<\/li>\n<\/ul>\n<p>&nbsp;<\/p>\n<p>&nbsp;<\/p>\n<p><iframe loading=\"lazy\" title=\"EMF Radiation Blocking Laptop Lap Desk and Case by SafeSleeve\" width=\"500\" height=\"281\" src=\"https:\/\/www.youtube.com\/embed\/szjLQVRtbFI?feature=oembed\" frameborder=\"0\" allow=\"accelerometer; autoplay; clipboard-write; encrypted-media; gyroscope; picture-in-picture; web-share\" referrerpolicy=\"strict-origin-when-cross-origin\" allowfullscreen><\/iframe><\/p>\n<p>&nbsp;<\/p>\n","protected":false},"excerpt":{"rendered":"<p>Testet av FCC-sertifiserte laboratorier, reduserer Safesleeve&#8217;s teknologi inntil 99% av RF-str\u00e5ling og 92% av ELF-felt.<\/p>\n<ul>\n<li>Ekstremt lavfrekvent elektrisk str\u00e5ling fra undersiden av laptop.<\/li>\n<li>WiFi-str\u00e5ling (NB: Skjermer ikke for str\u00e5lingen som g\u00e5r mot kroppen n\u00e5r PC ligger opp\u00e5 vesken!)<\/li>\n<li>Bluetooth-str\u00e5ling (NB: Skjermer ikke for str\u00e5lingen som g\u00e5r mot kroppen n\u00e5r PC ligger opp\u00e5 vesken!)<\/li>\n<li>Varmestr\u00e5ling fra undersiden av laptop.<\/li>\n<\/ul>\n<div class=\"tlid-input input\">\n<div class=\"source-wrap\">\n<div class=\"input-full-height-wrapper tlid-input-full-height-wrapper\">\n<div class=\"source-input\">\n<div class=\"source-footer-wrap source-or-target-footer\">\n<div class=\"source-footer\">\n<div class=\"src-tts left-positioned ttsbutton jfk-button-flat source-or-target-footer-button jfk-button\" tabindex=\"0\" role=\"button\" aria-label=\"Listen\" data-tooltip=\"Listen\" aria-pressed=\"false\" data-tooltip-align=\"t,c\" aria-hidden=\"false\" aria-disabled=\"false\">\n<div class=\"jfk-button-img\">Spesifikasjoner:<\/div>\n<\/div>\n<div>Liten<\/div>\n<ul>\n<li>Vekt: 0,35 kg<\/li>\n<li><span class=\"tlid-translation translation\" lang=\"no\"><span title=\"\">Dimensjoner: 34 x 26 x 0,7 cm\u00a0<\/span><\/span><\/li>\n<li>Farge: Svart<\/li>\n<li><span class=\"tlid-translation translation\" lang=\"no\"><span class=\"\" title=\"\">Designet for \u00e5 passe PC og MAC b\u00e6rbare datamaskiner med opptil 13&#8243; skjerm<\/span><\/span><\/li>\n<\/ul>\n<div>Stor<\/div>\n<ul>\n<li>Vekt: 0,4 kg<\/li>\n<li><span class=\"tlid-translation translation\" lang=\"no\"><span title=\"\">Dimensjoner: 40 x 28 x 0,7 cm\u00a0<\/span><\/span><\/li>\n<li>Farge: Svart<\/li>\n<li><span class=\"tlid-translation translation\" lang=\"no\"><span class=\"\" title=\"\">Designet for \u00e5 passe PC og MAC b\u00e6rbare datamaskiner med opptil 15&#8243; skjerm<\/span><\/span><\/li>\n<\/ul>\n<ul>\n<li><b>12-14&#8243; <\/b>passer 12&#8243; MacBook, 13&#8243; MacBook Pro og de fleste 12-14&#8243; PC Laptop&#8217;er (inntil 13.5 x 9.5 x 1.2 tommer, eller 33,75 x 23,75 x 3 cm )<\/li>\n<li><b>15-16&#8243;\u00a0<\/b>passer 15&#8243; MacBook Pro og de fleste 15-16&#8243; PC Laptop&#8217;er (inntil 14.8 x 10.5 x 1.2 tommer, eller 37 x 26,25 x 3 cm)<\/li>\n<\/ul>\n<\/div>\n<\/div>\n<\/div>\n<\/div>\n<\/div>\n<\/div>\n<div class=\"tlid-results-container results-container\">\n<div class=\"tlid-result result-dict-wrapper\">\n<div class=\"result tlid-copy-target\">\n<div class=\"text-wrap tlid-copy-target\"><\/div>\n<\/div>\n<\/div>\n<\/div>\n","protected":false},"featured_media":16097,"comment_status":"open","ping_status":"closed","template":"","meta":[],"product_brand":[],"product_cat":[29],"product_tag":[],"class_list":{"0":"post-16091","1":"product","2":"type-product","3":"status-publish","4":"has-post-thumbnail","6":"product_cat-data-tele","7":"pa_storrelse-liten-opp-til-13-skjerm","8":"pa_storrelse-stor-opp-til-15-skjerm","10":"first","11":"instock","12":"taxable","13":"shipping-taxable","14":"purchasable","15":"product-type-variable"},"yoast_head":"<!-- This site is optimized with the Yoast SEO plugin v27.3 - https:\/\/yoast.com\/product\/yoast-seo-wordpress\/ -->\n<title>Safesleeve Laptop EMF-str\u00e5ling og beskyttelses veske - EMF Consult<\/title>\n<meta name=\"robots\" content=\"index, follow, max-snippet:-1, max-image-preview:large, max-video-preview:-1\" \/>\n<link rel=\"canonical\" href=\"https:\/\/emf-consult.com\/nettbutikk\/produkt\/safesleeve-laptop-emf-straling-og-beskyttelses-veske\/\" \/>\n<meta property=\"og:locale\" content=\"nb_NO\" \/>\n<meta property=\"og:type\" content=\"article\" \/>\n<meta property=\"og:title\" content=\"Safesleeve Laptop EMF-str\u00e5ling og beskyttelses veske - EMF Consult\" \/>\n<meta property=\"og:description\" content=\"Testet av FCC-sertifiserte laboratorier, reduserer Safesleeve&#039;s teknologi inntil 99% av RF-str\u00e5ling og 92% av ELF-felt.   Ekstremt lavfrekvent elektrisk str\u00e5ling fra undersiden av laptop.  WiFi-str\u00e5ling (NB: Skjermer ikke for str\u00e5lingen som g\u00e5r mot kroppen n\u00e5r PC ligger opp\u00e5 vesken!)  Bluetooth-str\u00e5ling (NB: Skjermer ikke for str\u00e5lingen som g\u00e5r mot kroppen n\u00e5r PC ligger opp\u00e5 vesken!)  Varmestr\u00e5ling fra undersiden av laptop.         Spesifikasjoner:  Liten   Vekt: 0,35 kg  Dimensjoner: 34 x 26 x 0,7 cm\u00a0  Farge: Svart  Designet for \u00e5 passe PC og MAC b\u00e6rbare datamaskiner med opptil 13&quot; skjerm  Stor   Vekt: 0,4 kg  Dimensjoner: 40 x 28 x 0,7 cm\u00a0  Farge: Svart  Designet for \u00e5 passe PC og MAC b\u00e6rbare datamaskiner med opptil 15&quot; skjerm    12-14&quot; passer 12&quot; MacBook, 13&quot; MacBook Pro og de fleste 12-14&quot; PC Laptop&#039;er (inntil 13.5 x 9.5 x 1.2 tommer, eller 33,75 x 23,75 x 3 cm )  15-16&quot;\u00a0passer 15&quot; MacBook Pro og de fleste 15-16&quot; PC Laptop&#039;er (inntil 14.8 x 10.5 x 1.2 tommer, eller 37 x 26,25 x 3 cm)\" \/>\n<meta property=\"og:url\" content=\"https:\/\/emf-consult.com\/nettbutikk\/produkt\/safesleeve-laptop-emf-straling-og-beskyttelses-veske\/\" \/>\n<meta property=\"og:site_name\" content=\"EMF Consult\" \/>\n<meta property=\"article:publisher\" content=\"https:\/\/www.facebook.com\/emfconsult\" \/>\n<meta property=\"article:modified_time\" content=\"2026-03-05T13:17:39+00:00\" \/>\n<meta property=\"og:image\" content=\"https:\/\/emf-consult.com\/nettbutikk\/wp-content\/uploads\/2023\/08\/Laptop-case.webp\" \/>\n\t<meta property=\"og:image:width\" content=\"1000\" \/>\n\t<meta property=\"og:image:height\" content=\"1000\" \/>\n\t<meta property=\"og:image:type\" content=\"image\/webp\" \/>\n<meta name=\"twitter:card\" content=\"summary_large_image\" \/>\n<meta name=\"twitter:label1\" content=\"Ansl. lesetid\" \/>\n\t<meta name=\"twitter:data1\" content=\"1 minutt\" \/>\n<script type=\"application\/ld+json\" class=\"yoast-schema-graph\">{\"@context\":\"https:\\\/\\\/schema.org\",\"@graph\":[{\"@type\":\"WebPage\",\"@id\":\"https:\\\/\\\/emf-consult.com\\\/nettbutikk\\\/produkt\\\/safesleeve-laptop-emf-straling-og-beskyttelses-veske\\\/\",\"url\":\"https:\\\/\\\/emf-consult.com\\\/nettbutikk\\\/produkt\\\/safesleeve-laptop-emf-straling-og-beskyttelses-veske\\\/\",\"name\":\"Safesleeve Laptop EMF-str\u00e5ling og beskyttelses veske - EMF Consult\",\"isPartOf\":{\"@id\":\"https:\\\/\\\/emf-consult.com\\\/nettbutikk\\\/#website\"},\"primaryImageOfPage\":{\"@id\":\"https:\\\/\\\/emf-consult.com\\\/nettbutikk\\\/produkt\\\/safesleeve-laptop-emf-straling-og-beskyttelses-veske\\\/#primaryimage\"},\"image\":{\"@id\":\"https:\\\/\\\/emf-consult.com\\\/nettbutikk\\\/produkt\\\/safesleeve-laptop-emf-straling-og-beskyttelses-veske\\\/#primaryimage\"},\"thumbnailUrl\":\"https:\\\/\\\/emf-consult.com\\\/nettbutikk\\\/wp-content\\\/uploads\\\/2023\\\/08\\\/Laptop-case.webp\",\"datePublished\":\"2023-08-28T08:36:22+00:00\",\"dateModified\":\"2026-03-05T13:17:39+00:00\",\"breadcrumb\":{\"@id\":\"https:\\\/\\\/emf-consult.com\\\/nettbutikk\\\/produkt\\\/safesleeve-laptop-emf-straling-og-beskyttelses-veske\\\/#breadcrumb\"},\"inLanguage\":\"nb-NO\",\"potentialAction\":[{\"@type\":\"ReadAction\",\"target\":[\"https:\\\/\\\/emf-consult.com\\\/nettbutikk\\\/produkt\\\/safesleeve-laptop-emf-straling-og-beskyttelses-veske\\\/\"]}]},{\"@type\":\"ImageObject\",\"inLanguage\":\"nb-NO\",\"@id\":\"https:\\\/\\\/emf-consult.com\\\/nettbutikk\\\/produkt\\\/safesleeve-laptop-emf-straling-og-beskyttelses-veske\\\/#primaryimage\",\"url\":\"https:\\\/\\\/emf-consult.com\\\/nettbutikk\\\/wp-content\\\/uploads\\\/2023\\\/08\\\/Laptop-case.webp\",\"contentUrl\":\"https:\\\/\\\/emf-consult.com\\\/nettbutikk\\\/wp-content\\\/uploads\\\/2023\\\/08\\\/Laptop-case.webp\",\"width\":1000,\"height\":1000},{\"@type\":\"BreadcrumbList\",\"@id\":\"https:\\\/\\\/emf-consult.com\\\/nettbutikk\\\/produkt\\\/safesleeve-laptop-emf-straling-og-beskyttelses-veske\\\/#breadcrumb\",\"itemListElement\":[{\"@type\":\"ListItem\",\"position\":1,\"name\":\"Hjem\",\"item\":\"https:\\\/\\\/emf-consult.com\\\/nettbutikk\\\/\"},{\"@type\":\"ListItem\",\"position\":2,\"name\":\"Butikk\",\"item\":\"https:\\\/\\\/emf-consult.com\\\/nettbutikk\\\/butikk\\\/\"},{\"@type\":\"ListItem\",\"position\":3,\"name\":\"Safesleeve Laptop EMF-str\u00e5ling og beskyttelses veske\"}]},{\"@type\":\"WebSite\",\"@id\":\"https:\\\/\\\/emf-consult.com\\\/nettbutikk\\\/#website\",\"url\":\"https:\\\/\\\/emf-consult.com\\\/nettbutikk\\\/\",\"name\":\"EMF Consult\",\"description\":\"Nettbutikk - Beskyttelse mot str\u00e5ling\",\"publisher\":{\"@id\":\"https:\\\/\\\/emf-consult.com\\\/nettbutikk\\\/#organization\"},\"potentialAction\":[{\"@type\":\"SearchAction\",\"target\":{\"@type\":\"EntryPoint\",\"urlTemplate\":\"https:\\\/\\\/emf-consult.com\\\/nettbutikk\\\/?s={search_term_string}\"},\"query-input\":{\"@type\":\"PropertyValueSpecification\",\"valueRequired\":true,\"valueName\":\"search_term_string\"}}],\"inLanguage\":\"nb-NO\"},{\"@type\":\"Organization\",\"@id\":\"https:\\\/\\\/emf-consult.com\\\/nettbutikk\\\/#organization\",\"name\":\"EMF Consult AS\",\"url\":\"https:\\\/\\\/emf-consult.com\\\/nettbutikk\\\/\",\"logo\":{\"@type\":\"ImageObject\",\"inLanguage\":\"nb-NO\",\"@id\":\"https:\\\/\\\/emf-consult.com\\\/nettbutikk\\\/#\\\/schema\\\/logo\\\/image\\\/\",\"url\":\"https:\\\/\\\/emf-consult.com\\\/nettbutikk\\\/wp-content\\\/uploads\\\/2022\\\/07\\\/cropped-Favikon-rod-e1658786300694.png\",\"contentUrl\":\"https:\\\/\\\/emf-consult.com\\\/nettbutikk\\\/wp-content\\\/uploads\\\/2022\\\/07\\\/cropped-Favikon-rod-e1658786300694.png\",\"width\":150,\"height\":150,\"caption\":\"EMF Consult AS\"},\"image\":{\"@id\":\"https:\\\/\\\/emf-consult.com\\\/nettbutikk\\\/#\\\/schema\\\/logo\\\/image\\\/\"},\"sameAs\":[\"https:\\\/\\\/www.facebook.com\\\/emfconsult\",\"https:\\\/\\\/www.linkedin.com\\\/company\\\/emf-consult\\\/\"]}]}<\/script>\n<!-- \/ Yoast SEO plugin. -->","yoast_head_json":{"title":"Safesleeve Laptop EMF-str\u00e5ling og beskyttelses veske - EMF Consult","robots":{"index":"index","follow":"follow","max-snippet":"max-snippet:-1","max-image-preview":"max-image-preview:large","max-video-preview":"max-video-preview:-1"},"canonical":"https:\/\/emf-consult.com\/nettbutikk\/produkt\/safesleeve-laptop-emf-straling-og-beskyttelses-veske\/","og_locale":"nb_NO","og_type":"article","og_title":"Safesleeve Laptop EMF-str\u00e5ling og beskyttelses veske - EMF Consult","og_description":"Testet av FCC-sertifiserte laboratorier, reduserer Safesleeve's teknologi inntil 99% av RF-str\u00e5ling og 92% av ELF-felt.   Ekstremt lavfrekvent elektrisk str\u00e5ling fra undersiden av laptop.  WiFi-str\u00e5ling (NB: Skjermer ikke for str\u00e5lingen som g\u00e5r mot kroppen n\u00e5r PC ligger opp\u00e5 vesken!)  Bluetooth-str\u00e5ling (NB: Skjermer ikke for str\u00e5lingen som g\u00e5r mot kroppen n\u00e5r PC ligger opp\u00e5 vesken!)  Varmestr\u00e5ling fra undersiden av laptop.         Spesifikasjoner:  Liten   Vekt: 0,35 kg  Dimensjoner: 34 x 26 x 0,7 cm\u00a0  Farge: Svart  Designet for \u00e5 passe PC og MAC b\u00e6rbare datamaskiner med opptil 13\" skjerm  Stor   Vekt: 0,4 kg  Dimensjoner: 40 x 28 x 0,7 cm\u00a0  Farge: Svart  Designet for \u00e5 passe PC og MAC b\u00e6rbare datamaskiner med opptil 15\" skjerm    12-14\" passer 12\" MacBook, 13\" MacBook Pro og de fleste 12-14\" PC Laptop'er (inntil 13.5 x 9.5 x 1.2 tommer, eller 33,75 x 23,75 x 3 cm )  15-16\"\u00a0passer 15\" MacBook Pro og de fleste 15-16\" PC Laptop'er (inntil 14.8 x 10.5 x 1.2 tommer, eller 37 x 26,25 x 3 cm)","og_url":"https:\/\/emf-consult.com\/nettbutikk\/produkt\/safesleeve-laptop-emf-straling-og-beskyttelses-veske\/","og_site_name":"EMF Consult","article_publisher":"https:\/\/www.facebook.com\/emfconsult","article_modified_time":"2026-03-05T13:17:39+00:00","og_image":[{"width":1000,"height":1000,"url":"https:\/\/emf-consult.com\/nettbutikk\/wp-content\/uploads\/2023\/08\/Laptop-case.webp","type":"image\/webp"}],"twitter_card":"summary_large_image","twitter_misc":{"Ansl. lesetid":"1 minutt"},"schema":{"@context":"https:\/\/schema.org","@graph":[{"@type":"WebPage","@id":"https:\/\/emf-consult.com\/nettbutikk\/produkt\/safesleeve-laptop-emf-straling-og-beskyttelses-veske\/","url":"https:\/\/emf-consult.com\/nettbutikk\/produkt\/safesleeve-laptop-emf-straling-og-beskyttelses-veske\/","name":"Safesleeve Laptop EMF-str\u00e5ling og beskyttelses veske - EMF Consult","isPartOf":{"@id":"https:\/\/emf-consult.com\/nettbutikk\/#website"},"primaryImageOfPage":{"@id":"https:\/\/emf-consult.com\/nettbutikk\/produkt\/safesleeve-laptop-emf-straling-og-beskyttelses-veske\/#primaryimage"},"image":{"@id":"https:\/\/emf-consult.com\/nettbutikk\/produkt\/safesleeve-laptop-emf-straling-og-beskyttelses-veske\/#primaryimage"},"thumbnailUrl":"https:\/\/emf-consult.com\/nettbutikk\/wp-content\/uploads\/2023\/08\/Laptop-case.webp","datePublished":"2023-08-28T08:36:22+00:00","dateModified":"2026-03-05T13:17:39+00:00","breadcrumb":{"@id":"https:\/\/emf-consult.com\/nettbutikk\/produkt\/safesleeve-laptop-emf-straling-og-beskyttelses-veske\/#breadcrumb"},"inLanguage":"nb-NO","potentialAction":[{"@type":"ReadAction","target":["https:\/\/emf-consult.com\/nettbutikk\/produkt\/safesleeve-laptop-emf-straling-og-beskyttelses-veske\/"]}]},{"@type":"ImageObject","inLanguage":"nb-NO","@id":"https:\/\/emf-consult.com\/nettbutikk\/produkt\/safesleeve-laptop-emf-straling-og-beskyttelses-veske\/#primaryimage","url":"https:\/\/emf-consult.com\/nettbutikk\/wp-content\/uploads\/2023\/08\/Laptop-case.webp","contentUrl":"https:\/\/emf-consult.com\/nettbutikk\/wp-content\/uploads\/2023\/08\/Laptop-case.webp","width":1000,"height":1000},{"@type":"BreadcrumbList","@id":"https:\/\/emf-consult.com\/nettbutikk\/produkt\/safesleeve-laptop-emf-straling-og-beskyttelses-veske\/#breadcrumb","itemListElement":[{"@type":"ListItem","position":1,"name":"Hjem","item":"https:\/\/emf-consult.com\/nettbutikk\/"},{"@type":"ListItem","position":2,"name":"Butikk","item":"https:\/\/emf-consult.com\/nettbutikk\/butikk\/"},{"@type":"ListItem","position":3,"name":"Safesleeve Laptop EMF-str\u00e5ling og beskyttelses veske"}]},{"@type":"WebSite","@id":"https:\/\/emf-consult.com\/nettbutikk\/#website","url":"https:\/\/emf-consult.com\/nettbutikk\/","name":"EMF Consult","description":"Nettbutikk - Beskyttelse mot str\u00e5ling","publisher":{"@id":"https:\/\/emf-consult.com\/nettbutikk\/#organization"},"potentialAction":[{"@type":"SearchAction","target":{"@type":"EntryPoint","urlTemplate":"https:\/\/emf-consult.com\/nettbutikk\/?s={search_term_string}"},"query-input":{"@type":"PropertyValueSpecification","valueRequired":true,"valueName":"search_term_string"}}],"inLanguage":"nb-NO"},{"@type":"Organization","@id":"https:\/\/emf-consult.com\/nettbutikk\/#organization","name":"EMF Consult AS","url":"https:\/\/emf-consult.com\/nettbutikk\/","logo":{"@type":"ImageObject","inLanguage":"nb-NO","@id":"https:\/\/emf-consult.com\/nettbutikk\/#\/schema\/logo\/image\/","url":"https:\/\/emf-consult.com\/nettbutikk\/wp-content\/uploads\/2022\/07\/cropped-Favikon-rod-e1658786300694.png","contentUrl":"https:\/\/emf-consult.com\/nettbutikk\/wp-content\/uploads\/2022\/07\/cropped-Favikon-rod-e1658786300694.png","width":150,"height":150,"caption":"EMF Consult AS"},"image":{"@id":"https:\/\/emf-consult.com\/nettbutikk\/#\/schema\/logo\/image\/"},"sameAs":["https:\/\/www.facebook.com\/emfconsult","https:\/\/www.linkedin.com\/company\/emf-consult\/"]}]}},"_links":{"self":[{"href":"https:\/\/emf-consult.com\/nettbutikk\/wp-json\/wp\/v2\/product\/16091","targetHints":{"allow":["GET"]}}],"collection":[{"href":"https:\/\/emf-consult.com\/nettbutikk\/wp-json\/wp\/v2\/product"}],"about":[{"href":"https:\/\/emf-consult.com\/nettbutikk\/wp-json\/wp\/v2\/types\/product"}],"replies":[{"embeddable":true,"href":"https:\/\/emf-consult.com\/nettbutikk\/wp-json\/wp\/v2\/comments?post=16091"}],"wp:featuredmedia":[{"embeddable":true,"href":"https:\/\/emf-consult.com\/nettbutikk\/wp-json\/wp\/v2\/media\/16097"}],"wp:attachment":[{"href":"https:\/\/emf-consult.com\/nettbutikk\/wp-json\/wp\/v2\/media?parent=16091"}],"wp:term":[{"taxonomy":"product_brand","embeddable":true,"href":"https:\/\/emf-consult.com\/nettbutikk\/wp-json\/wp\/v2\/product_brand?post=16091"},{"taxonomy":"product_cat","embeddable":true,"href":"https:\/\/emf-consult.com\/nettbutikk\/wp-json\/wp\/v2\/product_cat?post=16091"},{"taxonomy":"product_tag","embeddable":true,"href":"https:\/\/emf-consult.com\/nettbutikk\/wp-json\/wp\/v2\/product_tag?post=16091"}],"curies":[{"name":"wp","href":"https:\/\/api.w.org\/{rel}","templated":true}]}}