{"id":15449,"date":"2023-02-14T09:00:10","date_gmt":"2023-02-14T08:00:10","guid":{"rendered":"https:\/\/emf-consult.com\/nettbutikk\/?post_type=product&#038;p=15449"},"modified":"2026-03-30T10:15:47","modified_gmt":"2026-03-30T08:15:47","slug":"safesleeve-laptop-emf-straling-og-varmeskjold","status":"publish","type":"product","link":"https:\/\/emf-consult.com\/nettbutikk\/produkt\/safesleeve-laptop-emf-straling-og-varmeskjold\/","title":{"rendered":"Safesleeve Laptop EMF-str\u00e5ling og -varmeskjold"},"content":{"rendered":"<p>B\u00e6rbart str\u00e5lingsskjold for PC\/MAC, nettbrett eller annen elektronisk enhet.<\/p>\n<p><a href=\"https:\/\/www.safesleevecases.com\/pages\/lab-tested\" target=\"_blank\" rel=\"noopener\">Laboratorietestet<\/a> skjermingsteknologi som kan blokkere over 99% av HF (5G, Wi-Fi, etc.) og opptil 92% av LF (batteri, vekselstr\u00f8m, etc.). Str\u00e5ling fra den b\u00e6rbare datamaskinen reduseres betydelig ved bruk av dette stilige og holdbare laptop EMF-str\u00e5ling og -varmeskjoldet med en innebygd sikker oppbevaringslomme.\u00a0 Oppbevar den p\u00e5 sofaen for enkel tilgang for deg og hele familien, eller ta den med p\u00e5 farten!<\/p>\n<p>Bare plasser Laptop EMF-str\u00e5ling og -varmeskjold mellom din b\u00e6rbare enhet og din kropp for \u00e5 beskytte deg mot et bredt spekter av elektromagnetiske felt og varme.<\/p>\n<p>Funksjoner:<\/p>\n<ul>\n<li>Flere lag av avansert skjerming blokkerer opptil 99% av EMF-str\u00e5ling<\/li>\n<li>Uovertruffen blokkering av termisk str\u00e5ling (varme)<\/li>\n<li>Strukturert overflate forhindre b\u00e6rbar PC\/MAC, s\u00e5 vel som andre enheter, fra \u00e5 bevege seg og skli<\/li>\n<\/ul>\n<p>Legg ditt str\u00e5lingsskjold p\u00e5 en <a href=\"https:\/\/emf-consult.com\/nettbutikk\/produkt\/defenderpad-pute\/\">DefenderPad\u00ae-pute<\/a>, en ergonomisk minneskumpute som fungerer som et komfortabelt arbeidsbord n\u00e5r du sitter i godstolen eller sofaen.<\/p>\n<p><iframe loading=\"lazy\" title=\"EMF Radiation Blocking Laptop Lap Desk and Case by SafeSleeve\" width=\"500\" height=\"281\" src=\"https:\/\/www.youtube.com\/embed\/szjLQVRtbFI?start=36&#038;feature=oembed\" frameborder=\"0\" allow=\"accelerometer; autoplay; clipboard-write; encrypted-media; gyroscope; picture-in-picture; web-share\" referrerpolicy=\"strict-origin-when-cross-origin\" allowfullscreen><\/iframe><\/p>\n","protected":false},"excerpt":{"rendered":"<p>Testet til \u00e5 redusere inntil 99% av elektromagnetisk str\u00e5ling (EMF) fra 0-10 GHz, som inkluderer:<\/p>\n<ul>\n<li>Ekstremt lavfrekvent elektrisk str\u00e5ling<\/li>\n<li>WiFi-str\u00e5ling (NB: Skjermer ikke for str\u00e5lingen som g\u00e5r mot resten av kroppen!)<\/li>\n<li>Bluetooth-str\u00e5ling (NB: Skjermer ikke for str\u00e5lingen som g\u00e5r mot resten av kroppen!)<\/li>\n<li>Varmestr\u00e5ling<\/li>\n<\/ul>\n<div class=\"tlid-input input\">\n<div class=\"source-wrap\">\n<div class=\"input-full-height-wrapper tlid-input-full-height-wrapper\">\n<div class=\"source-input\">\n<div class=\"source-footer-wrap source-or-target-footer\">\n<div class=\"source-footer\">\n<div class=\"src-tts left-positioned ttsbutton jfk-button-flat source-or-target-footer-button jfk-button\" role=\"button\" aria-label=\"Listen\" data-tooltip=\"Listen\" data-tooltip-align=\"t,c\" aria-hidden=\"false\">\n<div class=\"jfk-button-img\">Spesifikasjoner:<\/div>\n<\/div>\n<\/div>\n<\/div>\n<\/div>\n<\/div>\n<\/div>\n<\/div>\n<div class=\"tlid-results-container results-container\">\n<div class=\"tlid-result result-dict-wrapper\">\n<div class=\"result tlid-copy-target\">\n<div class=\"text-wrap tlid-copy-target\">\n<ul>\n<li class=\"result-shield-container tlid-copy-target\"><span class=\"tlid-translation translation\" lang=\"no\"><span title=\"\">Vekt: 1,1 kg<\/span><\/span><\/li>\n<li class=\"result-shield-container tlid-copy-target\"><span class=\"tlid-translation translation\" lang=\"no\"><span title=\"\">Dimensjoner: 37,5&#215;26,5&#215;0,6 cm\u00a0<\/span><\/span><\/li>\n<li>Farge: Svart<\/li>\n<li class=\"result-shield-container tlid-copy-target\"><span class=\"tlid-translation translation\" lang=\"no\"><span class=\"\" title=\"\">Designet for \u00e5 passe PC og MAC b\u00e6rbare datamaskiner med opptil 15&#8243;skjerm<\/span><\/span><\/li>\n<\/ul>\n<\/div>\n<\/div>\n<\/div>\n<\/div>\n","protected":false},"featured_media":15453,"comment_status":"open","ping_status":"closed","template":"","meta":[],"product_brand":[],"product_cat":[29],"product_tag":[],"class_list":{"0":"post-15449","1":"product","2":"type-product","3":"status-publish","4":"has-post-thumbnail","6":"product_cat-data-tele","7":"pa_farge-gra","8":"pa_farge-svart","10":"first","11":"instock","12":"taxable","13":"shipping-taxable","14":"purchasable","15":"product-type-simple"},"yoast_head":"<!-- This site is optimized with the Yoast SEO plugin v27.3 - https:\/\/yoast.com\/product\/yoast-seo-wordpress\/ -->\n<title>Safesleeve Laptop EMF-str\u00e5ling og -varmeskjold - EMF Consult<\/title>\n<meta name=\"robots\" content=\"index, follow, max-snippet:-1, max-image-preview:large, max-video-preview:-1\" \/>\n<link rel=\"canonical\" href=\"https:\/\/emf-consult.com\/nettbutikk\/produkt\/safesleeve-laptop-emf-straling-og-varmeskjold\/\" \/>\n<meta property=\"og:locale\" content=\"nb_NO\" \/>\n<meta property=\"og:type\" content=\"article\" \/>\n<meta property=\"og:title\" content=\"Safesleeve Laptop EMF-str\u00e5ling og -varmeskjold - EMF Consult\" \/>\n<meta property=\"og:description\" content=\"Testet til \u00e5 redusere inntil 99% av elektromagnetisk str\u00e5ling (EMF) fra 0-10 GHz, som inkluderer:   Ekstremt lavfrekvent elektrisk str\u00e5ling  WiFi-str\u00e5ling (NB: Skjermer ikke for str\u00e5lingen som g\u00e5r mot resten av kroppen!)  Bluetooth-str\u00e5ling (NB: Skjermer ikke for str\u00e5lingen som g\u00e5r mot resten av kroppen!)  Varmestr\u00e5ling         Spesifikasjoner:              Vekt: 1,1 kg  Dimensjoner: 37,5x26,5x0,6 cm\u00a0  Farge: Svart  Designet for \u00e5 passe PC og MAC b\u00e6rbare datamaskiner med opptil 15&quot;skjerm\" \/>\n<meta property=\"og:url\" content=\"https:\/\/emf-consult.com\/nettbutikk\/produkt\/safesleeve-laptop-emf-straling-og-varmeskjold\/\" \/>\n<meta property=\"og:site_name\" content=\"EMF Consult\" \/>\n<meta property=\"article:publisher\" content=\"https:\/\/www.facebook.com\/emfconsult\" \/>\n<meta property=\"article:modified_time\" content=\"2026-03-30T08:15:47+00:00\" \/>\n<meta property=\"og:image\" content=\"https:\/\/emf-consult.com\/nettbutikk\/wp-content\/uploads\/2023\/02\/LP13-Black-01_1800x1800.webp\" \/>\n\t<meta property=\"og:image:width\" content=\"1800\" \/>\n\t<meta property=\"og:image:height\" content=\"1800\" \/>\n\t<meta property=\"og:image:type\" content=\"image\/webp\" \/>\n<meta name=\"twitter:card\" content=\"summary_large_image\" \/>\n<meta name=\"twitter:label1\" content=\"Ansl. lesetid\" \/>\n\t<meta name=\"twitter:data1\" content=\"1 minutt\" \/>\n<script type=\"application\/ld+json\" class=\"yoast-schema-graph\">{\"@context\":\"https:\\\/\\\/schema.org\",\"@graph\":[{\"@type\":\"WebPage\",\"@id\":\"https:\\\/\\\/emf-consult.com\\\/nettbutikk\\\/produkt\\\/safesleeve-laptop-emf-straling-og-varmeskjold\\\/\",\"url\":\"https:\\\/\\\/emf-consult.com\\\/nettbutikk\\\/produkt\\\/safesleeve-laptop-emf-straling-og-varmeskjold\\\/\",\"name\":\"Safesleeve Laptop EMF-str\u00e5ling og -varmeskjold - EMF Consult\",\"isPartOf\":{\"@id\":\"https:\\\/\\\/emf-consult.com\\\/nettbutikk\\\/#website\"},\"primaryImageOfPage\":{\"@id\":\"https:\\\/\\\/emf-consult.com\\\/nettbutikk\\\/produkt\\\/safesleeve-laptop-emf-straling-og-varmeskjold\\\/#primaryimage\"},\"image\":{\"@id\":\"https:\\\/\\\/emf-consult.com\\\/nettbutikk\\\/produkt\\\/safesleeve-laptop-emf-straling-og-varmeskjold\\\/#primaryimage\"},\"thumbnailUrl\":\"https:\\\/\\\/emf-consult.com\\\/nettbutikk\\\/wp-content\\\/uploads\\\/2023\\\/02\\\/LP13-Black-01_1800x1800.webp\",\"datePublished\":\"2023-02-14T08:00:10+00:00\",\"dateModified\":\"2026-03-30T08:15:47+00:00\",\"breadcrumb\":{\"@id\":\"https:\\\/\\\/emf-consult.com\\\/nettbutikk\\\/produkt\\\/safesleeve-laptop-emf-straling-og-varmeskjold\\\/#breadcrumb\"},\"inLanguage\":\"nb-NO\",\"potentialAction\":[{\"@type\":\"ReadAction\",\"target\":[\"https:\\\/\\\/emf-consult.com\\\/nettbutikk\\\/produkt\\\/safesleeve-laptop-emf-straling-og-varmeskjold\\\/\"]}]},{\"@type\":\"ImageObject\",\"inLanguage\":\"nb-NO\",\"@id\":\"https:\\\/\\\/emf-consult.com\\\/nettbutikk\\\/produkt\\\/safesleeve-laptop-emf-straling-og-varmeskjold\\\/#primaryimage\",\"url\":\"https:\\\/\\\/emf-consult.com\\\/nettbutikk\\\/wp-content\\\/uploads\\\/2023\\\/02\\\/LP13-Black-01_1800x1800.webp\",\"contentUrl\":\"https:\\\/\\\/emf-consult.com\\\/nettbutikk\\\/wp-content\\\/uploads\\\/2023\\\/02\\\/LP13-Black-01_1800x1800.webp\",\"width\":1800,\"height\":1800},{\"@type\":\"BreadcrumbList\",\"@id\":\"https:\\\/\\\/emf-consult.com\\\/nettbutikk\\\/produkt\\\/safesleeve-laptop-emf-straling-og-varmeskjold\\\/#breadcrumb\",\"itemListElement\":[{\"@type\":\"ListItem\",\"position\":1,\"name\":\"Hjem\",\"item\":\"https:\\\/\\\/emf-consult.com\\\/nettbutikk\\\/\"},{\"@type\":\"ListItem\",\"position\":2,\"name\":\"Butikk\",\"item\":\"https:\\\/\\\/emf-consult.com\\\/nettbutikk\\\/butikk\\\/\"},{\"@type\":\"ListItem\",\"position\":3,\"name\":\"Safesleeve Laptop EMF-str\u00e5ling og -varmeskjold\"}]},{\"@type\":\"WebSite\",\"@id\":\"https:\\\/\\\/emf-consult.com\\\/nettbutikk\\\/#website\",\"url\":\"https:\\\/\\\/emf-consult.com\\\/nettbutikk\\\/\",\"name\":\"EMF Consult\",\"description\":\"Nettbutikk - Beskyttelse mot str\u00e5ling\",\"publisher\":{\"@id\":\"https:\\\/\\\/emf-consult.com\\\/nettbutikk\\\/#organization\"},\"potentialAction\":[{\"@type\":\"SearchAction\",\"target\":{\"@type\":\"EntryPoint\",\"urlTemplate\":\"https:\\\/\\\/emf-consult.com\\\/nettbutikk\\\/?s={search_term_string}\"},\"query-input\":{\"@type\":\"PropertyValueSpecification\",\"valueRequired\":true,\"valueName\":\"search_term_string\"}}],\"inLanguage\":\"nb-NO\"},{\"@type\":\"Organization\",\"@id\":\"https:\\\/\\\/emf-consult.com\\\/nettbutikk\\\/#organization\",\"name\":\"EMF Consult AS\",\"url\":\"https:\\\/\\\/emf-consult.com\\\/nettbutikk\\\/\",\"logo\":{\"@type\":\"ImageObject\",\"inLanguage\":\"nb-NO\",\"@id\":\"https:\\\/\\\/emf-consult.com\\\/nettbutikk\\\/#\\\/schema\\\/logo\\\/image\\\/\",\"url\":\"https:\\\/\\\/emf-consult.com\\\/nettbutikk\\\/wp-content\\\/uploads\\\/2022\\\/07\\\/cropped-Favikon-rod-e1658786300694.png\",\"contentUrl\":\"https:\\\/\\\/emf-consult.com\\\/nettbutikk\\\/wp-content\\\/uploads\\\/2022\\\/07\\\/cropped-Favikon-rod-e1658786300694.png\",\"width\":150,\"height\":150,\"caption\":\"EMF Consult AS\"},\"image\":{\"@id\":\"https:\\\/\\\/emf-consult.com\\\/nettbutikk\\\/#\\\/schema\\\/logo\\\/image\\\/\"},\"sameAs\":[\"https:\\\/\\\/www.facebook.com\\\/emfconsult\",\"https:\\\/\\\/www.linkedin.com\\\/company\\\/emf-consult\\\/\"]}]}<\/script>\n<!-- \/ Yoast SEO plugin. -->","yoast_head_json":{"title":"Safesleeve Laptop EMF-str\u00e5ling og -varmeskjold - EMF Consult","robots":{"index":"index","follow":"follow","max-snippet":"max-snippet:-1","max-image-preview":"max-image-preview:large","max-video-preview":"max-video-preview:-1"},"canonical":"https:\/\/emf-consult.com\/nettbutikk\/produkt\/safesleeve-laptop-emf-straling-og-varmeskjold\/","og_locale":"nb_NO","og_type":"article","og_title":"Safesleeve Laptop EMF-str\u00e5ling og -varmeskjold - EMF Consult","og_description":"Testet til \u00e5 redusere inntil 99% av elektromagnetisk str\u00e5ling (EMF) fra 0-10 GHz, som inkluderer:   Ekstremt lavfrekvent elektrisk str\u00e5ling  WiFi-str\u00e5ling (NB: Skjermer ikke for str\u00e5lingen som g\u00e5r mot resten av kroppen!)  Bluetooth-str\u00e5ling (NB: Skjermer ikke for str\u00e5lingen som g\u00e5r mot resten av kroppen!)  Varmestr\u00e5ling         Spesifikasjoner:              Vekt: 1,1 kg  Dimensjoner: 37,5x26,5x0,6 cm\u00a0  Farge: Svart  Designet for \u00e5 passe PC og MAC b\u00e6rbare datamaskiner med opptil 15\"skjerm","og_url":"https:\/\/emf-consult.com\/nettbutikk\/produkt\/safesleeve-laptop-emf-straling-og-varmeskjold\/","og_site_name":"EMF Consult","article_publisher":"https:\/\/www.facebook.com\/emfconsult","article_modified_time":"2026-03-30T08:15:47+00:00","og_image":[{"width":1800,"height":1800,"url":"https:\/\/emf-consult.com\/nettbutikk\/wp-content\/uploads\/2023\/02\/LP13-Black-01_1800x1800.webp","type":"image\/webp"}],"twitter_card":"summary_large_image","twitter_misc":{"Ansl. lesetid":"1 minutt"},"schema":{"@context":"https:\/\/schema.org","@graph":[{"@type":"WebPage","@id":"https:\/\/emf-consult.com\/nettbutikk\/produkt\/safesleeve-laptop-emf-straling-og-varmeskjold\/","url":"https:\/\/emf-consult.com\/nettbutikk\/produkt\/safesleeve-laptop-emf-straling-og-varmeskjold\/","name":"Safesleeve Laptop EMF-str\u00e5ling og -varmeskjold - EMF Consult","isPartOf":{"@id":"https:\/\/emf-consult.com\/nettbutikk\/#website"},"primaryImageOfPage":{"@id":"https:\/\/emf-consult.com\/nettbutikk\/produkt\/safesleeve-laptop-emf-straling-og-varmeskjold\/#primaryimage"},"image":{"@id":"https:\/\/emf-consult.com\/nettbutikk\/produkt\/safesleeve-laptop-emf-straling-og-varmeskjold\/#primaryimage"},"thumbnailUrl":"https:\/\/emf-consult.com\/nettbutikk\/wp-content\/uploads\/2023\/02\/LP13-Black-01_1800x1800.webp","datePublished":"2023-02-14T08:00:10+00:00","dateModified":"2026-03-30T08:15:47+00:00","breadcrumb":{"@id":"https:\/\/emf-consult.com\/nettbutikk\/produkt\/safesleeve-laptop-emf-straling-og-varmeskjold\/#breadcrumb"},"inLanguage":"nb-NO","potentialAction":[{"@type":"ReadAction","target":["https:\/\/emf-consult.com\/nettbutikk\/produkt\/safesleeve-laptop-emf-straling-og-varmeskjold\/"]}]},{"@type":"ImageObject","inLanguage":"nb-NO","@id":"https:\/\/emf-consult.com\/nettbutikk\/produkt\/safesleeve-laptop-emf-straling-og-varmeskjold\/#primaryimage","url":"https:\/\/emf-consult.com\/nettbutikk\/wp-content\/uploads\/2023\/02\/LP13-Black-01_1800x1800.webp","contentUrl":"https:\/\/emf-consult.com\/nettbutikk\/wp-content\/uploads\/2023\/02\/LP13-Black-01_1800x1800.webp","width":1800,"height":1800},{"@type":"BreadcrumbList","@id":"https:\/\/emf-consult.com\/nettbutikk\/produkt\/safesleeve-laptop-emf-straling-og-varmeskjold\/#breadcrumb","itemListElement":[{"@type":"ListItem","position":1,"name":"Hjem","item":"https:\/\/emf-consult.com\/nettbutikk\/"},{"@type":"ListItem","position":2,"name":"Butikk","item":"https:\/\/emf-consult.com\/nettbutikk\/butikk\/"},{"@type":"ListItem","position":3,"name":"Safesleeve Laptop EMF-str\u00e5ling og -varmeskjold"}]},{"@type":"WebSite","@id":"https:\/\/emf-consult.com\/nettbutikk\/#website","url":"https:\/\/emf-consult.com\/nettbutikk\/","name":"EMF Consult","description":"Nettbutikk - Beskyttelse mot str\u00e5ling","publisher":{"@id":"https:\/\/emf-consult.com\/nettbutikk\/#organization"},"potentialAction":[{"@type":"SearchAction","target":{"@type":"EntryPoint","urlTemplate":"https:\/\/emf-consult.com\/nettbutikk\/?s={search_term_string}"},"query-input":{"@type":"PropertyValueSpecification","valueRequired":true,"valueName":"search_term_string"}}],"inLanguage":"nb-NO"},{"@type":"Organization","@id":"https:\/\/emf-consult.com\/nettbutikk\/#organization","name":"EMF Consult AS","url":"https:\/\/emf-consult.com\/nettbutikk\/","logo":{"@type":"ImageObject","inLanguage":"nb-NO","@id":"https:\/\/emf-consult.com\/nettbutikk\/#\/schema\/logo\/image\/","url":"https:\/\/emf-consult.com\/nettbutikk\/wp-content\/uploads\/2022\/07\/cropped-Favikon-rod-e1658786300694.png","contentUrl":"https:\/\/emf-consult.com\/nettbutikk\/wp-content\/uploads\/2022\/07\/cropped-Favikon-rod-e1658786300694.png","width":150,"height":150,"caption":"EMF Consult AS"},"image":{"@id":"https:\/\/emf-consult.com\/nettbutikk\/#\/schema\/logo\/image\/"},"sameAs":["https:\/\/www.facebook.com\/emfconsult","https:\/\/www.linkedin.com\/company\/emf-consult\/"]}]}},"_links":{"self":[{"href":"https:\/\/emf-consult.com\/nettbutikk\/wp-json\/wp\/v2\/product\/15449","targetHints":{"allow":["GET"]}}],"collection":[{"href":"https:\/\/emf-consult.com\/nettbutikk\/wp-json\/wp\/v2\/product"}],"about":[{"href":"https:\/\/emf-consult.com\/nettbutikk\/wp-json\/wp\/v2\/types\/product"}],"replies":[{"embeddable":true,"href":"https:\/\/emf-consult.com\/nettbutikk\/wp-json\/wp\/v2\/comments?post=15449"}],"wp:featuredmedia":[{"embeddable":true,"href":"https:\/\/emf-consult.com\/nettbutikk\/wp-json\/wp\/v2\/media\/15453"}],"wp:attachment":[{"href":"https:\/\/emf-consult.com\/nettbutikk\/wp-json\/wp\/v2\/media?parent=15449"}],"wp:term":[{"taxonomy":"product_brand","embeddable":true,"href":"https:\/\/emf-consult.com\/nettbutikk\/wp-json\/wp\/v2\/product_brand?post=15449"},{"taxonomy":"product_cat","embeddable":true,"href":"https:\/\/emf-consult.com\/nettbutikk\/wp-json\/wp\/v2\/product_cat?post=15449"},{"taxonomy":"product_tag","embeddable":true,"href":"https:\/\/emf-consult.com\/nettbutikk\/wp-json\/wp\/v2\/product_tag?post=15449"}],"curies":[{"name":"wp","href":"https:\/\/api.w.org\/{rel}","templated":true}]}}