{"id":1477,"date":"2017-04-13T16:50:07","date_gmt":"2017-04-13T14:50:07","guid":{"rendered":"https:\/\/emfconsult.nyside.net\/nettbutikk\/produkt\/gulvmatte-u2m-dobbelseng-2\/"},"modified":"2026-04-16T21:20:59","modified_gmt":"2026-04-16T19:20:59","slug":"gulvmatte-u2m-dobbelseng-2","status":"publish","type":"product","link":"https:\/\/emf-consult.com\/nettbutikk\/produkt\/gulvmatte-u2m-dobbelseng-2\/","title":{"rendered":"Gulvmatte U2S for dobbelseng"},"content":{"rendered":"<p><span id=\"result_box\" lang=\"no\"><span title=\"We also recommend shielding the canopies from below to achieve a complete faraday cage. \">Vi anbefaler ogs\u00e5 \u00e5 skjerme baldakin\u00a0nedenfra for \u00e5 oppn\u00e5 et fullstendig Faraday-bur.<\/span><\/span><\/p>\n<p><span title=\"With 50 dB attenuation optimal for canopies made from SILVER-TULLE, SILVER-TRICOT but also for all other fabrics. \">Med 42 dB (99,99%) dempning er denne gulvmatten optimal sammen med NATURELL baldakin, men ogs\u00e5 for alle andre stoffer.<\/span><\/p>\n<p><span title=\"Made from our fleece YMC-50-150.\">Laget av stoffet STEEL-TWIN. Den rustfritt st\u00e5l-siden skal vende mot gulvet, den hvite bomull-siden opp.<\/span><\/p>\n<p>Legges direkte\u00a0under baldakinen eller under et tykt teppe (de sydde kantene kan\u00a0v\u00e6re for tykke under et tynt teppe).<\/p>\n<p><span id=\"result_box\" lang=\"no\"><span title=\"Basis is a stable PP-fleece, on one side coated with zinc. \">Reduserer b\u00e5de Lavfrekvens (LF) og H\u00f8yfrekvens (HF)\u00a0elektromagnetiske felt.<\/span><\/span><\/p>\n","protected":false},"excerpt":{"rendered":"<p><span title=\"Technical data \">Tekniske data:<\/span><\/p>\n<ul>\n<li><span title=\"\u2022Attenuation: 50 dB \">Farge: Hvit \/ Gr\u00e5<\/span><\/li>\n<li><span title=\"\u2022Attenuation: 50 dB \">Demping: 42 dB<\/span><\/li>\n<li><span title=\"\u2022Size double bed (U2M): Width 290 cm, length: 290 cm \">St\u00f8rrelse:\u00a0Bredde 270 cm, lengde: 250 cm<\/span><\/li>\n<li><span title=\"\u2022Size double bed (U2M): Width 290 cm, length: 290 cm \">Med p\u00e5sydd borrel\u00e5s-omr\u00e5der for v\u00e5r jordingsplate CGV<\/span><\/li>\n<\/ul>\n<p>MERK: Vaskes forsiktig p\u00e5\u00a030\u00b0C, Strykes uten damp p\u00e5 styrke 1, T\u00f8rkes p\u00e5 lav temperature (ikke t\u00f8rketrommel), m\u00e5 ikke blekes<\/p>\n<p>For allergikere: Nye stoffer kan lukte noe, vi anbefaler derfor at du vasker stoffet f\u00f8r bruk!<\/p>\n<p><span title=\"\u2022Scope of supply double bed (U2M): 2 sheets YMC-50-150.\">Til dobbeltseng (U2S) leveres 2 stk\u00a0gulvmatter av STEEL-TWIN. <\/span><span title=\"The two sheets are layed 10 cm overlapping.\">De to\u00a0gulvmattene legges med 10 cm\u00a0overlapp. <\/span><\/p>\n<p><span title=\"Grounding: 2 plates GV, 2 cables GC20\/GC500, 1 plug GD have to be ordered seperately. \">Jordingsutstyr m\u00e5 bestilles separat.<\/span><\/p>\n<p><span title=\"Grounding: 2 plates GV, 2 cables GC20\/GC500, 1 plug GD have to be ordered seperately. \"><br \/>\n<\/span><a href=\"\/nettbutikk\/wp-content\/uploads\/2019\/11\/Jording-av-baldakin-2.png\"><img loading=\"lazy\" decoding=\"async\" class=\" wd-lazy-fade aligncenter wp-image-4115 size-full\" src=\"https:\/\/emf-consult.com\/nettbutikk\/wp-content\/themes\/woodmart\/images\/lazy.svg\" data-src=\"\/nettbutikk\/wp-content\/uploads\/2019\/11\/Jording-av-baldakin-2.png\" alt=\"\" width=\"457\" height=\"615\" \/><\/a><\/p>\n<p><span title=\"Grounding: 2 plates GV, 2 cables GC20\/GC500, 1 plug GD have to be ordered seperately. \">\u00a0<\/span><\/p>\n","protected":false},"featured_media":13860,"comment_status":"open","ping_status":"closed","template":"","meta":[],"product_brand":[],"product_cat":[45],"product_tag":[99,100,101,102,103],"class_list":{"0":"post-1477","1":"product","2":"type-product","3":"status-publish","4":"has-post-thumbnail","6":"product_cat-baldakiner-soveposer","7":"product_tag-skjerming","8":"product_tag-soverom","9":"product_tag-sovn","10":"product_tag-sovnkvalitet","11":"product_tag-straling","13":"first","14":"onbackorder","15":"taxable","16":"shipping-taxable","17":"purchasable","18":"product-type-simple"},"yoast_head":"<!-- This site is optimized with the Yoast SEO plugin v27.4 - https:\/\/yoast.com\/product\/yoast-seo-wordpress\/ -->\n<title>Gulvmatte U2S for dobbelseng - EMF Consult<\/title>\n<meta name=\"robots\" content=\"index, follow, max-snippet:-1, max-image-preview:large, max-video-preview:-1\" \/>\n<link rel=\"canonical\" href=\"https:\/\/emf-consult.com\/nettbutikk\/produkt\/gulvmatte-u2m-dobbelseng-2\/\" \/>\n<meta property=\"og:locale\" content=\"nb_NO\" \/>\n<meta property=\"og:type\" content=\"article\" \/>\n<meta property=\"og:title\" content=\"Gulvmatte U2S for dobbelseng - EMF Consult\" \/>\n<meta property=\"og:description\" content=\"Tekniske data:   Farge: Hvit \/ Gr\u00e5  Demping: 42 dB  St\u00f8rrelse:\u00a0Bredde 270 cm, lengde: 250 cm  Med p\u00e5sydd borrel\u00e5s-omr\u00e5der for v\u00e5r jordingsplate CGV  MERK: Vaskes forsiktig p\u00e5\u00a030\u00b0C, Strykes uten damp p\u00e5 styrke 1, T\u00f8rkes p\u00e5 lav temperature (ikke t\u00f8rketrommel), m\u00e5 ikke blekes  For allergikere: Nye stoffer kan lukte noe, vi anbefaler derfor at du vasker stoffet f\u00f8r bruk!  Til dobbeltseng (U2S) leveres 2 stk\u00a0gulvmatter av STEEL-TWIN. De to\u00a0gulvmattene legges med 10 cm\u00a0overlapp.   Jordingsutstyr m\u00e5 bestilles separat.     \u00a0\" \/>\n<meta property=\"og:url\" content=\"https:\/\/emf-consult.com\/nettbutikk\/produkt\/gulvmatte-u2m-dobbelseng-2\/\" \/>\n<meta property=\"og:site_name\" content=\"EMF Consult\" \/>\n<meta property=\"article:publisher\" content=\"https:\/\/www.facebook.com\/emfconsult\" \/>\n<meta property=\"article:modified_time\" content=\"2026-04-16T19:20:59+00:00\" \/>\n<meta property=\"og:image\" content=\"https:\/\/emf-consult.com\/nettbutikk\/wp-content\/uploads\/2017\/04\/YSHIELD-U2S.jpg\" \/>\n\t<meta property=\"og:image:width\" content=\"1000\" \/>\n\t<meta property=\"og:image:height\" content=\"1000\" \/>\n\t<meta property=\"og:image:type\" content=\"image\/jpeg\" \/>\n<meta name=\"twitter:card\" content=\"summary_large_image\" \/>\n<script type=\"application\/ld+json\" class=\"yoast-schema-graph\">{\"@context\":\"https:\\\/\\\/schema.org\",\"@graph\":[{\"@type\":\"WebPage\",\"@id\":\"https:\\\/\\\/emf-consult.com\\\/nettbutikk\\\/produkt\\\/gulvmatte-u2m-dobbelseng-2\\\/\",\"url\":\"https:\\\/\\\/emf-consult.com\\\/nettbutikk\\\/produkt\\\/gulvmatte-u2m-dobbelseng-2\\\/\",\"name\":\"Gulvmatte U2S for dobbelseng - EMF Consult\",\"isPartOf\":{\"@id\":\"https:\\\/\\\/emf-consult.com\\\/nettbutikk\\\/#website\"},\"primaryImageOfPage\":{\"@id\":\"https:\\\/\\\/emf-consult.com\\\/nettbutikk\\\/produkt\\\/gulvmatte-u2m-dobbelseng-2\\\/#primaryimage\"},\"image\":{\"@id\":\"https:\\\/\\\/emf-consult.com\\\/nettbutikk\\\/produkt\\\/gulvmatte-u2m-dobbelseng-2\\\/#primaryimage\"},\"thumbnailUrl\":\"https:\\\/\\\/emf-consult.com\\\/nettbutikk\\\/wp-content\\\/uploads\\\/2017\\\/04\\\/YSHIELD-U2S.jpg\",\"datePublished\":\"2017-04-13T14:50:07+00:00\",\"dateModified\":\"2026-04-16T19:20:59+00:00\",\"breadcrumb\":{\"@id\":\"https:\\\/\\\/emf-consult.com\\\/nettbutikk\\\/produkt\\\/gulvmatte-u2m-dobbelseng-2\\\/#breadcrumb\"},\"inLanguage\":\"nb-NO\",\"potentialAction\":[{\"@type\":\"ReadAction\",\"target\":[\"https:\\\/\\\/emf-consult.com\\\/nettbutikk\\\/produkt\\\/gulvmatte-u2m-dobbelseng-2\\\/\"]}]},{\"@type\":\"ImageObject\",\"inLanguage\":\"nb-NO\",\"@id\":\"https:\\\/\\\/emf-consult.com\\\/nettbutikk\\\/produkt\\\/gulvmatte-u2m-dobbelseng-2\\\/#primaryimage\",\"url\":\"https:\\\/\\\/emf-consult.com\\\/nettbutikk\\\/wp-content\\\/uploads\\\/2017\\\/04\\\/YSHIELD-U2S.jpg\",\"contentUrl\":\"https:\\\/\\\/emf-consult.com\\\/nettbutikk\\\/wp-content\\\/uploads\\\/2017\\\/04\\\/YSHIELD-U2S.jpg\",\"width\":1000,\"height\":1000},{\"@type\":\"BreadcrumbList\",\"@id\":\"https:\\\/\\\/emf-consult.com\\\/nettbutikk\\\/produkt\\\/gulvmatte-u2m-dobbelseng-2\\\/#breadcrumb\",\"itemListElement\":[{\"@type\":\"ListItem\",\"position\":1,\"name\":\"Hjem\",\"item\":\"https:\\\/\\\/emf-consult.com\\\/nettbutikk\\\/\"},{\"@type\":\"ListItem\",\"position\":2,\"name\":\"Butikk\",\"item\":\"https:\\\/\\\/emf-consult.com\\\/nettbutikk\\\/butikk\\\/\"},{\"@type\":\"ListItem\",\"position\":3,\"name\":\"Gulvmatte U2S for dobbelseng\"}]},{\"@type\":\"WebSite\",\"@id\":\"https:\\\/\\\/emf-consult.com\\\/nettbutikk\\\/#website\",\"url\":\"https:\\\/\\\/emf-consult.com\\\/nettbutikk\\\/\",\"name\":\"EMF Consult\",\"description\":\"Nettbutikk - Beskyttelse mot str\u00e5ling\",\"publisher\":{\"@id\":\"https:\\\/\\\/emf-consult.com\\\/nettbutikk\\\/#organization\"},\"potentialAction\":[{\"@type\":\"SearchAction\",\"target\":{\"@type\":\"EntryPoint\",\"urlTemplate\":\"https:\\\/\\\/emf-consult.com\\\/nettbutikk\\\/?s={search_term_string}\"},\"query-input\":{\"@type\":\"PropertyValueSpecification\",\"valueRequired\":true,\"valueName\":\"search_term_string\"}}],\"inLanguage\":\"nb-NO\"},{\"@type\":\"Organization\",\"@id\":\"https:\\\/\\\/emf-consult.com\\\/nettbutikk\\\/#organization\",\"name\":\"EMF Consult AS\",\"url\":\"https:\\\/\\\/emf-consult.com\\\/nettbutikk\\\/\",\"logo\":{\"@type\":\"ImageObject\",\"inLanguage\":\"nb-NO\",\"@id\":\"https:\\\/\\\/emf-consult.com\\\/nettbutikk\\\/#\\\/schema\\\/logo\\\/image\\\/\",\"url\":\"https:\\\/\\\/emf-consult.com\\\/nettbutikk\\\/wp-content\\\/uploads\\\/2022\\\/07\\\/cropped-Favikon-rod-e1658786300694.png\",\"contentUrl\":\"https:\\\/\\\/emf-consult.com\\\/nettbutikk\\\/wp-content\\\/uploads\\\/2022\\\/07\\\/cropped-Favikon-rod-e1658786300694.png\",\"width\":150,\"height\":150,\"caption\":\"EMF Consult AS\"},\"image\":{\"@id\":\"https:\\\/\\\/emf-consult.com\\\/nettbutikk\\\/#\\\/schema\\\/logo\\\/image\\\/\"},\"sameAs\":[\"https:\\\/\\\/www.facebook.com\\\/emfconsult\",\"https:\\\/\\\/www.linkedin.com\\\/company\\\/emf-consult\\\/\"]}]}<\/script>\n<!-- \/ Yoast SEO plugin. -->","yoast_head_json":{"title":"Gulvmatte U2S for dobbelseng - EMF Consult","robots":{"index":"index","follow":"follow","max-snippet":"max-snippet:-1","max-image-preview":"max-image-preview:large","max-video-preview":"max-video-preview:-1"},"canonical":"https:\/\/emf-consult.com\/nettbutikk\/produkt\/gulvmatte-u2m-dobbelseng-2\/","og_locale":"nb_NO","og_type":"article","og_title":"Gulvmatte U2S for dobbelseng - EMF Consult","og_description":"Tekniske data:   Farge: Hvit \/ Gr\u00e5  Demping: 42 dB  St\u00f8rrelse:\u00a0Bredde 270 cm, lengde: 250 cm  Med p\u00e5sydd borrel\u00e5s-omr\u00e5der for v\u00e5r jordingsplate CGV  MERK: Vaskes forsiktig p\u00e5\u00a030\u00b0C, Strykes uten damp p\u00e5 styrke 1, T\u00f8rkes p\u00e5 lav temperature (ikke t\u00f8rketrommel), m\u00e5 ikke blekes  For allergikere: Nye stoffer kan lukte noe, vi anbefaler derfor at du vasker stoffet f\u00f8r bruk!  Til dobbeltseng (U2S) leveres 2 stk\u00a0gulvmatter av STEEL-TWIN. De to\u00a0gulvmattene legges med 10 cm\u00a0overlapp.   Jordingsutstyr m\u00e5 bestilles separat.     \u00a0","og_url":"https:\/\/emf-consult.com\/nettbutikk\/produkt\/gulvmatte-u2m-dobbelseng-2\/","og_site_name":"EMF Consult","article_publisher":"https:\/\/www.facebook.com\/emfconsult","article_modified_time":"2026-04-16T19:20:59+00:00","og_image":[{"width":1000,"height":1000,"url":"https:\/\/emf-consult.com\/nettbutikk\/wp-content\/uploads\/2017\/04\/YSHIELD-U2S.jpg","type":"image\/jpeg"}],"twitter_card":"summary_large_image","schema":{"@context":"https:\/\/schema.org","@graph":[{"@type":"WebPage","@id":"https:\/\/emf-consult.com\/nettbutikk\/produkt\/gulvmatte-u2m-dobbelseng-2\/","url":"https:\/\/emf-consult.com\/nettbutikk\/produkt\/gulvmatte-u2m-dobbelseng-2\/","name":"Gulvmatte U2S for dobbelseng - EMF Consult","isPartOf":{"@id":"https:\/\/emf-consult.com\/nettbutikk\/#website"},"primaryImageOfPage":{"@id":"https:\/\/emf-consult.com\/nettbutikk\/produkt\/gulvmatte-u2m-dobbelseng-2\/#primaryimage"},"image":{"@id":"https:\/\/emf-consult.com\/nettbutikk\/produkt\/gulvmatte-u2m-dobbelseng-2\/#primaryimage"},"thumbnailUrl":"https:\/\/emf-consult.com\/nettbutikk\/wp-content\/uploads\/2017\/04\/YSHIELD-U2S.jpg","datePublished":"2017-04-13T14:50:07+00:00","dateModified":"2026-04-16T19:20:59+00:00","breadcrumb":{"@id":"https:\/\/emf-consult.com\/nettbutikk\/produkt\/gulvmatte-u2m-dobbelseng-2\/#breadcrumb"},"inLanguage":"nb-NO","potentialAction":[{"@type":"ReadAction","target":["https:\/\/emf-consult.com\/nettbutikk\/produkt\/gulvmatte-u2m-dobbelseng-2\/"]}]},{"@type":"ImageObject","inLanguage":"nb-NO","@id":"https:\/\/emf-consult.com\/nettbutikk\/produkt\/gulvmatte-u2m-dobbelseng-2\/#primaryimage","url":"https:\/\/emf-consult.com\/nettbutikk\/wp-content\/uploads\/2017\/04\/YSHIELD-U2S.jpg","contentUrl":"https:\/\/emf-consult.com\/nettbutikk\/wp-content\/uploads\/2017\/04\/YSHIELD-U2S.jpg","width":1000,"height":1000},{"@type":"BreadcrumbList","@id":"https:\/\/emf-consult.com\/nettbutikk\/produkt\/gulvmatte-u2m-dobbelseng-2\/#breadcrumb","itemListElement":[{"@type":"ListItem","position":1,"name":"Hjem","item":"https:\/\/emf-consult.com\/nettbutikk\/"},{"@type":"ListItem","position":2,"name":"Butikk","item":"https:\/\/emf-consult.com\/nettbutikk\/butikk\/"},{"@type":"ListItem","position":3,"name":"Gulvmatte U2S for dobbelseng"}]},{"@type":"WebSite","@id":"https:\/\/emf-consult.com\/nettbutikk\/#website","url":"https:\/\/emf-consult.com\/nettbutikk\/","name":"EMF Consult","description":"Nettbutikk - Beskyttelse mot str\u00e5ling","publisher":{"@id":"https:\/\/emf-consult.com\/nettbutikk\/#organization"},"potentialAction":[{"@type":"SearchAction","target":{"@type":"EntryPoint","urlTemplate":"https:\/\/emf-consult.com\/nettbutikk\/?s={search_term_string}"},"query-input":{"@type":"PropertyValueSpecification","valueRequired":true,"valueName":"search_term_string"}}],"inLanguage":"nb-NO"},{"@type":"Organization","@id":"https:\/\/emf-consult.com\/nettbutikk\/#organization","name":"EMF Consult AS","url":"https:\/\/emf-consult.com\/nettbutikk\/","logo":{"@type":"ImageObject","inLanguage":"nb-NO","@id":"https:\/\/emf-consult.com\/nettbutikk\/#\/schema\/logo\/image\/","url":"https:\/\/emf-consult.com\/nettbutikk\/wp-content\/uploads\/2022\/07\/cropped-Favikon-rod-e1658786300694.png","contentUrl":"https:\/\/emf-consult.com\/nettbutikk\/wp-content\/uploads\/2022\/07\/cropped-Favikon-rod-e1658786300694.png","width":150,"height":150,"caption":"EMF Consult AS"},"image":{"@id":"https:\/\/emf-consult.com\/nettbutikk\/#\/schema\/logo\/image\/"},"sameAs":["https:\/\/www.facebook.com\/emfconsult","https:\/\/www.linkedin.com\/company\/emf-consult\/"]}]}},"_links":{"self":[{"href":"https:\/\/emf-consult.com\/nettbutikk\/wp-json\/wp\/v2\/product\/1477","targetHints":{"allow":["GET"]}}],"collection":[{"href":"https:\/\/emf-consult.com\/nettbutikk\/wp-json\/wp\/v2\/product"}],"about":[{"href":"https:\/\/emf-consult.com\/nettbutikk\/wp-json\/wp\/v2\/types\/product"}],"replies":[{"embeddable":true,"href":"https:\/\/emf-consult.com\/nettbutikk\/wp-json\/wp\/v2\/comments?post=1477"}],"wp:featuredmedia":[{"embeddable":true,"href":"https:\/\/emf-consult.com\/nettbutikk\/wp-json\/wp\/v2\/media\/13860"}],"wp:attachment":[{"href":"https:\/\/emf-consult.com\/nettbutikk\/wp-json\/wp\/v2\/media?parent=1477"}],"wp:term":[{"taxonomy":"product_brand","embeddable":true,"href":"https:\/\/emf-consult.com\/nettbutikk\/wp-json\/wp\/v2\/product_brand?post=1477"},{"taxonomy":"product_cat","embeddable":true,"href":"https:\/\/emf-consult.com\/nettbutikk\/wp-json\/wp\/v2\/product_cat?post=1477"},{"taxonomy":"product_tag","embeddable":true,"href":"https:\/\/emf-consult.com\/nettbutikk\/wp-json\/wp\/v2\/product_tag?post=1477"}],"curies":[{"name":"wp","href":"https:\/\/api.w.org\/{rel}","templated":true}]}}