{"id":1299,"date":"2017-03-27T09:57:43","date_gmt":"2017-03-27T07:57:43","guid":{"rendered":"https:\/\/emfconsult.nyside.net\/nettbutikk\/produkt\/skjermende-maling-hsf64\/"},"modified":"2025-12-02T09:14:44","modified_gmt":"2025-12-02T08:14:44","slug":"skjermende-maling-emf-turtal","status":"publish","type":"product","link":"https:\/\/emf-consult.com\/nettbutikk\/produkt\/skjermende-maling-emf-turtal\/","title":{"rendered":"Skjermende maling EMF Turtal"},"content":{"rendered":"<p>Vi introduserer n\u00e5 en ny skjermingsmaling i pulverform, EMF Turtal, som er basert p\u00e5 grafen- og grafitt teknologi.<\/p>\n<p>V\u00e5r EMF Turtal maling er for innend\u00f8rs skjerming av vegg-, gulv- og tak. Malingen kan benyttes p\u00e5 tre-, gips- og murflater og reduserer elektromagnetiske felt i frekvensomr\u00e5det 500MHz &#8211; 40GHz, med spesielt god demping i millimeteromr\u00e5det, fra 26 GHz og oppover! &#8211; EMF Turtal beskytter dermed godt mot eventuelt planlagt utbyggingen av 5G i millimeteromr\u00e5det, for de som er opptatt av dette.<\/p>\n<p>Det er mange fordeler med denne nye skjermingsmalingen. Den bruker en ny, patentert &#8220;grafen&#8221;-teknologi. Det er pakket som et &#8220;pulver&#8221;, med ubegrenset lagringstid (f\u00f8r det blandes med vann). Og den er giftfri uten kjemiske ingredienser som frostv\u00e6ske eller l\u00f8semidler.<\/p>\n<p>I motsetning til andre malinger p\u00e5 markedet &#8211; leveres EMF Turtal som et fint pulver, som lett kan blandes med vann. EMF Turtal leveres i 2,5 liter pakker, som dekker 12,5 kvadratmeter med 1 str\u00f8k , eller 6,25 kvadratmeter med 2 str\u00f8k.<\/p>\n<p>Vi anbefaler normalt at man maler 2 str\u00f8k for god beskyttelse.<\/p>\n<ul>\n<li>Bare bland det pulveriserte innholdet i pakningen med vann.<\/li>\n<li>P\u00e5f\u00f8res enkelt med en standard malerull.<\/li>\n<li>Kan lagres p\u00e5 ubestemt tid (f\u00f8r blanding og bruk).<\/li>\n<\/ul>\n<p><strong>Produkt farge:<\/strong> Antrasittgr\u00e5<\/p>\n<p><strong>Relevante identifiserte bruksomr\u00e5der for malingen:<\/strong><\/p>\n<p>Bruk i overflatebehandling. &#8211; Elektrisk ledende grunningsmaling for skjerming av elektromagnetisk str\u00e5ling\/felt.<\/p>\n<p>Beskyttelse mot HF str\u00e5ling fra mobiltelefonmaster, TV- og radiosenderantenner, radar, digitale standard tr\u00e5dl\u00f8se telefoner og tr\u00e5dl\u00f8se nettverk m.m. Beskyttelse mot lavfrekvente elektriske felt fra den elektriske installasjonen, kraftlinjer osv.<\/p>\n<p><strong>Underlag &#8211; Grunning &#8211; P\u00e5f\u00f8ring:<\/strong><\/p>\n<p>Underlaget m\u00e5 v\u00e6re solid, rent, fettfritt og t\u00f8rt.<\/p>\n<p>Forbruk: <strong>Interi\u00f8r 5 m\u00b2\/l per str\u00f8k<\/strong><\/p>\n<p>Skjermingsmalingen kan brukes over eksisterende emulsjonsmaling, p\u00e5 tapet, bygningsplater, sement, puss, etc.<\/p>\n<ul>\n<li>Det er best \u00e5 bruke malingsrull, men man kan ogs\u00e5 bruke pensel. Minimumstemperatur for bruk(MFFT): +5\u00b0C \/41\u00b0F.<\/li>\n<li>T\u00f8rketide er avhengig av temperatur og fuktighet. I mange tilfeller er t\u00f8rketiden mindre enn to timer, men ikke mer enn seks timer. Dette gj\u00f8r det mulig \u00e5 fullf\u00f8re to str\u00f8k p\u00e5 en dag.<\/li>\n<li>Karbonmalingen er b\u00e5de milj\u00f8vennlig og helt ufarlig \u00e5 arbeide med. Den kan vaskes av med vann og s\u00e5pe f\u00f8r den t\u00f8rker.<\/li>\n<\/ul>\n<p><strong>Overmaling:<\/strong><\/p>\n<p>Interi\u00f8r: Overmal med typisk emulsjons- eller vinylmaling med god dekkevne.<\/p>\n<p>Merk: Ikke dekk med silikatmalinger som krever underlag med h\u00f8y festeevne.<\/p>\n<p><strong>Husk:<\/strong><\/p>\n<ul>\n<li>Den skjermende malingen M\u00c5 jordes.\u00a0&#8211; Dette er fordi malingen er elektrisk ledende. I henhold til forskrift om elektriske installasjoner i bolig er det p\u00e5budt \u00e5 jorde elektrisk ledende overflater for \u00e5 unng\u00e5 at man f\u00e5r potensialforskjeller som kan f\u00f8re til elektriske utladninger (st\u00f8t).<\/li>\n<li>Vinduer og andre \u00e5pne flater m\u00e5 dekkes med skjermende vindusfolie eller skjermende gardiner for at rommet skal f\u00e5 full skjerming mot eksterne elektromagnetiske felt.<\/li>\n<\/ul>\n<p>Mer informasjon om malingen og fremgangsm\u00e5te finner du her:<\/p>\n<p><a href=\"https:\/\/emf-consult.com\/nettbutikk\/wp-content\/uploads\/2017\/03\/Produktblad-Turtal-Malingsprodukter-rev01.pdf\" target=\"_blank\" rel=\"noopener\">Produktblad Turtal Malingsprodukter<\/a><br \/>\n<a href=\"https:\/\/emf-consult.com\/nettbutikk\/wp-content\/uploads\/2017\/03\/Sikkerhetsdatablad-Turtal-Malingsprodukter-rev02.pdf\" target=\"_blank\" rel=\"noopener\">Sikkerhetsdatablad Turtal Malingsprodukter<\/a><\/p>\n<p><strong>MERK:\u00a0<\/strong>EMF Consult anbefaler\u00a0at man b\u00f8r bruke skjermende maling, folie\u00a0og stoffer\u00a0med omhu da feil bruk av\u00a0slike skjermingsmaterialer faktisk kan forverre den elektromagnetiske situasjonen. Er du usikker p\u00e5 det elektromagnetiske milj\u00f8et\u00a0i rommet du skal skjerme, eller\u00a0har sp\u00f8rsm\u00e5l relater til skjerming av elektromagnetiske felt og str\u00e5ling, anbefaler vi at du tar kontakt<strong> f\u00f8r<\/strong> du bestiller\u00a0og vi vil veilede etter beste evne. \u00a0Les mer om skjerming og reduksjon av elektromagnetiske felt og str\u00e5ling <a href=\"\/nettbutikk\/produkter-tjenester\/emf-sanering\/\" data-slimstat-clicked=\"false\" data-slimstat-type=\"2\" data-slimstat-tracking=\"true\" data-slimstat-callback=\"true\" data-slimstat-async=\"false\">her<\/a>.<\/p>\n","protected":false},"excerpt":{"rendered":"<p>Beskrivelse av EMF-Turtal 5 liters skjermingspulver<\/p>\n<p>Bland med 1,5 til 1,75 liter vann ved \u00e5 bruke en elektrisk drill i 15 minutter. Bruk alltid en komplett pose, da det kan dannes lag i pulveret under transporten og ingrediensene kan v\u00e6re separert.<\/p>\n<p>Demping ved 1GHz: Ett str\u00f8k 21dB, to str\u00f8k 28dB og tre str\u00f8k 34dB. Ved h\u00f8yere frekvenser opptil 65 dB demping ved tre str\u00f8k (opptil 99,999% skjermingseffektivitet)<\/p>\n<p>N\u00e5r malingen er koblet til jord vil elektriske felt fra husets elektriske anlegg reduseres til et minimum.<\/p>\n<p>Ingredienser: Bindemidler, grafitt, karbon, tilsetningsstoffer.<\/p>\n<p>Tekniske data: VOC-innhold: 0,2 g \/ l (EUs grenseverdi for kategori A \/ a er 30 g \/ l fra 2010). Adhesiv strekkfasthet: 2,2 N \/ mm\u00b2. Ubestemt holdbar. Oppbevares p\u00e5 ubestemt tid i pulverform, f\u00f8r den blir blandet.<\/p>\n<p><a href=\"https:\/\/emf-consult.com\/nettbutikk\/wp-content\/uploads\/2017\/03\/neue-Messung.pdf\" target=\"_blank\" rel=\"noopener noreferrer\">Uavhengig 3. part test rapport<\/a><\/p>\n","protected":false},"featured_media":12995,"comment_status":"open","ping_status":"closed","template":"","meta":[],"product_brand":[],"product_cat":[40,27],"product_tag":[],"class_list":{"0":"post-1299","1":"product","2":"type-product","3":"status-publish","4":"has-post-thumbnail","6":"product_cat-maling","7":"product_cat-skjermingsmateriell","8":"pa_storrelse-1-liter","9":"pa_storrelse-5-liter","11":"first","12":"instock","13":"taxable","14":"shipping-taxable","15":"purchasable","16":"product-type-simple"},"yoast_head":"<!-- This site is optimized with the Yoast SEO plugin v27.3 - https:\/\/yoast.com\/product\/yoast-seo-wordpress\/ -->\n<title>Skjermende maling EMF Turtal - EMF Consult<\/title>\n<meta name=\"robots\" content=\"index, follow, max-snippet:-1, max-image-preview:large, max-video-preview:-1\" \/>\n<link rel=\"canonical\" href=\"https:\/\/emf-consult.com\/nettbutikk\/produkt\/skjermende-maling-emf-turtal\/\" \/>\n<meta property=\"og:locale\" content=\"nb_NO\" \/>\n<meta property=\"og:type\" content=\"article\" \/>\n<meta property=\"og:title\" content=\"Skjermende maling EMF Turtal - EMF Consult\" \/>\n<meta property=\"og:description\" content=\"Beskrivelse av EMF-Turtal 5 liters skjermingspulver  Bland med 1,5 til 1,75 liter vann ved \u00e5 bruke en elektrisk drill i 15 minutter. Bruk alltid en komplett pose, da det kan dannes lag i pulveret under transporten og ingrediensene kan v\u00e6re separert.  Demping ved 1GHz: Ett str\u00f8k 21dB, to str\u00f8k 28dB og tre str\u00f8k 34dB. Ved h\u00f8yere frekvenser opptil 65 dB demping ved tre str\u00f8k (opptil 99,999% skjermingseffektivitet)  N\u00e5r malingen er koblet til jord vil elektriske felt fra husets elektriske anlegg reduseres til et minimum.  Ingredienser: Bindemidler, grafitt, karbon, tilsetningsstoffer.  Tekniske data: VOC-innhold: 0,2 g \/ l (EUs grenseverdi for kategori A \/ a er 30 g \/ l fra 2010). Adhesiv strekkfasthet: 2,2 N \/ mm\u00b2. Ubestemt holdbar. Oppbevares p\u00e5 ubestemt tid i pulverform, f\u00f8r den blir blandet.  Uavhengig 3. part test rapport\" \/>\n<meta property=\"og:url\" content=\"https:\/\/emf-consult.com\/nettbutikk\/produkt\/skjermende-maling-emf-turtal\/\" \/>\n<meta property=\"og:site_name\" content=\"EMF Consult\" \/>\n<meta property=\"article:publisher\" content=\"https:\/\/www.facebook.com\/emfconsult\" \/>\n<meta property=\"article:modified_time\" content=\"2025-12-02T08:14:44+00:00\" \/>\n<meta property=\"og:image\" content=\"https:\/\/emf-consult.com\/nettbutikk\/wp-content\/uploads\/2017\/03\/5g-shielding-paint-emf-turtal-sample-200ml-powder.jpg\" \/>\n\t<meta property=\"og:image:width\" content=\"675\" \/>\n\t<meta property=\"og:image:height\" content=\"792\" \/>\n\t<meta property=\"og:image:type\" content=\"image\/jpeg\" \/>\n<meta name=\"twitter:card\" content=\"summary_large_image\" \/>\n<meta name=\"twitter:label1\" content=\"Ansl. lesetid\" \/>\n\t<meta name=\"twitter:data1\" content=\"3 minutter\" \/>\n<script type=\"application\/ld+json\" class=\"yoast-schema-graph\">{\"@context\":\"https:\\\/\\\/schema.org\",\"@graph\":[{\"@type\":\"WebPage\",\"@id\":\"https:\\\/\\\/emf-consult.com\\\/nettbutikk\\\/produkt\\\/skjermende-maling-emf-turtal\\\/\",\"url\":\"https:\\\/\\\/emf-consult.com\\\/nettbutikk\\\/produkt\\\/skjermende-maling-emf-turtal\\\/\",\"name\":\"Skjermende maling EMF Turtal - EMF Consult\",\"isPartOf\":{\"@id\":\"https:\\\/\\\/emf-consult.com\\\/nettbutikk\\\/#website\"},\"primaryImageOfPage\":{\"@id\":\"https:\\\/\\\/emf-consult.com\\\/nettbutikk\\\/produkt\\\/skjermende-maling-emf-turtal\\\/#primaryimage\"},\"image\":{\"@id\":\"https:\\\/\\\/emf-consult.com\\\/nettbutikk\\\/produkt\\\/skjermende-maling-emf-turtal\\\/#primaryimage\"},\"thumbnailUrl\":\"https:\\\/\\\/emf-consult.com\\\/nettbutikk\\\/wp-content\\\/uploads\\\/2017\\\/03\\\/5g-shielding-paint-emf-turtal-sample-200ml-powder.jpg\",\"datePublished\":\"2017-03-27T07:57:43+00:00\",\"dateModified\":\"2025-12-02T08:14:44+00:00\",\"breadcrumb\":{\"@id\":\"https:\\\/\\\/emf-consult.com\\\/nettbutikk\\\/produkt\\\/skjermende-maling-emf-turtal\\\/#breadcrumb\"},\"inLanguage\":\"nb-NO\",\"potentialAction\":[{\"@type\":\"ReadAction\",\"target\":[\"https:\\\/\\\/emf-consult.com\\\/nettbutikk\\\/produkt\\\/skjermende-maling-emf-turtal\\\/\"]}]},{\"@type\":\"ImageObject\",\"inLanguage\":\"nb-NO\",\"@id\":\"https:\\\/\\\/emf-consult.com\\\/nettbutikk\\\/produkt\\\/skjermende-maling-emf-turtal\\\/#primaryimage\",\"url\":\"https:\\\/\\\/emf-consult.com\\\/nettbutikk\\\/wp-content\\\/uploads\\\/2017\\\/03\\\/5g-shielding-paint-emf-turtal-sample-200ml-powder.jpg\",\"contentUrl\":\"https:\\\/\\\/emf-consult.com\\\/nettbutikk\\\/wp-content\\\/uploads\\\/2017\\\/03\\\/5g-shielding-paint-emf-turtal-sample-200ml-powder.jpg\",\"width\":675,\"height\":792},{\"@type\":\"BreadcrumbList\",\"@id\":\"https:\\\/\\\/emf-consult.com\\\/nettbutikk\\\/produkt\\\/skjermende-maling-emf-turtal\\\/#breadcrumb\",\"itemListElement\":[{\"@type\":\"ListItem\",\"position\":1,\"name\":\"Hjem\",\"item\":\"https:\\\/\\\/emf-consult.com\\\/nettbutikk\\\/\"},{\"@type\":\"ListItem\",\"position\":2,\"name\":\"Butikk\",\"item\":\"https:\\\/\\\/emf-consult.com\\\/nettbutikk\\\/butikk\\\/\"},{\"@type\":\"ListItem\",\"position\":3,\"name\":\"Skjermende maling EMF Turtal\"}]},{\"@type\":\"WebSite\",\"@id\":\"https:\\\/\\\/emf-consult.com\\\/nettbutikk\\\/#website\",\"url\":\"https:\\\/\\\/emf-consult.com\\\/nettbutikk\\\/\",\"name\":\"EMF Consult\",\"description\":\"Nettbutikk - Beskyttelse mot str\u00e5ling\",\"publisher\":{\"@id\":\"https:\\\/\\\/emf-consult.com\\\/nettbutikk\\\/#organization\"},\"potentialAction\":[{\"@type\":\"SearchAction\",\"target\":{\"@type\":\"EntryPoint\",\"urlTemplate\":\"https:\\\/\\\/emf-consult.com\\\/nettbutikk\\\/?s={search_term_string}\"},\"query-input\":{\"@type\":\"PropertyValueSpecification\",\"valueRequired\":true,\"valueName\":\"search_term_string\"}}],\"inLanguage\":\"nb-NO\"},{\"@type\":\"Organization\",\"@id\":\"https:\\\/\\\/emf-consult.com\\\/nettbutikk\\\/#organization\",\"name\":\"EMF Consult AS\",\"url\":\"https:\\\/\\\/emf-consult.com\\\/nettbutikk\\\/\",\"logo\":{\"@type\":\"ImageObject\",\"inLanguage\":\"nb-NO\",\"@id\":\"https:\\\/\\\/emf-consult.com\\\/nettbutikk\\\/#\\\/schema\\\/logo\\\/image\\\/\",\"url\":\"https:\\\/\\\/emf-consult.com\\\/nettbutikk\\\/wp-content\\\/uploads\\\/2022\\\/07\\\/cropped-Favikon-rod-e1658786300694.png\",\"contentUrl\":\"https:\\\/\\\/emf-consult.com\\\/nettbutikk\\\/wp-content\\\/uploads\\\/2022\\\/07\\\/cropped-Favikon-rod-e1658786300694.png\",\"width\":150,\"height\":150,\"caption\":\"EMF Consult AS\"},\"image\":{\"@id\":\"https:\\\/\\\/emf-consult.com\\\/nettbutikk\\\/#\\\/schema\\\/logo\\\/image\\\/\"},\"sameAs\":[\"https:\\\/\\\/www.facebook.com\\\/emfconsult\",\"https:\\\/\\\/www.linkedin.com\\\/company\\\/emf-consult\\\/\"]}]}<\/script>\n<!-- \/ Yoast SEO plugin. -->","yoast_head_json":{"title":"Skjermende maling EMF Turtal - EMF Consult","robots":{"index":"index","follow":"follow","max-snippet":"max-snippet:-1","max-image-preview":"max-image-preview:large","max-video-preview":"max-video-preview:-1"},"canonical":"https:\/\/emf-consult.com\/nettbutikk\/produkt\/skjermende-maling-emf-turtal\/","og_locale":"nb_NO","og_type":"article","og_title":"Skjermende maling EMF Turtal - EMF Consult","og_description":"Beskrivelse av EMF-Turtal 5 liters skjermingspulver  Bland med 1,5 til 1,75 liter vann ved \u00e5 bruke en elektrisk drill i 15 minutter. Bruk alltid en komplett pose, da det kan dannes lag i pulveret under transporten og ingrediensene kan v\u00e6re separert.  Demping ved 1GHz: Ett str\u00f8k 21dB, to str\u00f8k 28dB og tre str\u00f8k 34dB. Ved h\u00f8yere frekvenser opptil 65 dB demping ved tre str\u00f8k (opptil 99,999% skjermingseffektivitet)  N\u00e5r malingen er koblet til jord vil elektriske felt fra husets elektriske anlegg reduseres til et minimum.  Ingredienser: Bindemidler, grafitt, karbon, tilsetningsstoffer.  Tekniske data: VOC-innhold: 0,2 g \/ l (EUs grenseverdi for kategori A \/ a er 30 g \/ l fra 2010). Adhesiv strekkfasthet: 2,2 N \/ mm\u00b2. Ubestemt holdbar. Oppbevares p\u00e5 ubestemt tid i pulverform, f\u00f8r den blir blandet.  Uavhengig 3. part test rapport","og_url":"https:\/\/emf-consult.com\/nettbutikk\/produkt\/skjermende-maling-emf-turtal\/","og_site_name":"EMF Consult","article_publisher":"https:\/\/www.facebook.com\/emfconsult","article_modified_time":"2025-12-02T08:14:44+00:00","og_image":[{"width":675,"height":792,"url":"https:\/\/emf-consult.com\/nettbutikk\/wp-content\/uploads\/2017\/03\/5g-shielding-paint-emf-turtal-sample-200ml-powder.jpg","type":"image\/jpeg"}],"twitter_card":"summary_large_image","twitter_misc":{"Ansl. lesetid":"3 minutter"},"schema":{"@context":"https:\/\/schema.org","@graph":[{"@type":"WebPage","@id":"https:\/\/emf-consult.com\/nettbutikk\/produkt\/skjermende-maling-emf-turtal\/","url":"https:\/\/emf-consult.com\/nettbutikk\/produkt\/skjermende-maling-emf-turtal\/","name":"Skjermende maling EMF Turtal - EMF Consult","isPartOf":{"@id":"https:\/\/emf-consult.com\/nettbutikk\/#website"},"primaryImageOfPage":{"@id":"https:\/\/emf-consult.com\/nettbutikk\/produkt\/skjermende-maling-emf-turtal\/#primaryimage"},"image":{"@id":"https:\/\/emf-consult.com\/nettbutikk\/produkt\/skjermende-maling-emf-turtal\/#primaryimage"},"thumbnailUrl":"https:\/\/emf-consult.com\/nettbutikk\/wp-content\/uploads\/2017\/03\/5g-shielding-paint-emf-turtal-sample-200ml-powder.jpg","datePublished":"2017-03-27T07:57:43+00:00","dateModified":"2025-12-02T08:14:44+00:00","breadcrumb":{"@id":"https:\/\/emf-consult.com\/nettbutikk\/produkt\/skjermende-maling-emf-turtal\/#breadcrumb"},"inLanguage":"nb-NO","potentialAction":[{"@type":"ReadAction","target":["https:\/\/emf-consult.com\/nettbutikk\/produkt\/skjermende-maling-emf-turtal\/"]}]},{"@type":"ImageObject","inLanguage":"nb-NO","@id":"https:\/\/emf-consult.com\/nettbutikk\/produkt\/skjermende-maling-emf-turtal\/#primaryimage","url":"https:\/\/emf-consult.com\/nettbutikk\/wp-content\/uploads\/2017\/03\/5g-shielding-paint-emf-turtal-sample-200ml-powder.jpg","contentUrl":"https:\/\/emf-consult.com\/nettbutikk\/wp-content\/uploads\/2017\/03\/5g-shielding-paint-emf-turtal-sample-200ml-powder.jpg","width":675,"height":792},{"@type":"BreadcrumbList","@id":"https:\/\/emf-consult.com\/nettbutikk\/produkt\/skjermende-maling-emf-turtal\/#breadcrumb","itemListElement":[{"@type":"ListItem","position":1,"name":"Hjem","item":"https:\/\/emf-consult.com\/nettbutikk\/"},{"@type":"ListItem","position":2,"name":"Butikk","item":"https:\/\/emf-consult.com\/nettbutikk\/butikk\/"},{"@type":"ListItem","position":3,"name":"Skjermende maling EMF Turtal"}]},{"@type":"WebSite","@id":"https:\/\/emf-consult.com\/nettbutikk\/#website","url":"https:\/\/emf-consult.com\/nettbutikk\/","name":"EMF Consult","description":"Nettbutikk - Beskyttelse mot str\u00e5ling","publisher":{"@id":"https:\/\/emf-consult.com\/nettbutikk\/#organization"},"potentialAction":[{"@type":"SearchAction","target":{"@type":"EntryPoint","urlTemplate":"https:\/\/emf-consult.com\/nettbutikk\/?s={search_term_string}"},"query-input":{"@type":"PropertyValueSpecification","valueRequired":true,"valueName":"search_term_string"}}],"inLanguage":"nb-NO"},{"@type":"Organization","@id":"https:\/\/emf-consult.com\/nettbutikk\/#organization","name":"EMF Consult AS","url":"https:\/\/emf-consult.com\/nettbutikk\/","logo":{"@type":"ImageObject","inLanguage":"nb-NO","@id":"https:\/\/emf-consult.com\/nettbutikk\/#\/schema\/logo\/image\/","url":"https:\/\/emf-consult.com\/nettbutikk\/wp-content\/uploads\/2022\/07\/cropped-Favikon-rod-e1658786300694.png","contentUrl":"https:\/\/emf-consult.com\/nettbutikk\/wp-content\/uploads\/2022\/07\/cropped-Favikon-rod-e1658786300694.png","width":150,"height":150,"caption":"EMF Consult AS"},"image":{"@id":"https:\/\/emf-consult.com\/nettbutikk\/#\/schema\/logo\/image\/"},"sameAs":["https:\/\/www.facebook.com\/emfconsult","https:\/\/www.linkedin.com\/company\/emf-consult\/"]}]}},"_links":{"self":[{"href":"https:\/\/emf-consult.com\/nettbutikk\/wp-json\/wp\/v2\/product\/1299","targetHints":{"allow":["GET"]}}],"collection":[{"href":"https:\/\/emf-consult.com\/nettbutikk\/wp-json\/wp\/v2\/product"}],"about":[{"href":"https:\/\/emf-consult.com\/nettbutikk\/wp-json\/wp\/v2\/types\/product"}],"replies":[{"embeddable":true,"href":"https:\/\/emf-consult.com\/nettbutikk\/wp-json\/wp\/v2\/comments?post=1299"}],"wp:featuredmedia":[{"embeddable":true,"href":"https:\/\/emf-consult.com\/nettbutikk\/wp-json\/wp\/v2\/media\/12995"}],"wp:attachment":[{"href":"https:\/\/emf-consult.com\/nettbutikk\/wp-json\/wp\/v2\/media?parent=1299"}],"wp:term":[{"taxonomy":"product_brand","embeddable":true,"href":"https:\/\/emf-consult.com\/nettbutikk\/wp-json\/wp\/v2\/product_brand?post=1299"},{"taxonomy":"product_cat","embeddable":true,"href":"https:\/\/emf-consult.com\/nettbutikk\/wp-json\/wp\/v2\/product_cat?post=1299"},{"taxonomy":"product_tag","embeddable":true,"href":"https:\/\/emf-consult.com\/nettbutikk\/wp-json\/wp\/v2\/product_tag?post=1299"}],"curies":[{"name":"wp","href":"https:\/\/api.w.org\/{rel}","templated":true}]}}