{"id":12624,"date":"2020-12-21T22:00:26","date_gmt":"2020-12-21T21:00:26","guid":{"rendered":"https:\/\/emf-consult.com\/nettbutikk\/?post_type=product&#038;p=12624"},"modified":"2024-07-19T07:54:25","modified_gmt":"2024-07-19T05:54:25","slug":"virtuell-emf-undersokelse","status":"publish","type":"product","link":"https:\/\/emf-consult.com\/nettbutikk\/produkt\/virtuell-emf-undersokelse\/","title":{"rendered":"\u00abVirtuell\u00bb EMF-unders\u00f8kelse"},"content":{"rendered":"<h4><strong>Utf\u00f8r din egen EMF-unders\u00f8kelse i ditt hjem, veiledet av en av Norges fremste EMF-r\u00e5dgivere.<\/strong><\/h4>\n<p>Norge er et langstrakt land og reiseutgifter gj\u00f8r det vanskelig for enkelte \u00e5 f\u00e5 gjennomf\u00f8rt en kvalitativ god gjennomgang av det elektromagnetiske milj\u00f8et i boligen. For \u00e5 kunne bist\u00e5 folk over hele landet tilbyr EMF Consult <strong>\u00abvirtuelle\u00bb EMF-unders\u00f8kelser<\/strong>. Disse er gir naturlig nok ikke like n\u00f8yaktige og detaljerte m\u00e5linger som en EMF-unders\u00f8kelse utf\u00f8rt av en av v\u00e5re EMF-konsulenter, men den \u00abvirtuelle\u00bb EMF-unders\u00f8kelsen er n\u00f8ye designet for \u00e5 gi deg et godt overblikk over situasjonen i boligen, og gir oss et godt grunnlag for \u00e5 gi r\u00e5d om den beste og mest kostnadseffektive EMF-saneringen i ditt hjem &#8211; med spesielt fokus p\u00e5 sove- og oppholdsplasser.<\/p>\n<p>Den \u00abvirtuelle\u00bb EMF-unders\u00f8kelsen er relativ enkel &#8211; bare f\u00f8lg trinnene nedenfor:<\/p>\n<ol>\n<li><strong>Bestill en \u00abVirtuell\u00bb EMF-unders\u00f8kelse i nettbutikken<\/strong>. Du vil da motta en e-post med f\u00f8lgende nedlastbare dokumenter fra oss.\n<ul>\n<li>1 stk. produktbeskrivelse, Hvordan komme i gang.<\/li>\n<li>1 stk. Norsk bruksanvisning til ED88TPlus<\/li>\n<li>1 stk. veileder med enkle m\u00e5letips<\/li>\n<li>1 stk. \u00abVirtuell EMF-unders\u00f8kelse\u00bb skjema<\/li>\n<\/ul>\n<\/li>\n<li><strong>Dersom du har eget m\u00e5leapparat (Cornet ED88TPlus) kan du benytte dette.<\/strong><\/li>\n<li><strong>Dersom du IKKE har m\u00e5leapparat kan du enten LEIE eller KJ\u00d8PE et m\u00e5leapparat (Cornet ED88TPlus) i nettbutikken:<\/strong>\n<ul>\n<li><strong><a href=\"https:\/\/emf-consult.com\/nettbutikk\/produkt\/leie-av-hf-lf-analysator-ed88tplus-pris-pr-uke\/\" target=\"_blank\" rel=\"noopener\">LEIE Cornet ED88TPlus<\/a><\/strong>\u00a0(<em>trykk p\u00e5 lenken og legg i handlekurv<\/em>). Du vil da ha m\u00e5leapparatet tilgjengelig i en uke etter mottak. Dette gir deg god tid til \u00e5 sette deg inn i m\u00e5leapparatets funksjon og til \u00e5 gjennomf\u00f8re EMF -m\u00e5lingene.<\/li>\n<li><a href=\"https:\/\/emf-consult.com\/nettbutikk\/produkt\/hf-lf-cornet-ed88tplus5g2-tri-mode-meter\/\" target=\"_blank\" rel=\"noopener\"><strong>KJ\u00d8P Cornet ED88TPlus <\/strong><\/a>(<em>trykk p\u00e5 lenken og legg i handlekurv<\/em>). Da har du alltid et m\u00e5leapparatet for h\u00e5nden n\u00e5r du m\u00e5tte ha behov for det.<\/li>\n<\/ul>\n<\/li>\n<li>N\u00e5r du har mottatt alt n\u00f8dvendig utstyr kontakter du oss og avtaler en 30 minutters video- eller telefonsamtale for \u00e5 g\u00e5 gjennom m\u00e5leinstrument, skjemaet og m\u00e5lemetode.<\/li>\n<li>Du utf\u00f8rer selv m\u00e5lingene hjemme eller p\u00e5 arbeidsplassen. Fyll ut \u00abVirtuell EMF-unders\u00f8kelse skjema\u00bb og send dette tilbake til oss via e-post.<\/li>\n<li>N\u00e5r vi har mottatt skjemaet i retur tar vi kontakt med deg og avtaler en ny 30 minutters video- eller telefonsamtale med oss for \u00e5 g\u00e5 gjennom skjemaet og resultatene, og gi r\u00e5d dersom det er behov for skjerming av EMF.<\/li>\n<\/ol>\n<h4><strong>MERK: Det gj\u00f8res oppmerksom p\u00e5 at prisen inkluderer totalt 1 times konsultasjon. Dersom det blir mange sp\u00f8rsm\u00e5l underveis, man \u00f8nsker \u00e5 utrede flere rom og st\u00f8rre arealer, eller at man kommer over \u00abvanskelige\u00bb str\u00e5lingskilder, kan man om \u00f8nskelig bestille tilleggskonsultasjon. Prisen for dette er kr. 490 pr p\u00e5begynte kvarter, som vil bli etterfakturert etter avtale.<\/strong><\/h4>\n<p>For ytterligere informasjon, kontakt oss p\u00e5 <a href=\"mailto:info@emf-consult.no\">info@emf-consult.no<\/a> eller ring 32 87 94 05<\/p>\n\n","protected":false},"excerpt":{"rendered":"<p>Utf\u00f8r din egen EMF-unders\u00f8kelse i ditt hjem, veiledet av en av Norges fremste EMF-r\u00e5dgivere. Norge er et langstrakt land og<\/p>\n","protected":false},"featured_media":12625,"comment_status":"open","ping_status":"closed","template":"","meta":[],"product_brand":[],"product_cat":[92],"product_tag":[],"class_list":{"0":"post-12624","1":"product","2":"type-product","3":"status-publish","4":"has-post-thumbnail","6":"product_cat-emf-konsultasjon","8":"first","9":"instock","10":"downloadable","11":"taxable","12":"shipping-taxable","13":"purchasable","14":"product-type-simple"},"yoast_head":"<!-- This site is optimized with the Yoast SEO plugin v27.4 - https:\/\/yoast.com\/product\/yoast-seo-wordpress\/ -->\n<title>\u00abVirtuell\u00bb EMF-unders\u00f8kelse - EMF Consult<\/title>\n<meta name=\"robots\" content=\"index, follow, max-snippet:-1, max-image-preview:large, max-video-preview:-1\" \/>\n<link rel=\"canonical\" href=\"https:\/\/emf-consult.com\/nettbutikk\/produkt\/virtuell-emf-undersokelse\/\" \/>\n<meta property=\"og:locale\" content=\"nb_NO\" \/>\n<meta property=\"og:type\" content=\"article\" \/>\n<meta property=\"og:title\" content=\"\u00abVirtuell\u00bb EMF-unders\u00f8kelse - EMF Consult\" \/>\n<meta property=\"og:description\" content=\"Utf\u00f8r din egen EMF-unders\u00f8kelse i ditt hjem, veiledet av en av Norges fremste EMF-r\u00e5dgivere. Norge er et langstrakt land og\" \/>\n<meta property=\"og:url\" content=\"https:\/\/emf-consult.com\/nettbutikk\/produkt\/virtuell-emf-undersokelse\/\" \/>\n<meta property=\"og:site_name\" content=\"EMF Consult\" \/>\n<meta property=\"article:publisher\" content=\"https:\/\/www.facebook.com\/emfconsult\" \/>\n<meta property=\"article:modified_time\" content=\"2024-07-19T05:54:25+00:00\" \/>\n<meta property=\"og:image\" content=\"https:\/\/emf-consult.com\/nettbutikk\/wp-content\/uploads\/2020\/12\/Virtuell-EMF-undersokelse-400x400-1.png\" \/>\n\t<meta property=\"og:image:width\" content=\"400\" \/>\n\t<meta property=\"og:image:height\" content=\"400\" \/>\n\t<meta property=\"og:image:type\" content=\"image\/png\" \/>\n<meta name=\"twitter:card\" content=\"summary_large_image\" \/>\n<meta name=\"twitter:label1\" content=\"Ansl. lesetid\" \/>\n\t<meta name=\"twitter:data1\" content=\"3 minutter\" \/>\n<script type=\"application\/ld+json\" class=\"yoast-schema-graph\">{\"@context\":\"https:\\\/\\\/schema.org\",\"@graph\":[{\"@type\":\"WebPage\",\"@id\":\"https:\\\/\\\/emf-consult.com\\\/nettbutikk\\\/produkt\\\/virtuell-emf-undersokelse\\\/\",\"url\":\"https:\\\/\\\/emf-consult.com\\\/nettbutikk\\\/produkt\\\/virtuell-emf-undersokelse\\\/\",\"name\":\"\u00abVirtuell\u00bb EMF-unders\u00f8kelse - EMF Consult\",\"isPartOf\":{\"@id\":\"https:\\\/\\\/emf-consult.com\\\/nettbutikk\\\/#website\"},\"primaryImageOfPage\":{\"@id\":\"https:\\\/\\\/emf-consult.com\\\/nettbutikk\\\/produkt\\\/virtuell-emf-undersokelse\\\/#primaryimage\"},\"image\":{\"@id\":\"https:\\\/\\\/emf-consult.com\\\/nettbutikk\\\/produkt\\\/virtuell-emf-undersokelse\\\/#primaryimage\"},\"thumbnailUrl\":\"https:\\\/\\\/emf-consult.com\\\/nettbutikk\\\/wp-content\\\/uploads\\\/2020\\\/12\\\/Virtuell-EMF-undersokelse-400x400-1.png\",\"datePublished\":\"2020-12-21T21:00:26+00:00\",\"dateModified\":\"2024-07-19T05:54:25+00:00\",\"breadcrumb\":{\"@id\":\"https:\\\/\\\/emf-consult.com\\\/nettbutikk\\\/produkt\\\/virtuell-emf-undersokelse\\\/#breadcrumb\"},\"inLanguage\":\"nb-NO\",\"potentialAction\":[{\"@type\":\"ReadAction\",\"target\":[\"https:\\\/\\\/emf-consult.com\\\/nettbutikk\\\/produkt\\\/virtuell-emf-undersokelse\\\/\"]}]},{\"@type\":\"ImageObject\",\"inLanguage\":\"nb-NO\",\"@id\":\"https:\\\/\\\/emf-consult.com\\\/nettbutikk\\\/produkt\\\/virtuell-emf-undersokelse\\\/#primaryimage\",\"url\":\"https:\\\/\\\/emf-consult.com\\\/nettbutikk\\\/wp-content\\\/uploads\\\/2020\\\/12\\\/Virtuell-EMF-undersokelse-400x400-1.png\",\"contentUrl\":\"https:\\\/\\\/emf-consult.com\\\/nettbutikk\\\/wp-content\\\/uploads\\\/2020\\\/12\\\/Virtuell-EMF-undersokelse-400x400-1.png\",\"width\":400,\"height\":400},{\"@type\":\"BreadcrumbList\",\"@id\":\"https:\\\/\\\/emf-consult.com\\\/nettbutikk\\\/produkt\\\/virtuell-emf-undersokelse\\\/#breadcrumb\",\"itemListElement\":[{\"@type\":\"ListItem\",\"position\":1,\"name\":\"Hjem\",\"item\":\"https:\\\/\\\/emf-consult.com\\\/nettbutikk\\\/\"},{\"@type\":\"ListItem\",\"position\":2,\"name\":\"Butikk\",\"item\":\"https:\\\/\\\/emf-consult.com\\\/nettbutikk\\\/butikk\\\/\"},{\"@type\":\"ListItem\",\"position\":3,\"name\":\"\u00abVirtuell\u00bb EMF-unders\u00f8kelse\"}]},{\"@type\":\"WebSite\",\"@id\":\"https:\\\/\\\/emf-consult.com\\\/nettbutikk\\\/#website\",\"url\":\"https:\\\/\\\/emf-consult.com\\\/nettbutikk\\\/\",\"name\":\"EMF Consult\",\"description\":\"Nettbutikk - Beskyttelse mot str\u00e5ling\",\"publisher\":{\"@id\":\"https:\\\/\\\/emf-consult.com\\\/nettbutikk\\\/#organization\"},\"potentialAction\":[{\"@type\":\"SearchAction\",\"target\":{\"@type\":\"EntryPoint\",\"urlTemplate\":\"https:\\\/\\\/emf-consult.com\\\/nettbutikk\\\/?s={search_term_string}\"},\"query-input\":{\"@type\":\"PropertyValueSpecification\",\"valueRequired\":true,\"valueName\":\"search_term_string\"}}],\"inLanguage\":\"nb-NO\"},{\"@type\":\"Organization\",\"@id\":\"https:\\\/\\\/emf-consult.com\\\/nettbutikk\\\/#organization\",\"name\":\"EMF Consult AS\",\"url\":\"https:\\\/\\\/emf-consult.com\\\/nettbutikk\\\/\",\"logo\":{\"@type\":\"ImageObject\",\"inLanguage\":\"nb-NO\",\"@id\":\"https:\\\/\\\/emf-consult.com\\\/nettbutikk\\\/#\\\/schema\\\/logo\\\/image\\\/\",\"url\":\"https:\\\/\\\/emf-consult.com\\\/nettbutikk\\\/wp-content\\\/uploads\\\/2022\\\/07\\\/cropped-Favikon-rod-e1658786300694.png\",\"contentUrl\":\"https:\\\/\\\/emf-consult.com\\\/nettbutikk\\\/wp-content\\\/uploads\\\/2022\\\/07\\\/cropped-Favikon-rod-e1658786300694.png\",\"width\":150,\"height\":150,\"caption\":\"EMF Consult AS\"},\"image\":{\"@id\":\"https:\\\/\\\/emf-consult.com\\\/nettbutikk\\\/#\\\/schema\\\/logo\\\/image\\\/\"},\"sameAs\":[\"https:\\\/\\\/www.facebook.com\\\/emfconsult\",\"https:\\\/\\\/www.linkedin.com\\\/company\\\/emf-consult\\\/\"]}]}<\/script>\n<!-- \/ Yoast SEO plugin. -->","yoast_head_json":{"title":"\u00abVirtuell\u00bb EMF-unders\u00f8kelse - EMF Consult","robots":{"index":"index","follow":"follow","max-snippet":"max-snippet:-1","max-image-preview":"max-image-preview:large","max-video-preview":"max-video-preview:-1"},"canonical":"https:\/\/emf-consult.com\/nettbutikk\/produkt\/virtuell-emf-undersokelse\/","og_locale":"nb_NO","og_type":"article","og_title":"\u00abVirtuell\u00bb EMF-unders\u00f8kelse - EMF Consult","og_description":"Utf\u00f8r din egen EMF-unders\u00f8kelse i ditt hjem, veiledet av en av Norges fremste EMF-r\u00e5dgivere. Norge er et langstrakt land og","og_url":"https:\/\/emf-consult.com\/nettbutikk\/produkt\/virtuell-emf-undersokelse\/","og_site_name":"EMF Consult","article_publisher":"https:\/\/www.facebook.com\/emfconsult","article_modified_time":"2024-07-19T05:54:25+00:00","og_image":[{"width":400,"height":400,"url":"https:\/\/emf-consult.com\/nettbutikk\/wp-content\/uploads\/2020\/12\/Virtuell-EMF-undersokelse-400x400-1.png","type":"image\/png"}],"twitter_card":"summary_large_image","twitter_misc":{"Ansl. lesetid":"3 minutter"},"schema":{"@context":"https:\/\/schema.org","@graph":[{"@type":"WebPage","@id":"https:\/\/emf-consult.com\/nettbutikk\/produkt\/virtuell-emf-undersokelse\/","url":"https:\/\/emf-consult.com\/nettbutikk\/produkt\/virtuell-emf-undersokelse\/","name":"\u00abVirtuell\u00bb EMF-unders\u00f8kelse - EMF Consult","isPartOf":{"@id":"https:\/\/emf-consult.com\/nettbutikk\/#website"},"primaryImageOfPage":{"@id":"https:\/\/emf-consult.com\/nettbutikk\/produkt\/virtuell-emf-undersokelse\/#primaryimage"},"image":{"@id":"https:\/\/emf-consult.com\/nettbutikk\/produkt\/virtuell-emf-undersokelse\/#primaryimage"},"thumbnailUrl":"https:\/\/emf-consult.com\/nettbutikk\/wp-content\/uploads\/2020\/12\/Virtuell-EMF-undersokelse-400x400-1.png","datePublished":"2020-12-21T21:00:26+00:00","dateModified":"2024-07-19T05:54:25+00:00","breadcrumb":{"@id":"https:\/\/emf-consult.com\/nettbutikk\/produkt\/virtuell-emf-undersokelse\/#breadcrumb"},"inLanguage":"nb-NO","potentialAction":[{"@type":"ReadAction","target":["https:\/\/emf-consult.com\/nettbutikk\/produkt\/virtuell-emf-undersokelse\/"]}]},{"@type":"ImageObject","inLanguage":"nb-NO","@id":"https:\/\/emf-consult.com\/nettbutikk\/produkt\/virtuell-emf-undersokelse\/#primaryimage","url":"https:\/\/emf-consult.com\/nettbutikk\/wp-content\/uploads\/2020\/12\/Virtuell-EMF-undersokelse-400x400-1.png","contentUrl":"https:\/\/emf-consult.com\/nettbutikk\/wp-content\/uploads\/2020\/12\/Virtuell-EMF-undersokelse-400x400-1.png","width":400,"height":400},{"@type":"BreadcrumbList","@id":"https:\/\/emf-consult.com\/nettbutikk\/produkt\/virtuell-emf-undersokelse\/#breadcrumb","itemListElement":[{"@type":"ListItem","position":1,"name":"Hjem","item":"https:\/\/emf-consult.com\/nettbutikk\/"},{"@type":"ListItem","position":2,"name":"Butikk","item":"https:\/\/emf-consult.com\/nettbutikk\/butikk\/"},{"@type":"ListItem","position":3,"name":"\u00abVirtuell\u00bb EMF-unders\u00f8kelse"}]},{"@type":"WebSite","@id":"https:\/\/emf-consult.com\/nettbutikk\/#website","url":"https:\/\/emf-consult.com\/nettbutikk\/","name":"EMF Consult","description":"Nettbutikk - Beskyttelse mot str\u00e5ling","publisher":{"@id":"https:\/\/emf-consult.com\/nettbutikk\/#organization"},"potentialAction":[{"@type":"SearchAction","target":{"@type":"EntryPoint","urlTemplate":"https:\/\/emf-consult.com\/nettbutikk\/?s={search_term_string}"},"query-input":{"@type":"PropertyValueSpecification","valueRequired":true,"valueName":"search_term_string"}}],"inLanguage":"nb-NO"},{"@type":"Organization","@id":"https:\/\/emf-consult.com\/nettbutikk\/#organization","name":"EMF Consult AS","url":"https:\/\/emf-consult.com\/nettbutikk\/","logo":{"@type":"ImageObject","inLanguage":"nb-NO","@id":"https:\/\/emf-consult.com\/nettbutikk\/#\/schema\/logo\/image\/","url":"https:\/\/emf-consult.com\/nettbutikk\/wp-content\/uploads\/2022\/07\/cropped-Favikon-rod-e1658786300694.png","contentUrl":"https:\/\/emf-consult.com\/nettbutikk\/wp-content\/uploads\/2022\/07\/cropped-Favikon-rod-e1658786300694.png","width":150,"height":150,"caption":"EMF Consult AS"},"image":{"@id":"https:\/\/emf-consult.com\/nettbutikk\/#\/schema\/logo\/image\/"},"sameAs":["https:\/\/www.facebook.com\/emfconsult","https:\/\/www.linkedin.com\/company\/emf-consult\/"]}]}},"_links":{"self":[{"href":"https:\/\/emf-consult.com\/nettbutikk\/wp-json\/wp\/v2\/product\/12624","targetHints":{"allow":["GET"]}}],"collection":[{"href":"https:\/\/emf-consult.com\/nettbutikk\/wp-json\/wp\/v2\/product"}],"about":[{"href":"https:\/\/emf-consult.com\/nettbutikk\/wp-json\/wp\/v2\/types\/product"}],"replies":[{"embeddable":true,"href":"https:\/\/emf-consult.com\/nettbutikk\/wp-json\/wp\/v2\/comments?post=12624"}],"wp:featuredmedia":[{"embeddable":true,"href":"https:\/\/emf-consult.com\/nettbutikk\/wp-json\/wp\/v2\/media\/12625"}],"wp:attachment":[{"href":"https:\/\/emf-consult.com\/nettbutikk\/wp-json\/wp\/v2\/media?parent=12624"}],"wp:term":[{"taxonomy":"product_brand","embeddable":true,"href":"https:\/\/emf-consult.com\/nettbutikk\/wp-json\/wp\/v2\/product_brand?post=12624"},{"taxonomy":"product_cat","embeddable":true,"href":"https:\/\/emf-consult.com\/nettbutikk\/wp-json\/wp\/v2\/product_cat?post=12624"},{"taxonomy":"product_tag","embeddable":true,"href":"https:\/\/emf-consult.com\/nettbutikk\/wp-json\/wp\/v2\/product_tag?post=12624"}],"curies":[{"name":"wp","href":"https:\/\/api.w.org\/{rel}","templated":true}]}}