{"id":1093,"date":"2017-02-11T11:58:21","date_gmt":"2017-02-11T11:58:21","guid":{"rendered":"https:\/\/emfconsult.nyside.net\/nettbutikk\/produkt\/lf-3d-analysator-nfa1000-kopi\/"},"modified":"2025-04-03T10:33:57","modified_gmt":"2025-04-03T08:33:57","slug":"lf-3d-analysator-nfa1000-kopi","status":"publish","type":"product","link":"https:\/\/emf-consult.com\/nettbutikk\/produkt\/lf-3d-analysator-nfa1000-kopi\/","title":{"rendered":"LF 3D-Analysator NFA30M"},"content":{"rendered":"<p><strong>Bruksomr\u00e5de:<\/strong><br \/>\nDette er et tysk kvalitetsinstrument som er utviklet for profesjonell m\u00e5ling av elektromagnetiske felt i hjem, p\u00e5 arbeidsplassen eller i uteomr\u00e5der. Tre-akset m\u00e5ling og innebygd datalogger muliggj\u00f8r effektiv og sikker kartlegging av elektromagnetiske felt.<\/p>\n<p>Apparatet m\u00e5ler felt fra jernbane (16,7Hz), str\u00f8mnettet (50 Hz og overharmoniske), elektriske apparater og str\u00f8mforsyninger<\/p>\n<p>Frekvensomr\u00e5de\u00a016Hz &#8211; 32kHz\u00a0Apparatet er egnet for krevende m\u00e5leoppgaver.<\/p>\n<p><strong>Funksjoner:<\/strong><br \/>\nInstrumentet m\u00e5ler kun lavfrekvens magnetiske felt (M-felt). Apparatet har 3D sensorer for tre-akset m\u00e5ling av det magnetiske feltet. Apparatet har innebygd loggefunksjon og leveres med programmet \u00abNFAsoft\u00bb for etteranalyse av m\u00e5leresultater p\u00e5 PC. Apparatet her mikrofon slik at kommentarer kan leses inn samtidig som man utf\u00f8rer m\u00e5lingen. M\u00e5leverdiene angis i enheter som er vanlig brukt (nT) \u2013 ingen omregning er n\u00f8dvendig n\u00e5r en skal sammenligne med grenseverdier.<\/p>\n","protected":false},"excerpt":{"rendered":"<p><span style=\"color: #000000;\">Frekvensomr\u00e5de:<br \/>\n16 Hz &#8211;\u00a032 KHz (kompensert).<br \/>\n<\/span><\/p>\n<p><span style=\"color: #000000;\">M\u00e5leomr\u00e5de:<br \/>\nMagnetisk felt (flukstetthet): 1 \u2013 19 999 nT<br \/>\n<\/span><\/p>\n<p><span style=\"color: #000000;\">N\u00f8yaktighet:<br \/>\n50\/60 Hz: \u00b1 5%<br \/>\n16 Hz \u2013 32 kHz: \u00b1 1 dB<br \/>\nIsotropisk avvik: \u00b1 1,5 dB<br \/>\nOffset: \u00b1 3 siffer<\/span><\/p>\n<p><span style=\"color: #000000;\">Sensor:<br \/>\nH-felt sensor for magnetisk LF- vekselfelt: 3D<\/span><\/p>\n<p><span style=\"color: #000000;\">M\u00e5leprinsipp: trueRMS, Peak, Peak hold<br \/>\nSignalutgang: AC\/DC utgang for frekvensanalysator\/logging<\/span><\/p>\n<p><span style=\"color: #000000;\">Str\u00f8mforsyning:<br \/>\n7,4 Volt Li-ion oppladbar batteripakke (inkludert), gjennomsnittlig brukstid p\u00e5 batteri i loggemodus\u00a048 timer.<br \/>\nLavt batteriniv\u00e5 indikator, Auto-av funksjon, kan deaktiveres ved langtidsm\u00e5ling.<\/span><\/p>\n<p><span style=\"color: #000000;\">Vekt: 0,68 kg<\/span><\/p>\n<p><span style=\"color: #000000;\">Apparatet leveres komplett med f\u00f8lgende utstyr:<br \/>\nM\u00e5leinstrument med silicon hylster, 4GB SDHC SD-kort, USB-kabel, \u00abNFAsoft\u00bb analyse software,\u00a0intern Li Ion oppladbar batteripakke, batterilader, brukermanual, oppbevaringskoffert i plast.<\/span><\/p>\n","protected":false},"featured_media":1094,"comment_status":"open","ping_status":"closed","template":"","meta":[],"product_brand":[],"product_cat":[23,21],"product_tag":[],"class_list":{"0":"post-1093","1":"product","2":"type-product","3":"status-publish","4":"has-post-thumbnail","6":"product_cat-el-installasjon","7":"product_cat-maleinstrumeter-lf","9":"first","10":"onbackorder","11":"taxable","12":"shipping-taxable","13":"purchasable","14":"product-type-simple"},"yoast_head":"<!-- This site is optimized with the Yoast SEO plugin v27.4 - https:\/\/yoast.com\/product\/yoast-seo-wordpress\/ -->\n<title>LF 3D-Analysator NFA30M - EMF Consult<\/title>\n<meta name=\"robots\" content=\"index, follow, max-snippet:-1, max-image-preview:large, max-video-preview:-1\" \/>\n<link rel=\"canonical\" href=\"https:\/\/emf-consult.com\/nettbutikk\/produkt\/lf-3d-analysator-nfa1000-kopi\/\" \/>\n<meta property=\"og:locale\" content=\"nb_NO\" \/>\n<meta property=\"og:type\" content=\"article\" \/>\n<meta property=\"og:title\" content=\"LF 3D-Analysator NFA30M - EMF Consult\" \/>\n<meta property=\"og:description\" content=\"Frekvensomr\u00e5de: 16 Hz -\u00a032 KHz (kompensert).   M\u00e5leomr\u00e5de: Magnetisk felt (flukstetthet): 1 \u2013 19 999 nT   N\u00f8yaktighet: 50\/60 Hz: \u00b1 5% 16 Hz \u2013 32 kHz: \u00b1 1 dB Isotropisk avvik: \u00b1 1,5 dB Offset: \u00b1 3 siffer  Sensor: H-felt sensor for magnetisk LF- vekselfelt: 3D  M\u00e5leprinsipp: trueRMS, Peak, Peak hold Signalutgang: AC\/DC utgang for frekvensanalysator\/logging  Str\u00f8mforsyning: 7,4 Volt Li-ion oppladbar batteripakke (inkludert), gjennomsnittlig brukstid p\u00e5 batteri i loggemodus\u00a048 timer. Lavt batteriniv\u00e5 indikator, Auto-av funksjon, kan deaktiveres ved langtidsm\u00e5ling.  Vekt: 0,68 kg  Apparatet leveres komplett med f\u00f8lgende utstyr: M\u00e5leinstrument med silicon hylster, 4GB SDHC SD-kort, USB-kabel, \u00abNFAsoft\u00bb analyse software,\u00a0intern Li Ion oppladbar batteripakke, batterilader, brukermanual, oppbevaringskoffert i plast.\" \/>\n<meta property=\"og:url\" content=\"https:\/\/emf-consult.com\/nettbutikk\/produkt\/lf-3d-analysator-nfa1000-kopi\/\" \/>\n<meta property=\"og:site_name\" content=\"EMF Consult\" \/>\n<meta property=\"article:publisher\" content=\"https:\/\/www.facebook.com\/emfconsult\" \/>\n<meta property=\"article:modified_time\" content=\"2025-04-03T08:33:57+00:00\" \/>\n<meta property=\"og:image\" content=\"https:\/\/emf-consult.com\/nettbutikk\/wp-content\/uploads\/2019\/11\/NFA-30M-1.png\" \/>\n\t<meta property=\"og:image:width\" content=\"400\" \/>\n\t<meta property=\"og:image:height\" content=\"450\" \/>\n\t<meta property=\"og:image:type\" content=\"image\/png\" \/>\n<meta name=\"twitter:card\" content=\"summary_large_image\" \/>\n<meta name=\"twitter:label1\" content=\"Ansl. lesetid\" \/>\n\t<meta name=\"twitter:data1\" content=\"1 minutt\" \/>\n<script type=\"application\/ld+json\" class=\"yoast-schema-graph\">{\"@context\":\"https:\\\/\\\/schema.org\",\"@graph\":[{\"@type\":\"WebPage\",\"@id\":\"https:\\\/\\\/emf-consult.com\\\/nettbutikk\\\/produkt\\\/lf-3d-analysator-nfa1000-kopi\\\/\",\"url\":\"https:\\\/\\\/emf-consult.com\\\/nettbutikk\\\/produkt\\\/lf-3d-analysator-nfa1000-kopi\\\/\",\"name\":\"LF 3D-Analysator NFA30M - EMF Consult\",\"isPartOf\":{\"@id\":\"https:\\\/\\\/emf-consult.com\\\/nettbutikk\\\/#website\"},\"primaryImageOfPage\":{\"@id\":\"https:\\\/\\\/emf-consult.com\\\/nettbutikk\\\/produkt\\\/lf-3d-analysator-nfa1000-kopi\\\/#primaryimage\"},\"image\":{\"@id\":\"https:\\\/\\\/emf-consult.com\\\/nettbutikk\\\/produkt\\\/lf-3d-analysator-nfa1000-kopi\\\/#primaryimage\"},\"thumbnailUrl\":\"https:\\\/\\\/emf-consult.com\\\/nettbutikk\\\/wp-content\\\/uploads\\\/2019\\\/11\\\/NFA-30M-1.png\",\"datePublished\":\"2017-02-11T11:58:21+00:00\",\"dateModified\":\"2025-04-03T08:33:57+00:00\",\"breadcrumb\":{\"@id\":\"https:\\\/\\\/emf-consult.com\\\/nettbutikk\\\/produkt\\\/lf-3d-analysator-nfa1000-kopi\\\/#breadcrumb\"},\"inLanguage\":\"nb-NO\",\"potentialAction\":[{\"@type\":\"ReadAction\",\"target\":[\"https:\\\/\\\/emf-consult.com\\\/nettbutikk\\\/produkt\\\/lf-3d-analysator-nfa1000-kopi\\\/\"]}]},{\"@type\":\"ImageObject\",\"inLanguage\":\"nb-NO\",\"@id\":\"https:\\\/\\\/emf-consult.com\\\/nettbutikk\\\/produkt\\\/lf-3d-analysator-nfa1000-kopi\\\/#primaryimage\",\"url\":\"https:\\\/\\\/emf-consult.com\\\/nettbutikk\\\/wp-content\\\/uploads\\\/2019\\\/11\\\/NFA-30M-1.png\",\"contentUrl\":\"https:\\\/\\\/emf-consult.com\\\/nettbutikk\\\/wp-content\\\/uploads\\\/2019\\\/11\\\/NFA-30M-1.png\",\"width\":400,\"height\":450,\"caption\":\"LF 3D-Analysator NFA30M\"},{\"@type\":\"BreadcrumbList\",\"@id\":\"https:\\\/\\\/emf-consult.com\\\/nettbutikk\\\/produkt\\\/lf-3d-analysator-nfa1000-kopi\\\/#breadcrumb\",\"itemListElement\":[{\"@type\":\"ListItem\",\"position\":1,\"name\":\"Hjem\",\"item\":\"https:\\\/\\\/emf-consult.com\\\/nettbutikk\\\/\"},{\"@type\":\"ListItem\",\"position\":2,\"name\":\"Butikk\",\"item\":\"https:\\\/\\\/emf-consult.com\\\/nettbutikk\\\/butikk\\\/\"},{\"@type\":\"ListItem\",\"position\":3,\"name\":\"LF 3D-Analysator NFA30M\"}]},{\"@type\":\"WebSite\",\"@id\":\"https:\\\/\\\/emf-consult.com\\\/nettbutikk\\\/#website\",\"url\":\"https:\\\/\\\/emf-consult.com\\\/nettbutikk\\\/\",\"name\":\"EMF Consult\",\"description\":\"Nettbutikk - Beskyttelse mot str\u00e5ling\",\"publisher\":{\"@id\":\"https:\\\/\\\/emf-consult.com\\\/nettbutikk\\\/#organization\"},\"potentialAction\":[{\"@type\":\"SearchAction\",\"target\":{\"@type\":\"EntryPoint\",\"urlTemplate\":\"https:\\\/\\\/emf-consult.com\\\/nettbutikk\\\/?s={search_term_string}\"},\"query-input\":{\"@type\":\"PropertyValueSpecification\",\"valueRequired\":true,\"valueName\":\"search_term_string\"}}],\"inLanguage\":\"nb-NO\"},{\"@type\":\"Organization\",\"@id\":\"https:\\\/\\\/emf-consult.com\\\/nettbutikk\\\/#organization\",\"name\":\"EMF Consult AS\",\"url\":\"https:\\\/\\\/emf-consult.com\\\/nettbutikk\\\/\",\"logo\":{\"@type\":\"ImageObject\",\"inLanguage\":\"nb-NO\",\"@id\":\"https:\\\/\\\/emf-consult.com\\\/nettbutikk\\\/#\\\/schema\\\/logo\\\/image\\\/\",\"url\":\"https:\\\/\\\/emf-consult.com\\\/nettbutikk\\\/wp-content\\\/uploads\\\/2022\\\/07\\\/cropped-Favikon-rod-e1658786300694.png\",\"contentUrl\":\"https:\\\/\\\/emf-consult.com\\\/nettbutikk\\\/wp-content\\\/uploads\\\/2022\\\/07\\\/cropped-Favikon-rod-e1658786300694.png\",\"width\":150,\"height\":150,\"caption\":\"EMF Consult AS\"},\"image\":{\"@id\":\"https:\\\/\\\/emf-consult.com\\\/nettbutikk\\\/#\\\/schema\\\/logo\\\/image\\\/\"},\"sameAs\":[\"https:\\\/\\\/www.facebook.com\\\/emfconsult\",\"https:\\\/\\\/www.linkedin.com\\\/company\\\/emf-consult\\\/\"]}]}<\/script>\n<!-- \/ Yoast SEO plugin. -->","yoast_head_json":{"title":"LF 3D-Analysator NFA30M - EMF Consult","robots":{"index":"index","follow":"follow","max-snippet":"max-snippet:-1","max-image-preview":"max-image-preview:large","max-video-preview":"max-video-preview:-1"},"canonical":"https:\/\/emf-consult.com\/nettbutikk\/produkt\/lf-3d-analysator-nfa1000-kopi\/","og_locale":"nb_NO","og_type":"article","og_title":"LF 3D-Analysator NFA30M - EMF Consult","og_description":"Frekvensomr\u00e5de: 16 Hz -\u00a032 KHz (kompensert).   M\u00e5leomr\u00e5de: Magnetisk felt (flukstetthet): 1 \u2013 19 999 nT   N\u00f8yaktighet: 50\/60 Hz: \u00b1 5% 16 Hz \u2013 32 kHz: \u00b1 1 dB Isotropisk avvik: \u00b1 1,5 dB Offset: \u00b1 3 siffer  Sensor: H-felt sensor for magnetisk LF- vekselfelt: 3D  M\u00e5leprinsipp: trueRMS, Peak, Peak hold Signalutgang: AC\/DC utgang for frekvensanalysator\/logging  Str\u00f8mforsyning: 7,4 Volt Li-ion oppladbar batteripakke (inkludert), gjennomsnittlig brukstid p\u00e5 batteri i loggemodus\u00a048 timer. Lavt batteriniv\u00e5 indikator, Auto-av funksjon, kan deaktiveres ved langtidsm\u00e5ling.  Vekt: 0,68 kg  Apparatet leveres komplett med f\u00f8lgende utstyr: M\u00e5leinstrument med silicon hylster, 4GB SDHC SD-kort, USB-kabel, \u00abNFAsoft\u00bb analyse software,\u00a0intern Li Ion oppladbar batteripakke, batterilader, brukermanual, oppbevaringskoffert i plast.","og_url":"https:\/\/emf-consult.com\/nettbutikk\/produkt\/lf-3d-analysator-nfa1000-kopi\/","og_site_name":"EMF Consult","article_publisher":"https:\/\/www.facebook.com\/emfconsult","article_modified_time":"2025-04-03T08:33:57+00:00","og_image":[{"width":400,"height":450,"url":"https:\/\/emf-consult.com\/nettbutikk\/wp-content\/uploads\/2019\/11\/NFA-30M-1.png","type":"image\/png"}],"twitter_card":"summary_large_image","twitter_misc":{"Ansl. lesetid":"1 minutt"},"schema":{"@context":"https:\/\/schema.org","@graph":[{"@type":"WebPage","@id":"https:\/\/emf-consult.com\/nettbutikk\/produkt\/lf-3d-analysator-nfa1000-kopi\/","url":"https:\/\/emf-consult.com\/nettbutikk\/produkt\/lf-3d-analysator-nfa1000-kopi\/","name":"LF 3D-Analysator NFA30M - EMF Consult","isPartOf":{"@id":"https:\/\/emf-consult.com\/nettbutikk\/#website"},"primaryImageOfPage":{"@id":"https:\/\/emf-consult.com\/nettbutikk\/produkt\/lf-3d-analysator-nfa1000-kopi\/#primaryimage"},"image":{"@id":"https:\/\/emf-consult.com\/nettbutikk\/produkt\/lf-3d-analysator-nfa1000-kopi\/#primaryimage"},"thumbnailUrl":"https:\/\/emf-consult.com\/nettbutikk\/wp-content\/uploads\/2019\/11\/NFA-30M-1.png","datePublished":"2017-02-11T11:58:21+00:00","dateModified":"2025-04-03T08:33:57+00:00","breadcrumb":{"@id":"https:\/\/emf-consult.com\/nettbutikk\/produkt\/lf-3d-analysator-nfa1000-kopi\/#breadcrumb"},"inLanguage":"nb-NO","potentialAction":[{"@type":"ReadAction","target":["https:\/\/emf-consult.com\/nettbutikk\/produkt\/lf-3d-analysator-nfa1000-kopi\/"]}]},{"@type":"ImageObject","inLanguage":"nb-NO","@id":"https:\/\/emf-consult.com\/nettbutikk\/produkt\/lf-3d-analysator-nfa1000-kopi\/#primaryimage","url":"https:\/\/emf-consult.com\/nettbutikk\/wp-content\/uploads\/2019\/11\/NFA-30M-1.png","contentUrl":"https:\/\/emf-consult.com\/nettbutikk\/wp-content\/uploads\/2019\/11\/NFA-30M-1.png","width":400,"height":450,"caption":"LF 3D-Analysator NFA30M"},{"@type":"BreadcrumbList","@id":"https:\/\/emf-consult.com\/nettbutikk\/produkt\/lf-3d-analysator-nfa1000-kopi\/#breadcrumb","itemListElement":[{"@type":"ListItem","position":1,"name":"Hjem","item":"https:\/\/emf-consult.com\/nettbutikk\/"},{"@type":"ListItem","position":2,"name":"Butikk","item":"https:\/\/emf-consult.com\/nettbutikk\/butikk\/"},{"@type":"ListItem","position":3,"name":"LF 3D-Analysator NFA30M"}]},{"@type":"WebSite","@id":"https:\/\/emf-consult.com\/nettbutikk\/#website","url":"https:\/\/emf-consult.com\/nettbutikk\/","name":"EMF Consult","description":"Nettbutikk - Beskyttelse mot str\u00e5ling","publisher":{"@id":"https:\/\/emf-consult.com\/nettbutikk\/#organization"},"potentialAction":[{"@type":"SearchAction","target":{"@type":"EntryPoint","urlTemplate":"https:\/\/emf-consult.com\/nettbutikk\/?s={search_term_string}"},"query-input":{"@type":"PropertyValueSpecification","valueRequired":true,"valueName":"search_term_string"}}],"inLanguage":"nb-NO"},{"@type":"Organization","@id":"https:\/\/emf-consult.com\/nettbutikk\/#organization","name":"EMF Consult AS","url":"https:\/\/emf-consult.com\/nettbutikk\/","logo":{"@type":"ImageObject","inLanguage":"nb-NO","@id":"https:\/\/emf-consult.com\/nettbutikk\/#\/schema\/logo\/image\/","url":"https:\/\/emf-consult.com\/nettbutikk\/wp-content\/uploads\/2022\/07\/cropped-Favikon-rod-e1658786300694.png","contentUrl":"https:\/\/emf-consult.com\/nettbutikk\/wp-content\/uploads\/2022\/07\/cropped-Favikon-rod-e1658786300694.png","width":150,"height":150,"caption":"EMF Consult AS"},"image":{"@id":"https:\/\/emf-consult.com\/nettbutikk\/#\/schema\/logo\/image\/"},"sameAs":["https:\/\/www.facebook.com\/emfconsult","https:\/\/www.linkedin.com\/company\/emf-consult\/"]}]}},"_links":{"self":[{"href":"https:\/\/emf-consult.com\/nettbutikk\/wp-json\/wp\/v2\/product\/1093","targetHints":{"allow":["GET"]}}],"collection":[{"href":"https:\/\/emf-consult.com\/nettbutikk\/wp-json\/wp\/v2\/product"}],"about":[{"href":"https:\/\/emf-consult.com\/nettbutikk\/wp-json\/wp\/v2\/types\/product"}],"replies":[{"embeddable":true,"href":"https:\/\/emf-consult.com\/nettbutikk\/wp-json\/wp\/v2\/comments?post=1093"}],"wp:featuredmedia":[{"embeddable":true,"href":"https:\/\/emf-consult.com\/nettbutikk\/wp-json\/wp\/v2\/media\/1094"}],"wp:attachment":[{"href":"https:\/\/emf-consult.com\/nettbutikk\/wp-json\/wp\/v2\/media?parent=1093"}],"wp:term":[{"taxonomy":"product_brand","embeddable":true,"href":"https:\/\/emf-consult.com\/nettbutikk\/wp-json\/wp\/v2\/product_brand?post=1093"},{"taxonomy":"product_cat","embeddable":true,"href":"https:\/\/emf-consult.com\/nettbutikk\/wp-json\/wp\/v2\/product_cat?post=1093"},{"taxonomy":"product_tag","embeddable":true,"href":"https:\/\/emf-consult.com\/nettbutikk\/wp-json\/wp\/v2\/product_tag?post=1093"}],"curies":[{"name":"wp","href":"https:\/\/api.w.org\/{rel}","templated":true}]}}