{"id":26,"date":"2019-11-25T09:16:03","date_gmt":"2019-11-25T09:16:03","guid":{"rendered":"https:\/\/emfconsult.nyside.net\/nettbutikk\/?page_id=26"},"modified":"2026-01-19T10:04:05","modified_gmt":"2026-01-19T09:04:05","slug":"personvernerklaering","status":"publish","type":"page","link":"https:\/\/emf-consult.com\/nettbutikk\/personvernerklaering\/","title":{"rendered":"Personvernerkl\u00e6ring"},"content":{"rendered":"<p><strong>Personvern- og cookieserkl\u00e6ring<\/strong><br \/>\nEMF Consult eier nettstedet emf-consult.com. Alt innhold som publiseres p\u00e5 v\u00e5re nettsider tilh\u00f8rer oss. Republisering er ikke lov med mindre det er gitt skriftlig tillatelse til dette. Ved \u00e5 bruke v\u00e5re nettsider, samtykker du til behandling av personopplysninger i henhold til denne erkl\u00e6ring.<\/p>\n<p><strong>Hva er personvern?<\/strong><br \/>\nPersonvern er retten til \u00e5 bestemme over personopplysninger om en selv. Med personopplysninger menes alle opplysninger og vurderinger som kan knyttes til deg som enkeltperson. Med behandling av personopplysninger mener man enhver bruk av personopplysninger, som for eksempel innsamling, registrering, sammenstilling, lagring og utlevering eller en kombinasjon av slike bruksm\u00e5ter.<\/p>\n<p><strong>Behandling av personopplysninger<\/strong><br \/>\nEMF Consult v\/ daglig leder er behandlingsansvarlig for v\u00e5r behandling av personopplysninger. EMF Consult behandler personopplysninger i henhold til gjeldende lovgivning og selger ikke dine personopplysninger til tredjeparter. EMF Consult behandler ikke personopplysninger uten at det foreligger et lovlig behandlingsgrunnlag og ikke utover det som er n\u00f8dvendig for \u00e5 oppfylle et lovlig behandlingsform\u00e5l. V\u00e5re underleverand\u00f8rer har kun tillatelse til \u00e5 behandle personopplysninger p\u00e5 v\u00e5re vegne i henhold til databehandleravtale og i henhold til v\u00e5re krav om informasjonssikkerhet.<\/p>\n<p>Opplysningene som blir samlet inn p\u00e5 v\u00e5re nettsider vil kunne bli brukt til markedsf\u00f8ringstiltak som for eksempel invitasjon til seminarer, kurs, \u00f8vrige arrangementer, informasjon om v\u00e5re tjenester samt annen direkte\/indirekte markedsf\u00f8ring. Videre vil ogs\u00e5 innsamlede opplysninger kunne bli brukt til statistikk samt drift, vedlikehold og forbedring av v\u00e5re nettsider.<\/p>\n<p>EMF Consult har ikke ansvar for innhold eller behandling av personopplysninger p\u00e5 eksterne nettsider.<\/p>\n<p><strong>Dine rettigheter<\/strong><br \/>\nDu har rett til innsyn i egne personopplysninger som behandles om deg. Du har ogs\u00e5 en rett til \u00e5 kreve at personopplysninger om deg blir rettet dersom disse viser seg \u00e5 v\u00e6re uriktige eller ufullstendige. Videre har du ogs\u00e5 en rett til \u00e5 bli glemt, hvilket betyr at du kan kreve at personopplysninger om deg blir slettet. Med mindre det foreligger et s\u00e6rskilt lovgrunnlag for fortsatt behandling av personopplysningene vil disse bli slettet. Det er frivillig \u00e5 gi fra seg personopplysninger, og et samtykke til behandling av personopplysninger kan alltid trekkes tilbake.<\/p>\n<p>Vennligst se kontaktinformasjon nedenfor om du \u00f8nsker \u00e5 komme i kontakt med oss.<\/p>\n<p><strong>Cookies og webanalyse<\/strong><br \/>\nEMF Consult benytter seg av cookies, ogs\u00e5 kalt informasjonskapsler, p\u00e5 v\u00e5re nettsider. Cookies er en datafil som lagres p\u00e5 enheten du surfer fra. EMF Consult bruker blant annet cookies for \u00e5 analysere bruken av v\u00e5re nettsider samt til markedsf\u00f8ringstiltak ved eksempelvis nedlastning av materiale fra v\u00e5r nettside.<\/p>\n<p>Ved \u00e5 bruke v\u00e5re nettsider samtykker du til v\u00e5r bruk av cookies. Du kan imidlertid i din nettleser blokkere og slette cookies. Hvis du \u00f8nsker mer informasjon om hvordan du kan blokkere og tillatte bruken av informasjonskapsler i din nettleser kan du lese mer p\u00e5 nettvett.no sine nettsider\u00a0<a href=\"http:\/\/www.nettvett.no\/\" target=\"_blank\" rel=\"noopener noreferrer\">her<\/a>\u00a0(ekstern nettside).<\/p>\n<p>Vennligst v\u00e6r oppmerksom p\u00e5 at ved \u00e5 stenge for bruk av cookies vil du kunne oppleve at v\u00e5re nettsider ikke fungerer optimalt.<\/p>\n<p><strong>Lovvalg og verneting<\/strong><br \/>\nEventuelle tvister skal behandles i henhold til norsk lov med Oslo tingrett som verneting.<\/p>\n<p><strong>Sp\u00f8rsm\u00e5l<\/strong><br \/>\nOm du skulle ha sp\u00f8rsm\u00e5l til denne erkl\u00e6ringen eller du eksempelvis \u00f8nsker innsyn i egne personopplysninger, kan du ta kontakt med oss p\u00e5 telefon eller sende oss en mail.<\/p>\n<p>EMF Consult<br \/>\nRing oss: (+47) 32 87 94 05<br \/>\nSkriv til oss: info@emf-consult.no<\/p>\n<p>Bj\u00f8rnholtveien 34<br \/>\n3614 Kongsberg<br \/>\nNorge<\/p>\n<p><strong>Endringer i denne erkl\u00e6ringen<\/strong><br \/>\nVi forbeholder oss retten til \u00e5 endre eller oppdatere denne erkl\u00e6ringen. Alle endringer gjelder fra tidspunktet de ble publisert. Om du \u00f8nsker \u00e5 vite n\u00e5r erkl\u00e6ringen sist ble oppdatert, finner du dette under \u00abSist oppdatert\u00bb nederst p\u00e5 siden.<\/p>\n<p><strong><i>Sist oppdatert: 2026-01-19<\/i><\/strong><\/p>\n","protected":false},"excerpt":{"rendered":"<p>Personvern- og cookieserkl\u00e6ring EMF Consult eier nettstedet emf-consult.com. Alt innhold som publiseres p\u00e5 v\u00e5re nettsider tilh\u00f8rer oss. Republisering er ikke<\/p>\n","protected":false},"author":1,"featured_media":0,"parent":0,"menu_order":0,"comment_status":"closed","ping_status":"closed","template":"","meta":{"footnotes":""},"class_list":["post-26","page","type-page","status-publish","hentry"],"yoast_head":"<!-- This site is optimized with the Yoast SEO plugin v27.3 - https:\/\/yoast.com\/product\/yoast-seo-wordpress\/ -->\n<title>Personvernerkl\u00e6ring - EMF Consult<\/title>\n<meta name=\"robots\" content=\"index, follow, max-snippet:-1, max-image-preview:large, max-video-preview:-1\" \/>\n<link rel=\"canonical\" href=\"https:\/\/emf-consult.com\/nettbutikk\/personvernerklaering\/\" \/>\n<meta property=\"og:locale\" content=\"nb_NO\" \/>\n<meta property=\"og:type\" content=\"article\" \/>\n<meta property=\"og:title\" content=\"Personvernerkl\u00e6ring - EMF Consult\" \/>\n<meta property=\"og:description\" content=\"Personvern- og cookieserkl\u00e6ring EMF Consult eier nettstedet emf-consult.com. Alt innhold som publiseres p\u00e5 v\u00e5re nettsider tilh\u00f8rer oss. Republisering er ikke\" \/>\n<meta property=\"og:url\" content=\"https:\/\/emf-consult.com\/nettbutikk\/personvernerklaering\/\" \/>\n<meta property=\"og:site_name\" content=\"EMF Consult\" \/>\n<meta property=\"article:publisher\" content=\"https:\/\/www.facebook.com\/emfconsult\" \/>\n<meta property=\"article:modified_time\" content=\"2026-01-19T09:04:05+00:00\" \/>\n<meta name=\"twitter:card\" content=\"summary_large_image\" \/>\n<meta name=\"twitter:label1\" content=\"Ansl. lesetid\" \/>\n\t<meta name=\"twitter:data1\" content=\"4 minutter\" \/>\n<script type=\"application\/ld+json\" class=\"yoast-schema-graph\">{\"@context\":\"https:\\\/\\\/schema.org\",\"@graph\":[{\"@type\":\"WebPage\",\"@id\":\"https:\\\/\\\/emf-consult.com\\\/nettbutikk\\\/personvernerklaering\\\/\",\"url\":\"https:\\\/\\\/emf-consult.com\\\/nettbutikk\\\/personvernerklaering\\\/\",\"name\":\"Personvernerkl\u00e6ring - EMF Consult\",\"isPartOf\":{\"@id\":\"https:\\\/\\\/emf-consult.com\\\/nettbutikk\\\/#website\"},\"datePublished\":\"2019-11-25T09:16:03+00:00\",\"dateModified\":\"2026-01-19T09:04:05+00:00\",\"breadcrumb\":{\"@id\":\"https:\\\/\\\/emf-consult.com\\\/nettbutikk\\\/personvernerklaering\\\/#breadcrumb\"},\"inLanguage\":\"nb-NO\",\"potentialAction\":[{\"@type\":\"ReadAction\",\"target\":[\"https:\\\/\\\/emf-consult.com\\\/nettbutikk\\\/personvernerklaering\\\/\"]}]},{\"@type\":\"BreadcrumbList\",\"@id\":\"https:\\\/\\\/emf-consult.com\\\/nettbutikk\\\/personvernerklaering\\\/#breadcrumb\",\"itemListElement\":[{\"@type\":\"ListItem\",\"position\":1,\"name\":\"Hjem\",\"item\":\"https:\\\/\\\/emf-consult.com\\\/nettbutikk\\\/\"},{\"@type\":\"ListItem\",\"position\":2,\"name\":\"Personvernerkl\u00e6ring\"}]},{\"@type\":\"WebSite\",\"@id\":\"https:\\\/\\\/emf-consult.com\\\/nettbutikk\\\/#website\",\"url\":\"https:\\\/\\\/emf-consult.com\\\/nettbutikk\\\/\",\"name\":\"EMF Consult\",\"description\":\"Nettbutikk - Beskyttelse mot str\u00e5ling\",\"publisher\":{\"@id\":\"https:\\\/\\\/emf-consult.com\\\/nettbutikk\\\/#organization\"},\"potentialAction\":[{\"@type\":\"SearchAction\",\"target\":{\"@type\":\"EntryPoint\",\"urlTemplate\":\"https:\\\/\\\/emf-consult.com\\\/nettbutikk\\\/?s={search_term_string}\"},\"query-input\":{\"@type\":\"PropertyValueSpecification\",\"valueRequired\":true,\"valueName\":\"search_term_string\"}}],\"inLanguage\":\"nb-NO\"},{\"@type\":\"Organization\",\"@id\":\"https:\\\/\\\/emf-consult.com\\\/nettbutikk\\\/#organization\",\"name\":\"EMF Consult AS\",\"url\":\"https:\\\/\\\/emf-consult.com\\\/nettbutikk\\\/\",\"logo\":{\"@type\":\"ImageObject\",\"inLanguage\":\"nb-NO\",\"@id\":\"https:\\\/\\\/emf-consult.com\\\/nettbutikk\\\/#\\\/schema\\\/logo\\\/image\\\/\",\"url\":\"https:\\\/\\\/emf-consult.com\\\/nettbutikk\\\/wp-content\\\/uploads\\\/2022\\\/07\\\/cropped-Favikon-rod-e1658786300694.png\",\"contentUrl\":\"https:\\\/\\\/emf-consult.com\\\/nettbutikk\\\/wp-content\\\/uploads\\\/2022\\\/07\\\/cropped-Favikon-rod-e1658786300694.png\",\"width\":150,\"height\":150,\"caption\":\"EMF Consult AS\"},\"image\":{\"@id\":\"https:\\\/\\\/emf-consult.com\\\/nettbutikk\\\/#\\\/schema\\\/logo\\\/image\\\/\"},\"sameAs\":[\"https:\\\/\\\/www.facebook.com\\\/emfconsult\",\"https:\\\/\\\/www.linkedin.com\\\/company\\\/emf-consult\\\/\"]}]}<\/script>\n<!-- \/ Yoast SEO plugin. -->","yoast_head_json":{"title":"Personvernerkl\u00e6ring - EMF Consult","robots":{"index":"index","follow":"follow","max-snippet":"max-snippet:-1","max-image-preview":"max-image-preview:large","max-video-preview":"max-video-preview:-1"},"canonical":"https:\/\/emf-consult.com\/nettbutikk\/personvernerklaering\/","og_locale":"nb_NO","og_type":"article","og_title":"Personvernerkl\u00e6ring - EMF Consult","og_description":"Personvern- og cookieserkl\u00e6ring EMF Consult eier nettstedet emf-consult.com. Alt innhold som publiseres p\u00e5 v\u00e5re nettsider tilh\u00f8rer oss. Republisering er ikke","og_url":"https:\/\/emf-consult.com\/nettbutikk\/personvernerklaering\/","og_site_name":"EMF Consult","article_publisher":"https:\/\/www.facebook.com\/emfconsult","article_modified_time":"2026-01-19T09:04:05+00:00","twitter_card":"summary_large_image","twitter_misc":{"Ansl. lesetid":"4 minutter"},"schema":{"@context":"https:\/\/schema.org","@graph":[{"@type":"WebPage","@id":"https:\/\/emf-consult.com\/nettbutikk\/personvernerklaering\/","url":"https:\/\/emf-consult.com\/nettbutikk\/personvernerklaering\/","name":"Personvernerkl\u00e6ring - EMF Consult","isPartOf":{"@id":"https:\/\/emf-consult.com\/nettbutikk\/#website"},"datePublished":"2019-11-25T09:16:03+00:00","dateModified":"2026-01-19T09:04:05+00:00","breadcrumb":{"@id":"https:\/\/emf-consult.com\/nettbutikk\/personvernerklaering\/#breadcrumb"},"inLanguage":"nb-NO","potentialAction":[{"@type":"ReadAction","target":["https:\/\/emf-consult.com\/nettbutikk\/personvernerklaering\/"]}]},{"@type":"BreadcrumbList","@id":"https:\/\/emf-consult.com\/nettbutikk\/personvernerklaering\/#breadcrumb","itemListElement":[{"@type":"ListItem","position":1,"name":"Hjem","item":"https:\/\/emf-consult.com\/nettbutikk\/"},{"@type":"ListItem","position":2,"name":"Personvernerkl\u00e6ring"}]},{"@type":"WebSite","@id":"https:\/\/emf-consult.com\/nettbutikk\/#website","url":"https:\/\/emf-consult.com\/nettbutikk\/","name":"EMF Consult","description":"Nettbutikk - Beskyttelse mot str\u00e5ling","publisher":{"@id":"https:\/\/emf-consult.com\/nettbutikk\/#organization"},"potentialAction":[{"@type":"SearchAction","target":{"@type":"EntryPoint","urlTemplate":"https:\/\/emf-consult.com\/nettbutikk\/?s={search_term_string}"},"query-input":{"@type":"PropertyValueSpecification","valueRequired":true,"valueName":"search_term_string"}}],"inLanguage":"nb-NO"},{"@type":"Organization","@id":"https:\/\/emf-consult.com\/nettbutikk\/#organization","name":"EMF Consult AS","url":"https:\/\/emf-consult.com\/nettbutikk\/","logo":{"@type":"ImageObject","inLanguage":"nb-NO","@id":"https:\/\/emf-consult.com\/nettbutikk\/#\/schema\/logo\/image\/","url":"https:\/\/emf-consult.com\/nettbutikk\/wp-content\/uploads\/2022\/07\/cropped-Favikon-rod-e1658786300694.png","contentUrl":"https:\/\/emf-consult.com\/nettbutikk\/wp-content\/uploads\/2022\/07\/cropped-Favikon-rod-e1658786300694.png","width":150,"height":150,"caption":"EMF Consult AS"},"image":{"@id":"https:\/\/emf-consult.com\/nettbutikk\/#\/schema\/logo\/image\/"},"sameAs":["https:\/\/www.facebook.com\/emfconsult","https:\/\/www.linkedin.com\/company\/emf-consult\/"]}]}},"_links":{"self":[{"href":"https:\/\/emf-consult.com\/nettbutikk\/wp-json\/wp\/v2\/pages\/26","targetHints":{"allow":["GET"]}}],"collection":[{"href":"https:\/\/emf-consult.com\/nettbutikk\/wp-json\/wp\/v2\/pages"}],"about":[{"href":"https:\/\/emf-consult.com\/nettbutikk\/wp-json\/wp\/v2\/types\/page"}],"author":[{"embeddable":true,"href":"https:\/\/emf-consult.com\/nettbutikk\/wp-json\/wp\/v2\/users\/1"}],"replies":[{"embeddable":true,"href":"https:\/\/emf-consult.com\/nettbutikk\/wp-json\/wp\/v2\/comments?post=26"}],"version-history":[{"count":1,"href":"https:\/\/emf-consult.com\/nettbutikk\/wp-json\/wp\/v2\/pages\/26\/revisions"}],"predecessor-version":[{"id":18916,"href":"https:\/\/emf-consult.com\/nettbutikk\/wp-json\/wp\/v2\/pages\/26\/revisions\/18916"}],"wp:attachment":[{"href":"https:\/\/emf-consult.com\/nettbutikk\/wp-json\/wp\/v2\/media?parent=26"}],"curies":[{"name":"wp","href":"https:\/\/api.w.org\/{rel}","templated":true}]}}